{"id":1066,"date":"2014-11-17T10:21:09","date_gmt":"2014-11-17T09:21:09","guid":{"rendered":"http:\/\/evelyneguzy.be\/WordPress3\/?page_id=1066"},"modified":"2014-11-17T13:47:19","modified_gmt":"2014-11-17T12:47:19","slug":"mathilde-alet-mon-lapin-joan-condijts-lhomme-qui-ne-voulait-plus-etre-roi","status":"publish","type":"page","link":"https:\/\/evelyneguzy.be\/WordPress3\/?page_id=1066","title":{"rendered":"Mathilde Alet, Mon Lapin &#038; Joan Condijts, L\u2019Homme qui ne voulait plus \u00eatre roi"},"content":{"rendered":"<p>17\/11\/14 : L\u2019\u00e9mission d\u2019aujourd\u2019hui se penche sur deux premiers romans, tr\u00e8s diff\u00e9rents\u00a0: l\u2019\u00e9pop\u00e9e franchement burlesque de <strong><em>L\u2019Homme qui ne voulait plus \u00eatre roi<\/em><\/strong>, imagin\u00e9e par l\u2019actuel r\u00e9dacteur en chef du tr\u00e8s s\u00e9rieux quotidien \u00e9conomique et financier, <em>L\u2019\u00c9cho<\/em>, <strong>Joan Condijts\u00a0<\/strong>; il publie chez Gen\u00e8se \u00e9ditions. Et l\u2019ouvrage tr\u00e8s subtil d\u2019une jeune juriste qui travaille au Conseil sup\u00e9rieur de l\u2019audiovisuel, <strong>Mathilde Alet\u00a0<\/strong>; elle signe <strong><em>Mon Lapin<\/em><\/strong>\u00a0chez Luce Wilquin.<\/p>\n<h1><strong><img decoding=\"async\" class=\"alignleft\" title=\"alet\" src=\"http:\/\/www.wilquin.com\/wp-content\/uploads\/2014\/08\/490blog.jpg\" alt=\"\" width=\"250\" \/>Mathilde Alet, <em>Mon Lapin<\/em>, Luce Wilquin. Roman<\/strong><\/h1>\n<p>\u00ab\u00a0<strong><em>Mon Lapin\u00a0<\/em><\/strong>\u00bb, c\u2019est ainsi que Papy Louis surnommait sa petite-fille, Gabrielle. Aujourd\u2019hui, toute la famille est r\u00e9unie \u00e0 l\u2019\u00e9glise. Plus tard, on rangera proprement le mort dans le caveau familial. Peut-\u00eatre est-ce le moment de se parler, enfin\u00a0? Car la tribu de Gabrielle s\u2019est construite sur le silence entretenu autour d\u2019un douloureux tabou. Comment est morte sa grand-m\u00e8re, une femme dont chacun v\u00e9n\u00e8re cette photo o\u00f9 elle d\u00e9fie l\u2019objectif par\u00e9e en gar\u00e7onne\u00a0? Sans doute la tante Victoire, artiste plasticienne, lui ressemble-t-elle. Mais pas Olympe, la m\u00e8re, obs\u00e9d\u00e9e par les conventions. Jadis, Gabrielle a fui sous pr\u00e9texte d\u2019\u00e9tudes de droit. Aujourd\u2019hui cependant, pour rendre hommage au grand-p\u00e8re, il faut bien su\u00e7oter tous ensemble, comme par le pass\u00e9, les chocolats Pyr\u00e9n\u00e9ens que Gabrielle a toujours secr\u00e8tement d\u00e9test\u00e9s.<\/p>\n<p>Comme dans un mouvement de balancier, le roman nous balade tour \u00e0 tour des sc\u00e8nes de l\u2019enterrement \u00e0 d\u2019autres, significatives, du pass\u00e9 de Gabrielle. Dans le jardin des Plantes de son enfance, \u00c9ros et Thanatos vont s\u2019affronter, offrant \u00e0 Gabrielle une renaissance dans l\u2019\u00e9lan des corps.<\/p>\n<h1><strong><img decoding=\"async\" class=\"alignleft\" title=\"Condijts\" src=\"http:\/\/genese-edition.eu\/librairie\/38-97-large\/l-homme-qui-ne-voulait-plus-etre-roi.jpg\" alt=\"\" width=\"250\" \/>Joan Condijts, <em>L\u2019Homme qui ne voulait plus \u00eatre roi<\/em>, Gen\u00e8se \u00e9dition. Roman<\/strong><\/h1>\n<p>Le livre publi\u00e9 par Joan Condijts chez<strong> Gen\u00e8se \u00e9ditions <\/strong>est d\u2019une tout autre veine. Gen\u00e8se est une toute r\u00e9cente maison franco-belge cr\u00e9\u00e9e par Danielle Nees, qui partage son temps entre Bruxelles et Paris. Depuis 2009, elle a d\u00e9j\u00e0 emport\u00e9 quelques succ\u00e8s, et notamment, l\u2019an dernier, un prix Rossel avec <em>Monsieur Optimiste<\/em> d\u2019Alain Berenboom. Son objectif est de rompre avec la politique ethno-centr\u00e9e des maisons fran\u00e7aises, en donnant leur place \u00e0 des auteurs de la francophonie. Et il est vrai que le livre de Joan Condijts se passe bien loin des salons fran\u00e7ais\u00a0: \u00e0 la cour de Belgique\u00a0!<\/p>\n<p><strong><em>L\u2019Homme qui ne voulait plus \u00eatre<\/em><\/strong> roi nous raconte la folle \u00e9quip\u00e9e de Florimont de Belgique. Fatigu\u00e9, le souverain annonce \u00e0 la reine Clothilde qu\u2019il ne d\u00e9sire plus r\u00e9gner. De quelle l\u00e9gitimit\u00e9 pourrait-il se revendiquer en d\u00e9mocratie\u00a0? Et comment r\u00e9sister aux assauts du pseudo-roi de Flandre, Nolf de Kweter, pr\u00eat \u00e0 tout pour obtenir l\u2019ind\u00e9pendance\u00a0? Mieux vaut renoncer, finalement. Et le roi de se saisir de sa moto comme d\u2019un fier destrier, pour se r\u00e9fugier au Luxembourg\u2026 et nous offrir quelques \u00e9pisodes aussi cocasses que r\u00e9v\u00e9lateurs du fonctionnement de notre pays.<\/p>\n<p>Vous pourrez rencontrer Joan Condijts et bien d\u2019autres auteurs dont nous avons parl\u00e9 dans cette \u00e9mission \u00e0 la <strong><em>12<sup>e<\/sup> Foire du livre belge. <\/em><\/strong>Sous la houlette de Jacqueline Rousseaux, elle rassemble auteurs et \u00e9diteurs de chez nous au Centre Culturel\u00a0d&rsquo;Uccle,<em> <\/em>47 rue Rouge<em>. <\/em>Elle a lieu du 21 au 23 novembre. Vous y croiserez notamment une s\u00e9rie d\u2019auteurs dont nous avons parl\u00e9\u00a0: <em>\u00a0<\/em>Vincent Engel,\u00a0Francis Dannemark,\u00a0V\u00e9ronique Biefnot,\u00a0Isabelle Bary,\u00a0Patrick Delperdange,\u00a0Val\u00e9rie Cohen, Genevi\u00e8ve Damas,<em>\u00a0<\/em>Evelyne Wilwerth<em>, <\/em>\u00c9ric Russon et Georges Lebouc<em>. <\/em>Plus d\u2019infos sur le site du <a title=\"Foire du livre Belge\" href=\"http:\/\/www.ccu.be\/index.php?page=programinfo&amp;year=2014&amp;month=11&amp;pid=186\" target=\"_blank\">Centre culturel d\u2019Uccle<\/a>.<\/p>\n<p><strong>La semaine prochaine<\/strong>, nous parlerons d\u2019un premier roman, \u00e9galement. Celui d\u2019Hedwige Jeanmart, <em>Blan\u00e8s<\/em>, publi\u00e9 chez Gallimard.<\/p>\n<p>Ecouter la chronique :\u00a0<a href=\"http:\/\/evelyneguzy.be\/WordPress3\/wp-content\/uploads\/2014\/11\/Melting-Pot-171114.mp3\">Melting Pot 171114<\/a><\/p>\n","protected":false},"excerpt":{"rendered":"<p>17\/11\/14 : L\u2019\u00e9mission d\u2019aujourd\u2019hui se penche sur deux premiers romans, tr\u00e8s diff\u00e9rents\u00a0: l\u2019\u00e9pop\u00e9e franchement burlesque de L\u2019Homme qui ne voulait plus \u00eatre roi, imagin\u00e9e par l\u2019actuel r\u00e9dacteur en chef du tr\u00e8s s\u00e9rieux quotidien \u00e9conomique et financier, L\u2019\u00c9cho, Joan Condijts\u00a0; il &hellip; <a href=\"https:\/\/evelyneguzy.be\/WordPress3\/?page_id=1066\">Continuer la lecture <span class=\"meta-nav\">&rarr;<\/span><\/a><\/p>\n","protected":false},"author":1,"featured_media":0,"parent":796,"menu_order":27,"comment_status":"closed","ping_status":"open","template":"","meta":{"footnotes":""},"class_list":["post-1066","page","type-page","status-publish","hentry"],"_links":{"self":[{"href":"https:\/\/evelyneguzy.be\/WordPress3\/index.php?rest_route=\/wp\/v2\/pages\/1066","targetHints":{"allow":["GET"]}}],"collection":[{"href":"https:\/\/evelyneguzy.be\/WordPress3\/index.php?rest_route=\/wp\/v2\/pages"}],"about":[{"href":"https:\/\/evelyneguzy.be\/WordPress3\/index.php?rest_route=\/wp\/v2\/types\/page"}],"author":[{"embeddable":true,"href":"https:\/\/evelyneguzy.be\/WordPress3\/index.php?rest_route=\/wp\/v2\/users\/1"}],"replies":[{"embeddable":true,"href":"https:\/\/evelyneguzy.be\/WordPress3\/index.php?rest_route=%2Fwp%2Fv2%2Fcomments&post=1066"}],"version-history":[{"count":4,"href":"https:\/\/evelyneguzy.be\/WordPress3\/index.php?rest_route=\/wp\/v2\/pages\/1066\/revisions"}],"predecessor-version":[{"id":1069,"href":"https:\/\/evelyneguzy.be\/WordPress3\/index.php?rest_route=\/wp\/v2\/pages\/1066\/revisions\/1069"}],"up":[{"embeddable":true,"href":"https:\/\/evelyneguzy.be\/WordPress3\/index.php?rest_route=\/wp\/v2\/pages\/796"}],"wp:attachment":[{"href":"https:\/\/evelyneguzy.be\/WordPress3\/index.php?rest_route=%2Fwp%2Fv2%2Fmedia&parent=1066"}],"curies":[{"name":"wp","href":"https:\/\/api.w.org\/{rel}","templated":true}]}}

Mathilde Alet, Mon Lapin &#038; Joan Condijts, L’Homme qui ne voulait plus être roi

<p>17/11/14 : L’émission d’aujourd’hui se penche sur deux premiers romans, très différents : l’épopée franchement burlesque de <strong><em>L’Homme qui ne voulait plus être roi</em></strong>, imaginée par l’actuel rédacteur en chef du très sérieux quotidien économique et financier, <em>L’Écho</em>, <strong>Joan Condijts </strong>; il publie chez Genèse éditions. Et l’ouvrage très subtil d’une jeune juriste qui travaille au Conseil supérieur de l’audiovisuel, <strong>Mathilde Alet </strong>; elle signe <strong><em>Mon Lapin</em></strong> chez Luce Wilquin.</p>
<h1><strong><img decoding="async" class="alignleft" title="alet" src="http://www.wilquin.com/wp-content/uploads/2014/08/490blog.jpg" alt="" width="250" />Mathilde Alet, <em>Mon Lapin</em>, Luce Wilquin. Roman</strong></h1>
<p>« <strong><em>Mon Lapin </em></strong>», c’est ainsi que Papy Louis surnommait sa petite-fille, Gabrielle. Aujourd’hui, toute la famille est réunie à l’église. Plus tard, on rangera proprement le mort dans le caveau familial. Peut-être est-ce le moment de se parler, enfin ? Car la tribu de Gabrielle s’est construite sur le silence entretenu autour d’un douloureux tabou. Comment est morte sa grand-mère, une femme dont chacun vénère cette photo où elle défie l’objectif parée en garçonne ? Sans doute la tante Victoire, artiste plasticienne, lui ressemble-t-elle. Mais pas Olympe, la mère, obsédée par les conventions. Jadis, Gabrielle a fui sous prétexte d’études de droit. Aujourd’hui cependant, pour rendre hommage au grand-père, il faut bien suçoter tous ensemble, comme par le passé, les chocolats Pyrénéens que Gabrielle a toujours secrètement détestés.</p>
<p>Comme dans un mouvement de balancier, le roman nous balade tour à tour des scènes de l’enterrement à d’autres, significatives, du passé de Gabrielle. Dans le jardin des Plantes de son enfance, Éros et Thanatos vont s’affronter, offrant à Gabrielle une renaissance dans l’élan des corps.</p>
<h1><strong><img decoding="async" class="alignleft" title="Condijts" src="http://genese-edition.eu/librairie/38-97-large/l-homme-qui-ne-voulait-plus-etre-roi.jpg" alt="" width="250" />Joan Condijts, <em>L’Homme qui ne voulait plus être roi</em>, Genèse édition. Roman</strong></h1>
<p>Le livre publié par Joan Condijts chez<strong> Genèse éditions </strong>est d’une tout autre veine. Genèse est une toute récente maison franco-belge créée par Danielle Nees, qui partage son temps entre Bruxelles et Paris. Depuis 2009, elle a déjà emporté quelques succès, et notamment, l’an dernier, un prix Rossel avec <em>Monsieur Optimiste</em> d’Alain Berenboom. Son objectif est de rompre avec la politique ethno-centrée des maisons françaises, en donnant leur place à des auteurs de la francophonie. Et il est vrai que le livre de Joan Condijts se passe bien loin des salons français : à la cour de Belgique !</p>
<p><strong><em>L’Homme qui ne voulait plus être</em></strong> roi nous raconte la folle équipée de Florimont de Belgique. Fatigué, le souverain annonce à la reine Clothilde qu’il ne désire plus régner. De quelle légitimité pourrait-il se revendiquer en démocratie ? Et comment résister aux assauts du pseudo-roi de Flandre, Nolf de Kweter, prêt à tout pour obtenir l’indépendance ? Mieux vaut renoncer, finalement. Et le roi de se saisir de sa moto comme d’un fier destrier, pour se réfugier au Luxembourg… et nous offrir quelques épisodes aussi cocasses que révélateurs du fonctionnement de notre pays.</p>
<p>Vous pourrez rencontrer Joan Condijts et bien d’autres auteurs dont nous avons parlé dans cette émission à la <strong><em>12<sup>e</sup> Foire du livre belge. </em></strong>Sous la houlette de Jacqueline Rousseaux, elle rassemble auteurs et éditeurs de chez nous au Centre Culturel d&rsquo;Uccle,<em> </em>47 rue Rouge<em>. </em>Elle a lieu du 21 au 23 novembre. Vous y croiserez notamment une série d’auteurs dont nous avons parlé : <em> </em>Vincent Engel, Francis Dannemark, Véronique Biefnot, Isabelle Bary, Patrick Delperdange, Valérie Cohen, Geneviève Damas,<em> </em>Evelyne Wilwerth<em>, </em>Éric Russon et Georges Lebouc<em>. </em>Plus d’infos sur le site du <a title="Foire du livre Belge" href="http://www.ccu.be/index.php?page=programinfo&amp;year=2014&amp;month=11&amp;pid=186" target="_blank">Centre culturel d’Uccle</a>.</p>
<p><strong>La semaine prochaine</strong>, nous parlerons d’un premier roman, également. Celui d’Hedwige Jeanmart, <em>Blanès</em>, publié chez Gallimard.</p>
<p>Ecouter la chronique : <a href="http://evelyneguzy.be/WordPress3/wp-content/uploads/2014/11/Melting-Pot-171114.mp3">Melting Pot 171114</a></p>

<p>17/11/14 : L’émission d’aujourd’hui se penche sur deux premiers romans, très différents : l’épopée franchement burlesque de L’Homme qui ne voulait plus être roi, imaginée par l’actuel rédacteur en chef du très sérieux quotidien économique et financier, L’Écho, Joan Condijts ; il &hellip; <a href="https://evelyneguzy.be/WordPress3/?page_id=1066">Continuer la lecture <span class="meta-nav">&rarr;</span></a></p>
