{"id":1076,"date":"2014-11-24T10:09:17","date_gmt":"2014-11-24T09:09:17","guid":{"rendered":"http:\/\/evelyneguzy.be\/WordPress3\/?page_id=1076"},"modified":"2014-12-01T10:19:15","modified_gmt":"2014-12-01T09:19:15","slug":"hedwige-jeanmart-blanes","status":"publish","type":"page","link":"https:\/\/evelyneguzy.be\/WordPress3\/?page_id=1076","title":{"rendered":"Hedwige Jeanmart, Blan\u00e8s"},"content":{"rendered":"<h1><strong>24\/11\/14 : Hedwige Jeanmart, Blan\u00e8s, Gallimard. Roman<\/strong><\/h1>\n<p><strong>Hedwige Jeanmart<\/strong> est n\u00e9e \u00e0 Namur, et, comme l\u2019h\u00e9ro\u00efne de son roman, elle a longtemps travaill\u00e9 dans l\u2019humanitaire. Elle vit actuellement \u00e0 Barcelone, non loin de Blan\u00e8s, une station baln\u00e9aire de la Costa Brava moins branch\u00e9e que d\u2019autres, mais qui a un attrait majeur\u00a0: le c\u00e9l\u00e8bre \u00e9crivain chilien Roberto Bala\u00f1o, fuyant la dictature de Pinochet, y a v\u00e9cu et exerc\u00e9 la profession de gardien de camping. Hedwige Jeanmart a fait des \u00e9tudes de journalisme et de philologie slavistique. A la mani\u00e8re d\u2019Eva \u2013 son double litt\u00e9raire, semble-t-il, dans le roman \u2013, elle a toujours tenu de petits carnets. <strong><em>Blan\u00e8s<\/em><\/strong> est son premier livre, et il est publi\u00e9 dans une prestigieuse maison fran\u00e7aise\u00a0: Gallimard.<\/p>\n<p><img decoding=\"async\" class=\"alignleft\" title=\"Jeanmart\" src=\"http:\/\/ds2.ds.static.rtbf.be\/article\/image\/570xAuto\/b\/7\/f\/8cd34364a2d334e40a3862e90e2e7957-1408363591.jpg\" alt=\"\" width=\"250\" \/>Eva vit un amour absolu avec Samuel, son compagnon, un \u00e9crivain devenu r\u00e9cemment c\u00e9l\u00e8bre. Elle n\u2019aime que les auteurs russes, mais lui se passionne pour Bala\u00f1o, le romancier chilien, et parle depuis longtemps de visiter Blan\u00e8s, o\u00f9 celui-ci a s\u00e9journ\u00e9. Elle propose donc \u00e0 Samuel d\u2019y passer ensemble une journ\u00e9e. Arriv\u00e9s sur place, ils errent \u00e0 la recherche d\u2019un restaurant et finissent par tomber sur une terrasse. Tout en \u00a0trompant la longue attente des plats command\u00e9s, Samuel lit \u00e0 Eva le <em>Discours de Blan\u00e8s<\/em> r\u00e9dig\u00e9 par Bala\u00f1o. Les crevettes ne sont pas \u00e0 la hauteur des d\u00e9lices promis par l\u2019auteur chilien. Samuel est d\u00e9\u00e7u, bien s\u00fbr. D\u00e8s le retour \u00e0 Barcelone, il dispara\u00eet, sans laisser d\u2019explications.<\/p>\n<p>Comment faire son deuil alors qu\u2019il n\u2019y a pas de trace, pas de corps\u00a0? Eva s\u2019ouvre \u00e0 quelques amis, d\u00e9crivant Samuel comme mort. M\u00e9taphore ou r\u00e9alit\u00e9\u00a0? Eva m\u00eale sans cesse ces univers. Ses proches l\u2019\u00e9coutent \u00e0 peine, l\u2019encourageant \u00e0 relativiser, \u00e0 tourner la page. Qu\u2019est-ce qui prouve finalement que Samuel ne l\u2019a pas tout simplement abandonn\u00e9e\u00a0? Eva cependant n\u2019a qu\u2019une obsession\u00a0: trouver une explication. Elle la cherchera dans l\u2019univers de Bala\u00f1o et de ses fans, les bala\u00f1istes, une sorte de secte litt\u00e9raire, dont les privil\u00e9gi\u00e9s sont gardiens de camping.<\/p>\n<p>Eva passe donc plusieurs mois \u00e0 Blan\u00e8s, dans une profonde solitude, \u00e0 ressasser les \u00e9v\u00e9nements du jour de la disparition de Samuel. Et nous les ressassons avec elle, tournant en rond dans une logique interpr\u00e9tative tentant de donner sens \u00e0 des actes, des faits anodins. De Blan\u00e8s, elle n\u2019appr\u00e9cie rien, mais le lieu sert d\u2019\u00e9cho \u00e0 sa d\u00e9pression, \u00e0 ses angoisses. Elle s\u2019y compla\u00eet, n\u2019ayant pas la force de le quitter. Pourtant, avec le temps, la r\u00e9alit\u00e9 reprendra ses droits sur la fiction\u2026<\/p>\n<p>Avec <em>Blan\u00e8s<\/em>, Hedwige Jeanmart nous offre un texte introspectif , qui d\u00e9cortique par le menu les lieux et les gens qui entourent son h\u00e9ro\u00efne, donnant une vision de l\u2019int\u00e9rieur du deuil et de la d\u00e9pression. La fin, dans un beau changement de rythme, r\u00e9serve une surprise\u00a0: le lecteur, pi\u00e9g\u00e9 par sa propre logique interpr\u00e9tative, s\u2019attend \u00e0 un tout autre d\u00e9nouement.<\/p>\n<p>La semaine prochaine, je vous parlerai du nouveau livre de <strong>V\u00e9ronique Bergen,<\/strong> <strong><em>Marilyn, naissance ann\u00e9e 0<\/em><\/strong>, paru chez Al Dente. Si vous avez envie de la rencontrer avant cela, elle sera, en m\u00eame temps que Caroline De Mulder, l\u2019auteur de <em>Bye bye Elvis<\/em> \u00e9dit\u00e9 par Actes Sud, que je vous ai d\u00e9j\u00e0 pr\u00e9sent\u00e9, aux Midis litt\u00e9raires pour une rencontre intitul\u00e9e \u00ab\u00a0Les romans d\u2019Elvis et de Marilyn (splendeur et solitude des l\u00e9gendes)\u00a0\u00bb. (@ PointCulture &#8211; 27.11 | 12:30 | 145, rue royale, 1000 Bruxelles &#8211; <a title=\"Plus d'infos.\" href=\"http:\/\/www.passaporta.be\" target=\"_blank\">www.passaporta.be<\/a>.)<\/p>\n<p>Ecouter :\u00a0<a href=\"http:\/\/evelyneguzy.be\/WordPress3\/wp-content\/uploads\/2014\/01\/Melting-Pot-241114.mp3\">Melting Pot 241114<\/a><\/p>\n","protected":false},"excerpt":{"rendered":"<p>24\/11\/14 : Hedwige Jeanmart, Blan\u00e8s, Gallimard. Roman Hedwige Jeanmart est n\u00e9e \u00e0 Namur, et, comme l\u2019h\u00e9ro\u00efne de son roman, elle a longtemps travaill\u00e9 dans l\u2019humanitaire. Elle vit actuellement \u00e0 Barcelone, non loin de Blan\u00e8s, une station baln\u00e9aire de la Costa &hellip; <a href=\"https:\/\/evelyneguzy.be\/WordPress3\/?page_id=1076\">Continuer la lecture <span class=\"meta-nav\">&rarr;<\/span><\/a><\/p>\n","protected":false},"author":1,"featured_media":0,"parent":796,"menu_order":28,"comment_status":"closed","ping_status":"open","template":"","meta":{"footnotes":""},"class_list":["post-1076","page","type-page","status-publish","hentry"],"_links":{"self":[{"href":"https:\/\/evelyneguzy.be\/WordPress3\/index.php?rest_route=\/wp\/v2\/pages\/1076","targetHints":{"allow":["GET"]}}],"collection":[{"href":"https:\/\/evelyneguzy.be\/WordPress3\/index.php?rest_route=\/wp\/v2\/pages"}],"about":[{"href":"https:\/\/evelyneguzy.be\/WordPress3\/index.php?rest_route=\/wp\/v2\/types\/page"}],"author":[{"embeddable":true,"href":"https:\/\/evelyneguzy.be\/WordPress3\/index.php?rest_route=\/wp\/v2\/users\/1"}],"replies":[{"embeddable":true,"href":"https:\/\/evelyneguzy.be\/WordPress3\/index.php?rest_route=%2Fwp%2Fv2%2Fcomments&post=1076"}],"version-history":[{"count":7,"href":"https:\/\/evelyneguzy.be\/WordPress3\/index.php?rest_route=\/wp\/v2\/pages\/1076\/revisions"}],"predecessor-version":[{"id":1078,"href":"https:\/\/evelyneguzy.be\/WordPress3\/index.php?rest_route=\/wp\/v2\/pages\/1076\/revisions\/1078"}],"up":[{"embeddable":true,"href":"https:\/\/evelyneguzy.be\/WordPress3\/index.php?rest_route=\/wp\/v2\/pages\/796"}],"wp:attachment":[{"href":"https:\/\/evelyneguzy.be\/WordPress3\/index.php?rest_route=%2Fwp%2Fv2%2Fmedia&parent=1076"}],"curies":[{"name":"wp","href":"https:\/\/api.w.org\/{rel}","templated":true}]}}