{"id":1086,"date":"2014-12-01T10:13:22","date_gmt":"2014-12-01T09:13:22","guid":{"rendered":"http:\/\/evelyneguzy.be\/WordPress3\/?page_id=1086"},"modified":"2014-12-01T14:03:00","modified_gmt":"2014-12-01T13:03:00","slug":"veronique-bergen-marilyn-naissance-annee-zero","status":"publish","type":"page","link":"https:\/\/evelyneguzy.be\/WordPress3\/?page_id=1086","title":{"rendered":"V\u00e9ronique Bergen, Marilyn naissance ann\u00e9e z\u00e9ro"},"content":{"rendered":"<p>1\/12\/14 :\u00a0V\u00e9ronique Bergen est n\u00e9e \u00e0 Bruxelles. A la fois \u00e9crivain et philosophe, son \u0153uvre compte des essais, de la po\u00e9sie et des romans.<\/p>\n<h1><strong>V\u00e9ronique Bergen,\u00a0<em>Marilyn naissance ann\u00e9e z\u00e9ro<\/em>, Al dente. Biographie romanc\u00e9e<\/strong><\/h1>\n<p><strong><em><img decoding=\"async\" class=\"alignleft\" title=\"Bergen\" src=\"http:\/\/al-dante.org\/WordPress3\/wp-content\/themes\/themeAl-dante\/images\/MarilynCouv-143x210.jpg\" alt=\"\" width=\"250\" \/><\/em><\/strong><\/p>\n<p><em>Dans Marilyn naissance ann\u00e9e 0<\/em>, une biographie romanc\u00e9e, V\u00e9ronique Bergen s\u2019attaque, comme de l\u2019int\u00e9rieur, \u00e0 un monstre sacr\u00e9. Pour nous parler de Marilyn, V\u00e9ronique Bergen multiplie les points de vue\u00a0\u2013 le roman est polyphonique : les psys de l\u2019actrice ou des c\u00e9l\u00e9brit\u00e9s, comme son chien ou ses m\u00e9dicaments, prennent la parole\u00a0! Souvent, nous entendons la voix de Norma Jaene, la Marilyn des origines, celle que l\u2019actrice a d\u00fb expulser d\u2019elle-m\u00eame pour devenir la star que nous connaissons. Car Norma Jeane \u2013 c\u2019est le v\u00e9ritable nom de Marilyn \u2013 se vit comme une pouilleuse de basse ascendance, une petite fille abandonn\u00e9e \u00e0 chaque \u00e9tape de se vie. Sa grand-m\u00e8re, d\u00e9j\u00e0, a tent\u00e9 d\u2019asphyxier cette batarde d\u00e8s la naissance. Son p\u00e8re, sa m\u00e8re, puis les personnes qui s\u2019en sont tour \u00e0 tour occup\u00e9es, l\u2019ont tous laiss\u00e9 tomber. La soif de s\u00e9duire de Marilyn, les signaux hormonaux qu\u2019elle envoie \u00e0 ceux qui croisent son chemin, sonnent comme un cri, celui du naufrag\u00e9. Nul m\u00e2le, nulle cam\u00e9ra ne peut lui r\u00e9sister tant son regard, d\u00e9j\u00e0, appelle l\u2019amour physique et, sans doute, au-del\u00e0, l\u2019attention d\u2019un p\u00e8re absent qu\u2019elle ne renoncera jamais \u00e0 conqu\u00e9rir. Chaque amant s\u2019appelle <em>Daddy<\/em>.<\/p>\n<p><em>Marilyn naissance ann\u00e9e 0<\/em> nous conte l\u2019histoire d\u2019une femme qui ne parvient pas \u00e0 rassembler les diverses facettes de sa personnalit\u00e9. Schizophr\u00e8ne, nymphomane, parano\u00efaque, les diagnostics ne manquent pas pour d\u00e9crire les d\u00e9r\u00e8glements psychiques qui accablent Marilyn. Sous la plume de V\u00e9ronique Bergen, nous comprenons le lot de souffrances que recouvre le vocabulaire froid de la psychiatrie. Peut-\u00eatre cette faille rec\u00e8le-t-elle le secret de l\u2019amour port\u00e9 par le public \u00e0 Marilyn\u00a0? Sous le masque de la f\u00e9minit\u00e9 provoquante se cache une petite fille triste et en col\u00e8re, \u00e0 qui on a envie d\u2019insuffler de la force. La sexualit\u00e9 n\u2019est-elle pas, en quelque sorte, un passage d\u2019\u00e9nergie entre deux \u00eatres\u00a0? Envahie par les angoisses et les id\u00e9es noires, Marilyn y trouve refuge\u00a0; elle se comporte en v\u00e9ritable accro, comme \u00e0 la came. Pour son public, elle est une drogue aussi\u00a0: elle l\u2019am\u00e8ne \u00e0 oublier la guerre de Cor\u00e9e puis celle du Vietnam, la mis\u00e8re du quotidien et l\u2019emporte dans une onde de sensualit\u00e9 orgasmique vers un monde autrement inaccessible. Marilyn fascine, elle stimule les fantasmes de ses contemporains.<\/p>\n<p>L\u2019histoire de Marilyn est intimement li\u00e9e \u00e0 celle du grand \u00e9cran. Car Marilyn, n\u00e9e en 1926, vient au monde en m\u00eame temps que le cin\u00e9ma parlant. Curieuse co\u00efncidence, pour celle qui toute sa vie a lutt\u00e9 contre le b\u00e9gaiement. Sa pr\u00e9sence et sa voix, si particuli\u00e8res cependant, rendront des navets irr\u00e9sistibles. La Belle n\u2019est pas dupe, et attendra \u00e0 tout jamais le grand r\u00f4le de sa vie \u2013 du Tch\u00e9khov, elle aurait tant aim\u00e9\u00a0! \u2013, elle qui tente des heures durant, de se composer le visage du mythe, avant de se pr\u00e9senter \u00e0 autrui. Peut-\u00eatre la naissance d\u2019un enfant aurait-elle pu la sauver. Elle lui sera toujours refus\u00e9e. Marilyn, un \u00eatre en qu\u00eate d\u2019ascendance comme de descendance, ne trouvera jamais sa place parmi les humains. Aucun sp\u00e9cialiste de l\u2019\u00e2me ne la sortira de son impasse int\u00e9rieure.<\/p>\n<p>Avec sa prose magnifique, qui, \u00e0 l\u2019image de Marilyn, tant\u00f4t fr\u00f4le la trivialit\u00e9, tant\u00f4t se targue d\u2019\u00e9l\u00e9gance, V\u00e9ronique Bergen nous touche au plus profond, nous met en phase avec les multiples facettes de l\u2019actrice <em>sex symbol<\/em> et la laisse r\u00e9sonner en nous. La multiplication des voix qui s\u2019expriment nous permet d\u2019approcher le personnage au plus pr\u00e8s.\u00a0De mythe, Marilyn devient femme et, paradoxalement, dans un m\u00eame mouvement, le myst\u00e8re qui entoure sa vie comme sa mort, en 1962, s\u2019\u00e9paissit encore\u2026 Car c\u2019est \u00e0 nous de reconstruire le puzzle de son existence en recomposant les \u00e9l\u00e9ments d\u2019une narration qui m\u00e9lange \u00e9poques et approches. Nul \u00eatre ne livre tous ses secrets.<\/p>\n<p>La semaine prochaine, nous parlerons de <strong><em>Ma m\u00e8re, par exemple<\/em><\/strong> d\u2019<strong>Andr\u00e9-Joseph Dubois<\/strong>, une biographie romanc\u00e9e d\u2019un tout autre genre,<strong> <\/strong>parue aux \u00e9ditions Weyrich.<\/p>\n<p>Ecouter :\u00a0<a href=\"http:\/\/evelyneguzy.be\/WordPress3\/wp-content\/uploads\/2014\/01\/Melting-Pot-011214.mp3\">Melting Pot 011214<\/a><\/p>\n","protected":false},"excerpt":{"rendered":"<p>1\/12\/14 :\u00a0V\u00e9ronique Bergen est n\u00e9e \u00e0 Bruxelles. A la fois \u00e9crivain et philosophe, son \u0153uvre compte des essais, de la po\u00e9sie et des romans. V\u00e9ronique Bergen,\u00a0Marilyn naissance ann\u00e9e z\u00e9ro, Al dente. Biographie romanc\u00e9e Dans Marilyn naissance ann\u00e9e 0, une biographie &hellip; <a href=\"https:\/\/evelyneguzy.be\/WordPress3\/?page_id=1086\">Continuer la lecture <span class=\"meta-nav\">&rarr;<\/span><\/a><\/p>\n","protected":false},"author":1,"featured_media":0,"parent":796,"menu_order":29,"comment_status":"closed","ping_status":"open","template":"","meta":{"footnotes":""},"class_list":["post-1086","page","type-page","status-publish","hentry"],"_links":{"self":[{"href":"https:\/\/evelyneguzy.be\/WordPress3\/index.php?rest_route=\/wp\/v2\/pages\/1086","targetHints":{"allow":["GET"]}}],"collection":[{"href":"https:\/\/evelyneguzy.be\/WordPress3\/index.php?rest_route=\/wp\/v2\/pages"}],"about":[{"href":"https:\/\/evelyneguzy.be\/WordPress3\/index.php?rest_route=\/wp\/v2\/types\/page"}],"author":[{"embeddable":true,"href":"https:\/\/evelyneguzy.be\/WordPress3\/index.php?rest_route=\/wp\/v2\/users\/1"}],"replies":[{"embeddable":true,"href":"https:\/\/evelyneguzy.be\/WordPress3\/index.php?rest_route=%2Fwp%2Fv2%2Fcomments&post=1086"}],"version-history":[{"count":5,"href":"https:\/\/evelyneguzy.be\/WordPress3\/index.php?rest_route=\/wp\/v2\/pages\/1086\/revisions"}],"predecessor-version":[{"id":1088,"href":"https:\/\/evelyneguzy.be\/WordPress3\/index.php?rest_route=\/wp\/v2\/pages\/1086\/revisions\/1088"}],"up":[{"embeddable":true,"href":"https:\/\/evelyneguzy.be\/WordPress3\/index.php?rest_route=\/wp\/v2\/pages\/796"}],"wp:attachment":[{"href":"https:\/\/evelyneguzy.be\/WordPress3\/index.php?rest_route=%2Fwp%2Fv2%2Fmedia&parent=1086"}],"curies":[{"name":"wp","href":"https:\/\/api.w.org\/{rel}","templated":true}]}}