{"id":114,"date":"2011-11-23T19:40:02","date_gmt":"2011-11-23T18:40:02","guid":{"rendered":"http:\/\/evelyneguzy.be\/WordPress3\/?page_id=114"},"modified":"2011-12-01T10:19:17","modified_gmt":"2011-12-01T09:19:17","slug":"attentats-suicides","status":"publish","type":"page","link":"https:\/\/evelyneguzy.be\/WordPress3\/?page_id=114","title":{"rendered":"Attentats-suicides"},"content":{"rendered":"<div>\n<p style=\"text-align: left;\" align=\"center\"><strong><em><a href=\"http:\/\/evelyneguzy.be\/WordPress3\/wp-content\/uploads\/2011\/11\/cover-AS.jpg\"><img loading=\"lazy\" decoding=\"async\" class=\"alignnone size-medium wp-image-154\" title=\"Couverture d'Attentats-suicides, sous la direction d'Evelyne Guzy\" src=\"https:\/\/evelyneguzy.be\/WordPress3\/wp-content\/uploads\/2011\/11\/cover-AS-197x300.jpg\" alt=\"\" width=\"197\" height=\"300\" srcset=\"https:\/\/evelyneguzy.be\/WordPress3\/wp-content\/uploads\/2011\/11\/cover-AS-197x300.jpg 197w, https:\/\/evelyneguzy.be\/WordPress3\/wp-content\/uploads\/2011\/11\/cover-AS-675x1024.jpg 675w\" sizes=\"auto, (max-width: 197px) 100vw, 197px\" \/><\/a><\/em><\/strong><\/p>\n<p style=\"text-align: left;\" align=\"center\"><strong><em>Attentats-suicides. Le cas isra\u00e9lo-palestinien<\/em>,\u00a0sous la direction d\u2019Evelyne Guzy, pr\u00e9face de Pierre Mertens, \u00e9ditions Luc Pire, 2004. <\/strong><\/p>\n<p style=\"text-align: left;\" align=\"center\"><em>Co-auteurs\u00a0: Jo\u00eblle Melviez, Ouzia Chait, Liliane Charenzowski, Regina Cykiert, Eliane Feld, Pascale Gruber, Evelyne Guzy, Danielle Perez, Alain Reisenfeld, Dominique Salomon et Danielle Wajs.<\/em><em><\/em><\/p>\n<\/div>\n<h2>R\u00e9sum\u00e9<\/h2>\n<p>L\u2019opinion publique a \u00e9t\u00e9 profond\u00e9ment boulevers\u00e9e par le d\u00e9clenchement de la seconde intifada. Dans un m\u00eame \u00e9lan, guerre des pierres et bombes humaines furent souvent interpr\u00e9t\u00e9es comme l\u2019expression d\u2019un d\u00e9sespoir profond. Des analystes s\u2019interrog\u00e8rent sur les causes politiques des attaques organis\u00e9es par des groupes arm\u00e9s palestiniens sans se poser de questions sur leurs modes d\u2019action ou leurs cons\u00e9quences. Les attentats-suicides ont pourtant \u00e9t\u00e9 reconnus par Amnesty International, Human Rights Watch et M\u00e9decins du monde comme des crimes contre l\u2019humanit\u00e9.<\/p>\n<p>Parce qu\u2019elle repr\u00e9sentait un enjeu \u00e9thique fondamental, une analyse approfondie du ph\u00e9nom\u00e8ne s\u2019imposait. En approchant la probl\u00e9matique des attentats-suicides \u00e0 partir du cas isra\u00e9lo-palestinien, les auteurs ont voulu apporter leur contribution \u00e0 une r\u00e9flexion plus globale sur la question. Cet ouvrage aborde donc le th\u00e8me des bombes humaines palestiniennes principalement sous les angles psychosociaux et \u00e9thiques. Il a\u00a0 pour objectif d\u2019amener chacun \u00e0 mieux comprendre la nature profonde d\u2019un ph\u00e9nom\u00e8ne qui interpelle les consciences. Et d\u00e9truit des vies.<\/p>\n<p><strong><em>Attentats-suicides\u00a0<\/em>en radio et \u00e0 la t\u00e9l\u00e9vision<\/strong><\/p>\n<p>RTL-TVI (<em>Le Journal<\/em>), Bel-RTL (<em>Le Journal<\/em>), BFM (<em>Le Journal<\/em>), RTBF La Premi\u00e8re (<em>Le Journal<\/em>, interview de Pierre Mertens), RTBF La Premi\u00e8re (<em>La Pens\u00e9e et les hommes<\/em>, interview de Pierre Mertens), Radio Campus, Radio Juda\u00efca.<\/p>\n<p><a href=\"http:\/\/evelyneguzy.be\/WordPress3\/wp-content\/uploads\/2011\/11\/AttentatsIntBFM.mp3\">Interview d&rsquo;Evelyne Guzy sur BFM<\/a><\/p>\n<p><strong><em>Attentats-suicides\u00a0<\/em>dans la presse<\/strong><\/p>\n<p><em>Le Vif-l&rsquo;Express<\/em> (Jean Sloover), <em>Le Soir Magazine<\/em> (Philippe Brewaeys), <em>Le Soir<\/em> (Pierre Mertens), <em>La Revue de droit p\u00e9nal et de criminologie<\/em> (Pierre Thys), La <em>Revue internationale de droit militaire et de droit de la guerre<\/em> (Pierre Thys), <em>Les cahiers de la semaine<\/em> (Kerenn Elka\u00efm), <em>Morale la\u00efque <\/em>(C. Du Pr\u00e9),<em> Regards<\/em> (Hannah E), <em>Kadima<\/em>, <em>L&rsquo;Arch<\/em>e&#8230;<\/p>\n<p><strong>Les conf\u00e9rences\u00a0autour d&rsquo;<em>Attentats-suicides<\/em><\/strong><\/p>\n<p>Au CCLJ, \u00e0 l&rsquo;Universit\u00e9 libre de Bruxelles (\u00e0 l&rsquo;invitation de l&rsquo;UEJB, avec la participation du Librex et du CEL), \u00e0 l&rsquo;Ecole de criminologie de l&rsquo;Universit\u00e9 de Li\u00e8ge (\u00e0 l&rsquo;invitation de Pierre Thys), au Festival du cin\u00e9ma m\u00e9diterran\u00e9en, \u00e0 la Foire du livre de Bruxelles, au Th\u00e9\u00e2tre de Poche de Bruxelles (\u00e0 l&rsquo;invitation du Centre r\u00e9gional du libre examen), \u00e0 l&rsquo;H\u00f4tel de ville de Paris\u00a0(\u00e0 l&rsquo;invitation du Mouvement pour la paix et contre le terrorisme).<\/p>\n<p><strong>Les cartes blanches\u00a0publi\u00e9es<\/strong><\/p>\n<p><em>Le Soir<\/em> : \u00ab\u00a0Les fruits amers de l&rsquo;intifada\u00a0\u00bb (Evelyne Guzy et Danielle Wajs); \u00ab\u00a0Les victimes ne sont pas des assassins\u00a0\u00bb (Evelyne Guzy)<\/p>\n<p><em>La Libre<\/em> : \u00ab\u00a0Quelle vision avons-nous de cette guerre\u00a0\u00bb (Evelyne Guzy et Jo\u00eblle Melviez). Titre original : \u00ab\u00a0Au nom de la compassion\u00a0\u00bb<\/p>\n<p><strong>Le texte d&rsquo;une carte blanche : <em>Au nom de la compassion<\/em>, <\/strong><strong>Evelyne Guzy et Jo\u00eblle Melviez<\/strong><em><strong>, La Libre,<\/strong><\/em><strong> 13\/10\/2004<\/strong><\/p>\n<p><em>Reposant sur les seuls ressorts de la compassion, une vision caricaturale de la r\u00e9alit\u00e9 isra\u00e9lo-palestinienne m\u00e8ne \u00e0 une impasse \u00e9thique. <\/em><\/p>\n<p>\u00a0Lorsque les Twins towers se sont \u00e9croul\u00e9es, l\u2019Europe a v\u00e9cu un \u00e9tat de choc. Ensuite, des analystes ont d\u00e9taill\u00e9 les torts des Etats-Unis vis-\u00e0-vis du tiers-monde. Quand des bombes ont fait voler en \u00e9clats des centaines de personnes \u00e0 Madrid, l\u2019horreur s\u2019est insinu\u00e9e en nous. Puis, nombre d\u2019intellectuels ont insist\u00e9 sur la pr\u00e9sence inopportune des troupes espagnoles en Irak. Plus r\u00e9cemment, des enfants de Beslan sont morts pour une cause dont ils ignoraient sans doute tout. Nous avons vu leur sang, leurs larmes, et nous avons pleur\u00e9. Tr\u00e8s vite, les commentateurs ont soulign\u00e9 la cruaut\u00e9 de la politique russe en Tch\u00e9tch\u00e9nie. Dans ces trois cas, comme pour le conflit isra\u00e9lo-palestinien, avons-nous suffisamment essay\u00e9 de comprendre les ressorts profonds de ces actes de barbarie\u00a0?\u00a0 Ou, otages de la logique terroriste, nous sommes-nous content\u00e9s de rechercher du c\u00f4t\u00e9 des victimes l\u2019origine \u2013 voire la responsabilit\u00e9 \u2013 de la terreur\u00a0?<\/p>\n<p>\u00a0Le terrorisme islamiste contemporain est une nouvelle forme de totalitarisme. Sa m\u00e9canique repose sur la primaut\u00e9 d\u2019une vision du monde consid\u00e9r\u00e9e comme indiscutable, sur la sup\u00e9riorit\u00e9 du groupe d\u2019appartenance, au m\u00e9pris de toute existence humaine, y compris celle du kamikaze. Dans la logique terroriste, seule compte la fin, peu importent les moyens. Les auteurs d\u2019attentats-suicides sont manipul\u00e9s par de puissantes organisations. Au m\u00e9pris du respect de la vie pr\u00f4n\u00e9 par l\u2019islam, de jeunes gens sont envoy\u00e9s \u00e0 la mort en \u00e9change d\u2019une gloire posthume ou de l\u2019\u00e9tablissement hypoth\u00e9tique d\u2019un vaste \u00e9tat islamique. Ils pensent sanctifier leur combat du sang r\u00e9pandu par leurs victimes sacrifi\u00e9es, avec le plus de cruaut\u00e9 possible, sur l\u2019autel de leur id\u00e9ologie mortif\u00e8re. Et nous voil\u00e0 m\u00e9dus\u00e9s, face \u00e0 nos \u00e9crans de t\u00e9l\u00e9vision, nous demandant, quel \u00ab\u00a0d\u00e9sespoir\u00a0\u00bb peut provoquer un tel d\u00e9ferlement de violence aveugle, qui est \u00ab\u00a0le coupable\u00a0\u00bb de la haine terroriste. Nous nous prenons alors \u00e0 penser\u00a0: \u00ab\u00a0Et si c\u2019\u00e9tait sa victime\u00a0?\u00a0\u00bb<\/p>\n<p>La souffrance du peuple palestinien est indiscutable et son aspiration \u00e0 un Etat l\u00e9gitime. Par cons\u00e9quent, certains esprits en viennent \u00e0 consid\u00e9rer que l\u2019engagement terroriste est justifi\u00e9. Si on pousse ce raisonnement \u00e0 l\u2019extr\u00eame, la violence envers des civils serait la seule solution et chaque Palestinien deviendrait alors un kamikaze potentiel. C\u2019est oublier que si certaines m\u00e8res clament leur fiert\u00e9 face au \u00ab\u00a0martyre\u00a0\u00bb volontaire de leur fils, de leur fille, d\u2019autres d\u00e9noncent, \u00e0 leurs risques et p\u00e9rils, l\u2019action des organisations qui envoient \u00e0 la mort leurs enfants. Des journalistes, des intellectuels palestiniens font preuve du m\u00eame courage, osant affirmer que la cr\u00e9ation de leur futur Etat ne peut reposer sur le culte de la mort, voire sur la haine du Juif et de l\u2019Occident, pr\u00f4n\u00e9e par les islamistes les plus radicaux. Plut\u00f4t que de cautionner une barbarie sanguinaire par notre compassion, l\u2019\u00e9thique exigerait de soutenir les valeurs d\u00e9fendues par ces hommes et ces femmes.<\/p>\n<p>\u00a0En Isra\u00ebl, des adultes, des enfants, des juifs et des musulmans, meurent, indistinctement, pulv\u00e9ris\u00e9s par des bombes-humaines. Pour leurs assassins, leur vie n\u2019a de valeur que symbolique\u00a0: ils repr\u00e9sentent l\u2019ennemi honni. Otages de la terreur, leur seul tort fut de prendre l\u2019autobus, de faire leurs courses, de f\u00eater la P\u00e2que juive, d\u2019aller danser, tout simplement, au mauvais endroit, au mauvais moment. Parle-t-on de \u00ab\u00a0martyre\u00a0\u00bb \u00e0 leur propos\u00a0?\u00a0 Jamais. Ils ne font pas partie du bon camp. A force de sch\u00e9matiser l\u2019actualit\u00e9, de la regarder comme un film de fiction, certains perdent tout discernement. Ils id\u00e9alisent globalement les Palestiniens, sans distinguer les terroristes des r\u00e9sistants authentiques, qui respectent le droit de la guerre. Face \u00e0 ces victimes embl\u00e9matiques, ils s\u2019efforcent de trouver des bourreaux, absolus eux aussi. Alors, peu importe comment, il faut que le \u00ab\u00a0gentil\u00a0\u00bb gagne sur le \u00ab\u00a0m\u00e9chant\u00a0\u00bb, le \u00ab\u00a0faible\u00a0\u00bb sur le \u00ab\u00a0fort\u00a0\u00bb. Ils occultent les crimes de l\u2019un pour justifier la mort de l\u2019autre. Au c\u0153ur de cette vision caricaturale, l\u2019imaginaire prend le pas sur la r\u00e9alit\u00e9, la compassion remplace la r\u00e9flexion. Et fait perdre tout jugement moral.<\/p>\n<p>Le respect d\u2019autrui fait de nous de v\u00e9ritables \u00eatres humains. Lorsque, sous pr\u00e9texte d\u2019altruisme, l\u2019homme se permet de cautionner les crimes les plus aveugles, on peut, s\u00e9rieusement, s\u2019interroger sur sa c\u00e9cit\u00e9 morale. Voir la r\u00e9alit\u00e9 du Proche-Orient en dehors des clich\u00e9s, laisser \u00e0 chaque peuple le droit de vivre en paix et en s\u00e9curit\u00e9, c\u2019est oser affirmer, sans crainte ni complaisance\u00a0: les attentats-suicides sont des crimes contre l\u2019humanit\u00e9. Aucune cause, proche ou lointaine, ne peut les justifier.<\/p>\n","protected":false},"excerpt":{"rendered":"<p>Attentats-suicides. Le cas isra\u00e9lo-palestinien,\u00a0sous la direction d\u2019Evelyne Guzy, pr\u00e9face de Pierre Mertens, \u00e9ditions Luc Pire, 2004. Co-auteurs\u00a0: Jo\u00eblle Melviez, Ouzia Chait, Liliane Charenzowski, Regina Cykiert, Eliane Feld, Pascale Gruber, Evelyne Guzy, Danielle Perez, Alain Reisenfeld, Dominique Salomon et Danielle Wajs. &hellip; <a href=\"https:\/\/evelyneguzy.be\/WordPress3\/?page_id=114\">Continuer la lecture <span class=\"meta-nav\">&rarr;<\/span><\/a><\/p>\n","protected":false},"author":1,"featured_media":0,"parent":91,"menu_order":0,"comment_status":"closed","ping_status":"open","template":"","meta":{"footnotes":""},"class_list":["post-114","page","type-page","status-publish","hentry"],"_links":{"self":[{"href":"https:\/\/evelyneguzy.be\/WordPress3\/index.php?rest_route=\/wp\/v2\/pages\/114","targetHints":{"allow":["GET"]}}],"collection":[{"href":"https:\/\/evelyneguzy.be\/WordPress3\/index.php?rest_route=\/wp\/v2\/pages"}],"about":[{"href":"https:\/\/evelyneguzy.be\/WordPress3\/index.php?rest_route=\/wp\/v2\/types\/page"}],"author":[{"embeddable":true,"href":"https:\/\/evelyneguzy.be\/WordPress3\/index.php?rest_route=\/wp\/v2\/users\/1"}],"replies":[{"embeddable":true,"href":"https:\/\/evelyneguzy.be\/WordPress3\/index.php?rest_route=%2Fwp%2Fv2%2Fcomments&post=114"}],"version-history":[{"count":16,"href":"https:\/\/evelyneguzy.be\/WordPress3\/index.php?rest_route=\/wp\/v2\/pages\/114\/revisions"}],"predecessor-version":[{"id":415,"href":"https:\/\/evelyneguzy.be\/WordPress3\/index.php?rest_route=\/wp\/v2\/pages\/114\/revisions\/415"}],"up":[{"embeddable":true,"href":"https:\/\/evelyneguzy.be\/WordPress3\/index.php?rest_route=\/wp\/v2\/pages\/91"}],"wp:attachment":[{"href":"https:\/\/evelyneguzy.be\/WordPress3\/index.php?rest_route=%2Fwp%2Fv2%2Fmedia&parent=114"}],"curies":[{"name":"wp","href":"https:\/\/api.w.org\/{rel}","templated":true}]}}

<div>
<p style="text-align: left;" align="center"><strong><em><a href="http://evelyneguzy.be/WordPress3/wp-content/uploads/2011/11/cover-AS.jpg"><img loading="lazy" decoding="async" class="alignnone size-medium wp-image-154" title="Couverture d'Attentats-suicides, sous la direction d'Evelyne Guzy" src="https://evelyneguzy.be/WordPress3/wp-content/uploads/2011/11/cover-AS-197x300.jpg" alt="" width="197" height="300" srcset="https://evelyneguzy.be/WordPress3/wp-content/uploads/2011/11/cover-AS-197x300.jpg 197w, https://evelyneguzy.be/WordPress3/wp-content/uploads/2011/11/cover-AS-675x1024.jpg 675w" sizes="auto, (max-width: 197px) 100vw, 197px" /></a></em></strong></p>
<p style="text-align: left;" align="center"><strong><em>Attentats-suicides. Le cas israélo-palestinien</em>, sous la direction d’Evelyne Guzy, préface de Pierre Mertens, éditions Luc Pire, 2004. </strong></p>
<p style="text-align: left;" align="center"><em>Co-auteurs : Joëlle Melviez, Ouzia Chait, Liliane Charenzowski, Regina Cykiert, Eliane Feld, Pascale Gruber, Evelyne Guzy, Danielle Perez, Alain Reisenfeld, Dominique Salomon et Danielle Wajs.</em><em></em></p>
</div>
<h2>Résumé</h2>
<p>L’opinion publique a été profondément bouleversée par le déclenchement de la seconde intifada. Dans un même élan, guerre des pierres et bombes humaines furent souvent interprétées comme l’expression d’un désespoir profond. Des analystes s’interrogèrent sur les causes politiques des attaques organisées par des groupes armés palestiniens sans se poser de questions sur leurs modes d’action ou leurs conséquences. Les attentats-suicides ont pourtant été reconnus par Amnesty International, Human Rights Watch et Médecins du monde comme des crimes contre l’humanité.</p>
<p>Parce qu’elle représentait un enjeu éthique fondamental, une analyse approfondie du phénomène s’imposait. En approchant la problématique des attentats-suicides à partir du cas israélo-palestinien, les auteurs ont voulu apporter leur contribution à une réflexion plus globale sur la question. Cet ouvrage aborde donc le thème des bombes humaines palestiniennes principalement sous les angles psychosociaux et éthiques. Il a  pour objectif d’amener chacun à mieux comprendre la nature profonde d’un phénomène qui interpelle les consciences. Et détruit des vies.</p>
<p><strong><em>Attentats-suicides </em>en radio et à la télévision</strong></p>
<p>RTL-TVI (<em>Le Journal</em>), Bel-RTL (<em>Le Journal</em>), BFM (<em>Le Journal</em>), RTBF La Première (<em>Le Journal</em>, interview de Pierre Mertens), RTBF La Première (<em>La Pensée et les hommes</em>, interview de Pierre Mertens), Radio Campus, Radio Judaïca.</p>
<p><a href="http://evelyneguzy.be/WordPress3/wp-content/uploads/2011/11/AttentatsIntBFM.mp3">Interview d&rsquo;Evelyne Guzy sur BFM</a></p>
<p><strong><em>Attentats-suicides </em>dans la presse</strong></p>
<p><em>Le Vif-l&rsquo;Express</em> (Jean Sloover), <em>Le Soir Magazine</em> (Philippe Brewaeys), <em>Le Soir</em> (Pierre Mertens), <em>La Revue de droit pénal et de criminologie</em> (Pierre Thys), La <em>Revue internationale de droit militaire et de droit de la guerre</em> (Pierre Thys), <em>Les cahiers de la semaine</em> (Kerenn Elkaïm), <em>Morale laïque </em>(C. Du Pré),<em> Regards</em> (Hannah E), <em>Kadima</em>, <em>L&rsquo;Arch</em>e&#8230;</p>
<p><strong>Les conférences autour d&rsquo;<em>Attentats-suicides</em></strong></p>
<p>Au CCLJ, à l&rsquo;Université libre de Bruxelles (à l&rsquo;invitation de l&rsquo;UEJB, avec la participation du Librex et du CEL), à l&rsquo;Ecole de criminologie de l&rsquo;Université de Liège (à l&rsquo;invitation de Pierre Thys), au Festival du cinéma méditerranéen, à la Foire du livre de Bruxelles, au Théâtre de Poche de Bruxelles (à l&rsquo;invitation du Centre régional du libre examen), à l&rsquo;Hôtel de ville de Paris (à l&rsquo;invitation du Mouvement pour la paix et contre le terrorisme).</p>
<p><strong>Les cartes blanches publiées</strong></p>
<p><em>Le Soir</em> : « Les fruits amers de l&rsquo;intifada » (Evelyne Guzy et Danielle Wajs); « Les victimes ne sont pas des assassins » (Evelyne Guzy)</p>
<p><em>La Libre</em> : « Quelle vision avons-nous de cette guerre » (Evelyne Guzy et Joëlle Melviez). Titre original : « Au nom de la compassion »</p>
<p><strong>Le texte d&rsquo;une carte blanche : <em>Au nom de la compassion</em>, </strong><strong>Evelyne Guzy et Joëlle Melviez</strong><em><strong>, La Libre,</strong></em><strong> 13/10/2004</strong></p>
<p><em>Reposant sur les seuls ressorts de la compassion, une vision caricaturale de la réalité israélo-palestinienne mène à une impasse éthique. </em></p>
<p> Lorsque les Twins towers se sont écroulées, l’Europe a vécu un état de choc. Ensuite, des analystes ont détaillé les torts des Etats-Unis vis-à-vis du tiers-monde. Quand des bombes ont fait voler en éclats des centaines de personnes à Madrid, l’horreur s’est insinuée en nous. Puis, nombre d’intellectuels ont insisté sur la présence inopportune des troupes espagnoles en Irak. Plus récemment, des enfants de Beslan sont morts pour une cause dont ils ignoraient sans doute tout. Nous avons vu leur sang, leurs larmes, et nous avons pleuré. Très vite, les commentateurs ont souligné la cruauté de la politique russe en Tchétchénie. Dans ces trois cas, comme pour le conflit israélo-palestinien, avons-nous suffisamment essayé de comprendre les ressorts profonds de ces actes de barbarie ?  Ou, otages de la logique terroriste, nous sommes-nous contentés de rechercher du côté des victimes l’origine – voire la responsabilité – de la terreur ?</p>
<p> Le terrorisme islamiste contemporain est une nouvelle forme de totalitarisme. Sa mécanique repose sur la primauté d’une vision du monde considérée comme indiscutable, sur la supériorité du groupe d’appartenance, au mépris de toute existence humaine, y compris celle du kamikaze. Dans la logique terroriste, seule compte la fin, peu importent les moyens. Les auteurs d’attentats-suicides sont manipulés par de puissantes organisations. Au mépris du respect de la vie prôné par l’islam, de jeunes gens sont envoyés à la mort en échange d’une gloire posthume ou de l’établissement hypothétique d’un vaste état islamique. Ils pensent sanctifier leur combat du sang répandu par leurs victimes sacrifiées, avec le plus de cruauté possible, sur l’autel de leur idéologie mortifère. Et nous voilà médusés, face à nos écrans de télévision, nous demandant, quel « désespoir » peut provoquer un tel déferlement de violence aveugle, qui est « le coupable » de la haine terroriste. Nous nous prenons alors à penser : « Et si c’était sa victime ? »</p>
<p>La souffrance du peuple palestinien est indiscutable et son aspiration à un Etat légitime. Par conséquent, certains esprits en viennent à considérer que l’engagement terroriste est justifié. Si on pousse ce raisonnement à l’extrême, la violence envers des civils serait la seule solution et chaque Palestinien deviendrait alors un kamikaze potentiel. C’est oublier que si certaines mères clament leur fierté face au « martyre » volontaire de leur fils, de leur fille, d’autres dénoncent, à leurs risques et périls, l’action des organisations qui envoient à la mort leurs enfants. Des journalistes, des intellectuels palestiniens font preuve du même courage, osant affirmer que la création de leur futur Etat ne peut reposer sur le culte de la mort, voire sur la haine du Juif et de l’Occident, prônée par les islamistes les plus radicaux. Plutôt que de cautionner une barbarie sanguinaire par notre compassion, l’éthique exigerait de soutenir les valeurs défendues par ces hommes et ces femmes.</p>
<p> En Israël, des adultes, des enfants, des juifs et des musulmans, meurent, indistinctement, pulvérisés par des bombes-humaines. Pour leurs assassins, leur vie n’a de valeur que symbolique : ils représentent l’ennemi honni. Otages de la terreur, leur seul tort fut de prendre l’autobus, de faire leurs courses, de fêter la Pâque juive, d’aller danser, tout simplement, au mauvais endroit, au mauvais moment. Parle-t-on de « martyre » à leur propos ?  Jamais. Ils ne font pas partie du bon camp. A force de schématiser l’actualité, de la regarder comme un film de fiction, certains perdent tout discernement. Ils idéalisent globalement les Palestiniens, sans distinguer les terroristes des résistants authentiques, qui respectent le droit de la guerre. Face à ces victimes emblématiques, ils s’efforcent de trouver des bourreaux, absolus eux aussi. Alors, peu importe comment, il faut que le « gentil » gagne sur le « méchant », le « faible » sur le « fort ». Ils occultent les crimes de l’un pour justifier la mort de l’autre. Au cœur de cette vision caricaturale, l’imaginaire prend le pas sur la réalité, la compassion remplace la réflexion. Et fait perdre tout jugement moral.</p>
<p>Le respect d’autrui fait de nous de véritables êtres humains. Lorsque, sous prétexte d’altruisme, l’homme se permet de cautionner les crimes les plus aveugles, on peut, sérieusement, s’interroger sur sa cécité morale. Voir la réalité du Proche-Orient en dehors des clichés, laisser à chaque peuple le droit de vivre en paix et en sécurité, c’est oser affirmer, sans crainte ni complaisance : les attentats-suicides sont des crimes contre l’humanité. Aucune cause, proche ou lointaine, ne peut les justifier.</p>

<p>Attentats-suicides. Le cas israélo-palestinien, sous la direction d’Evelyne Guzy, préface de Pierre Mertens, éditions Luc Pire, 2004. Co-auteurs : Joëlle Melviez, Ouzia Chait, Liliane Charenzowski, Regina Cykiert, Eliane Feld, Pascale Gruber, Evelyne Guzy, Danielle Perez, Alain Reisenfeld, Dominique Salomon et Danielle Wajs. &hellip; <a href="https://evelyneguzy.be/WordPress3/?page_id=114">Continuer la lecture <span class="meta-nav">&rarr;</span></a></p>
