{"id":1304,"date":"2015-11-16T09:46:50","date_gmt":"2015-11-16T08:46:50","guid":{"rendered":"http:\/\/evelyneguzy.be\/WordPress3\/?page_id=1304"},"modified":"2015-11-16T09:54:11","modified_gmt":"2015-11-16T08:54:11","slug":"debout","status":"publish","type":"page","link":"https:\/\/evelyneguzy.be\/WordPress3\/?page_id=1304","title":{"rendered":"Debout, pour Paris"},"content":{"rendered":"<p><a href=\"http:\/\/evelyneguzy.be\/WordPress3\/wp-content\/uploads\/2015\/11\/IMG_7490.jpg\"><img loading=\"lazy\" decoding=\"async\" class=\"  wp-image-1300 alignleft\" src=\"https:\/\/evelyneguzy.be\/WordPress3\/wp-content\/uploads\/2015\/11\/IMG_7490.jpg\" alt=\"Attentats de Paris\" width=\"221\" height=\"221\" srcset=\"https:\/\/evelyneguzy.be\/WordPress3\/wp-content\/uploads\/2015\/11\/IMG_7490.jpg 600w, https:\/\/evelyneguzy.be\/WordPress3\/wp-content\/uploads\/2015\/11\/IMG_7490-150x150.jpg 150w, https:\/\/evelyneguzy.be\/WordPress3\/wp-content\/uploads\/2015\/11\/IMG_7490-300x300.jpg 300w\" sizes=\"auto, (max-width: 221px) 100vw, 221px\" \/><\/a>Vivre debout, les yeux ouverts.<br \/>\n\u00c9pouser la nuance, accepter l\u2019ambigu\u00eft\u00e9, sans tomber dans la confusion.<br \/>\nSortir du carcan paralysant du d\u00e9ni et affronter, lucidement, la r\u00e9alit\u00e9.<br \/>\nPleurer oui, mais sur les morts et non sur nous-m\u00eames.<br \/>\nRefuser d\u2019\u00eatre les prochains. Agir en citoyens.<\/p>\n<p>13 novembre 2015<\/p>\n","protected":false},"excerpt":{"rendered":"<p>Vivre debout, les yeux ouverts. \u00c9pouser la nuance, accepter l\u2019ambigu\u00eft\u00e9, sans tomber dans la confusion. Sortir du carcan paralysant du d\u00e9ni et affronter, lucidement, la r\u00e9alit\u00e9. Pleurer oui, mais sur les morts et non sur nous-m\u00eames. Refuser d\u2019\u00eatre les prochains. &hellip; <a href=\"https:\/\/evelyneguzy.be\/WordPress3\/?page_id=1304\">Continuer la lecture <span class=\"meta-nav\">&rarr;<\/span><\/a><\/p>\n","protected":false},"author":1,"featured_media":0,"parent":1124,"menu_order":1,"comment_status":"closed","ping_status":"open","template":"","meta":{"footnotes":""},"class_list":["post-1304","page","type-page","status-publish","hentry"],"_links":{"self":[{"href":"https:\/\/evelyneguzy.be\/WordPress3\/index.php?rest_route=\/wp\/v2\/pages\/1304","targetHints":{"allow":["GET"]}}],"collection":[{"href":"https:\/\/evelyneguzy.be\/WordPress3\/index.php?rest_route=\/wp\/v2\/pages"}],"about":[{"href":"https:\/\/evelyneguzy.be\/WordPress3\/index.php?rest_route=\/wp\/v2\/types\/page"}],"author":[{"embeddable":true,"href":"https:\/\/evelyneguzy.be\/WordPress3\/index.php?rest_route=\/wp\/v2\/users\/1"}],"replies":[{"embeddable":true,"href":"https:\/\/evelyneguzy.be\/WordPress3\/index.php?rest_route=%2Fwp%2Fv2%2Fcomments&post=1304"}],"version-history":[{"count":2,"href":"https:\/\/evelyneguzy.be\/WordPress3\/index.php?rest_route=\/wp\/v2\/pages\/1304\/revisions"}],"predecessor-version":[{"id":1306,"href":"https:\/\/evelyneguzy.be\/WordPress3\/index.php?rest_route=\/wp\/v2\/pages\/1304\/revisions\/1306"}],"up":[{"embeddable":true,"href":"https:\/\/evelyneguzy.be\/WordPress3\/index.php?rest_route=\/wp\/v2\/pages\/1124"}],"wp:attachment":[{"href":"https:\/\/evelyneguzy.be\/WordPress3\/index.php?rest_route=%2Fwp%2Fv2%2Fmedia&parent=1304"}],"curies":[{"name":"wp","href":"https:\/\/api.w.org\/{rel}","templated":true}]}}