{"id":1771,"date":"2022-12-10T18:52:57","date_gmt":"2022-12-10T17:52:57","guid":{"rendered":"https:\/\/evelyneguzy.be\/WordPress3\/?page_id=1771"},"modified":"2023-09-14T22:27:20","modified_gmt":"2023-09-14T20:27:20","slug":"recueil-festival-volume-4","status":"publish","type":"page","link":"https:\/\/evelyneguzy.be\/WordPress3\/?page_id=1771","title":{"rendered":"Recueil &#8211; Festival (Volume 4)"},"content":{"rendered":"\n<figure class=\"wp-block-image size-large is-style-default\"><a href=\"https:\/\/evelyneguzy.be\/WordPress3\/wp-content\/uploads\/2022\/12\/IMG_0116-scaled.jpeg\"><img loading=\"lazy\" decoding=\"async\" width=\"1024\" height=\"848\" src=\"https:\/\/evelyneguzy.be\/WordPress3\/wp-content\/uploads\/2022\/12\/IMG_0116-1024x848.jpeg\" alt=\"\" class=\"wp-image-1772\" srcset=\"https:\/\/evelyneguzy.be\/WordPress3\/wp-content\/uploads\/2022\/12\/IMG_0116-1024x848.jpeg 1024w, https:\/\/evelyneguzy.be\/WordPress3\/wp-content\/uploads\/2022\/12\/IMG_0116-300x248.jpeg 300w, https:\/\/evelyneguzy.be\/WordPress3\/wp-content\/uploads\/2022\/12\/IMG_0116-768x636.jpeg 768w, https:\/\/evelyneguzy.be\/WordPress3\/wp-content\/uploads\/2022\/12\/IMG_0116-1536x1272.jpeg 1536w, https:\/\/evelyneguzy.be\/WordPress3\/wp-content\/uploads\/2022\/12\/IMG_0116-2048x1696.jpeg 2048w, https:\/\/evelyneguzy.be\/WordPress3\/wp-content\/uploads\/2022\/12\/IMG_0116-362x300.jpeg 362w\" sizes=\"auto, (max-width: 1024px) 100vw, 1024px\" \/><\/a><\/figure>\n\n\n\n<h2 class=\"wp-block-heading\"><em>\u00ab\u00a0Je ne suis pas le Petit Prince\u00a0\u00bb, \u00e9ditions Les Oiseaux de nuit, Th\u00e9\u00e2tre, 2022<\/em><\/h2>\n\n\n\n<p>Recueil &#8211; Festival (Volume 4) , avec les contributions de Anne Sylvain, Evelyne Guzy, David Dumont, Marina Yerl\u00e8s et D\u00e9borah Danblon.<\/p>\n\n\n\n<h2 class=\"wp-block-heading\">Le d\u00e9but de \u00ab\u00a0Je ne suis pas le Petit Prince\u00a0\u00bb<\/h2>\n\n\n\n<p>La salle de classe est propre et bien rang\u00e9e, ici.&nbsp;<\/p>\n\n\n\n<p>Chez moi, nous allions \u00e0 l\u2019\u00e9cole dans un container am\u00e9nag\u00e9, tous les \u00e2ges m\u00e9lang\u00e9s. La ma\u00eetresse portait un boubou couleur soleil et ses cheveux aux mille tresses illuminaient la le\u00e7on de calcul mental.&nbsp;<\/p>\n\n\n\n<p>Parfois, je r\u00eavais dans mon coin, en paix, si loin du quotidien, j\u2019oubliais la faim. Mais, le plus souvent, la soif de savoir me tirait de ma torpeur, surtout lors du cours de g\u00e9ographie. Sur la grande carte affich\u00e9e tant bien que mal aux parois de m\u00e9tal, je m\u2019imaginais, tout petit, et ce vaste monde autour de moi, quelles promesses m\u2019offrait-il&nbsp;?<\/p>\n\n\n\n<p>Je ne suis pas le Petit Prince, mais, comme lui, je viens d\u2019Ailleurs.<\/p>\n\n\n\n<p>\u00ab&nbsp;De quelle plan\u00e8te es-tu, m\u2019aurait-il demand\u00e9&nbsp;?<\/p>\n\n\n\n<p>&#8211; Je viens de la plan\u00e8te Lumi\u00e8re. L\u00e0 o\u00f9 le soleil me caresse toute la journ\u00e9e. L\u00e0 o\u00f9 la terre, s\u00e8che et craquel\u00e9e, me refuse ses fruits. L\u00e0 o\u00f9 la guerre \u00e9chauffe les esprits et tue les corps. Je viens de cette plan\u00e8te ch\u00e9rie, mais j\u2019ai d\u00fb la quitter. Et maintenant je suis ici.&nbsp;\u00bb<\/p>\n\n\n\n<p>Ici, en classe, avec toi, Ma\u00eetresse, qui raconte l\u2019histoire de ce petit blanc boucl\u00e9. Il ne me ressemble pas, c\u2019est s\u00fbr. Sauf qu\u2019il aime le d\u00e9sert d\u2019Afrique, comme moi. Sauf que, comme moi, il fr\u00e9quente les serpents et cherche la v\u00e9rit\u00e9 dans les \u00e9toiles. Le Petit Prince, ce n\u2019est pas moi, mais il me parle pourtant, \u00e0 travers toi. D\u2019un monde de voyage et de tristesse. Celui de ma \u00ab&nbsp;petite vie m\u00e9lancolique&nbsp;\u00bb. D\u2019un univers de nostalgie. Celui du manque que je ressens lorsque je pense \u00e0 Maman et au pays de Lumi\u00e8re.&nbsp;<\/p>\n\n\n\n<h1 class=\"wp-block-heading\">Texte \u00e9galement paru dans <strong><em>Hommage au Petit Prince, 80 ans<\/em>, <em>80 talents,<\/em><\/strong> Les Editions Rencontre des auteurs francophones, 2023.<\/h1>\n\n\n\n<figure class=\"wp-block-image size-large is-style-default\"><a href=\"https:\/\/evelyneguzy.be\/WordPress3\/wp-content\/uploads\/2023\/09\/110d30_77e548f71196427bbf4092e6cffb7c9emv2.jpg.webp\"><img loading=\"lazy\" decoding=\"async\" width=\"787\" height=\"1024\" src=\"https:\/\/evelyneguzy.be\/WordPress3\/wp-content\/uploads\/2023\/09\/110d30_77e548f71196427bbf4092e6cffb7c9emv2.jpg-787x1024.webp\" alt=\"\" class=\"wp-image-1851\" srcset=\"https:\/\/evelyneguzy.be\/WordPress3\/wp-content\/uploads\/2023\/09\/110d30_77e548f71196427bbf4092e6cffb7c9emv2.jpg-787x1024.webp 787w, https:\/\/evelyneguzy.be\/WordPress3\/wp-content\/uploads\/2023\/09\/110d30_77e548f71196427bbf4092e6cffb7c9emv2.jpg-230x300.webp 230w, https:\/\/evelyneguzy.be\/WordPress3\/wp-content\/uploads\/2023\/09\/110d30_77e548f71196427bbf4092e6cffb7c9emv2.jpg-768x1000.webp 768w, https:\/\/evelyneguzy.be\/WordPress3\/wp-content\/uploads\/2023\/09\/110d30_77e548f71196427bbf4092e6cffb7c9emv2.jpg.webp 988w\" sizes=\"auto, (max-width: 787px) 100vw, 787px\" \/><\/a><\/figure>\n","protected":false},"excerpt":{"rendered":"<p>\u00ab\u00a0Je ne suis pas le Petit Prince\u00a0\u00bb, \u00e9ditions Les Oiseaux de nuit, Th\u00e9\u00e2tre, 2022 Recueil &#8211; Festival (Volume 4) , avec les contributions de Anne Sylvain, Evelyne Guzy, David Dumont, Marina Yerl\u00e8s et D\u00e9borah Danblon. Le d\u00e9but de \u00ab\u00a0Je ne &hellip; <a href=\"https:\/\/evelyneguzy.be\/WordPress3\/?page_id=1771\">Continuer la lecture <span class=\"meta-nav\">&rarr;<\/span><\/a><\/p>\n","protected":false},"author":1,"featured_media":0,"parent":175,"menu_order":8,"comment_status":"closed","ping_status":"closed","template":"","meta":{"footnotes":""},"class_list":["post-1771","page","type-page","status-publish","hentry"],"_links":{"self":[{"href":"https:\/\/evelyneguzy.be\/WordPress3\/index.php?rest_route=\/wp\/v2\/pages\/1771","targetHints":{"allow":["GET"]}}],"collection":[{"href":"https:\/\/evelyneguzy.be\/WordPress3\/index.php?rest_route=\/wp\/v2\/pages"}],"about":[{"href":"https:\/\/evelyneguzy.be\/WordPress3\/index.php?rest_route=\/wp\/v2\/types\/page"}],"author":[{"embeddable":true,"href":"https:\/\/evelyneguzy.be\/WordPress3\/index.php?rest_route=\/wp\/v2\/users\/1"}],"replies":[{"embeddable":true,"href":"https:\/\/evelyneguzy.be\/WordPress3\/index.php?rest_route=%2Fwp%2Fv2%2Fcomments&post=1771"}],"version-history":[{"count":5,"href":"https:\/\/evelyneguzy.be\/WordPress3\/index.php?rest_route=\/wp\/v2\/pages\/1771\/revisions"}],"predecessor-version":[{"id":1865,"href":"https:\/\/evelyneguzy.be\/WordPress3\/index.php?rest_route=\/wp\/v2\/pages\/1771\/revisions\/1865"}],"up":[{"embeddable":true,"href":"https:\/\/evelyneguzy.be\/WordPress3\/index.php?rest_route=\/wp\/v2\/pages\/175"}],"wp:attachment":[{"href":"https:\/\/evelyneguzy.be\/WordPress3\/index.php?rest_route=%2Fwp%2Fv2%2Fmedia&parent=1771"}],"curies":[{"name":"wp","href":"https:\/\/api.w.org\/{rel}","templated":true}]}}

<figure class="wp-block-image size-large is-style-default"><a href="https://evelyneguzy.be/WordPress3/wp-content/uploads/2022/12/IMG_0116-scaled.jpeg"><img loading="lazy" decoding="async" width="1024" height="848" src="https://evelyneguzy.be/WordPress3/wp-content/uploads/2022/12/IMG_0116-1024x848.jpeg" alt="" class="wp-image-1772" srcset="https://evelyneguzy.be/WordPress3/wp-content/uploads/2022/12/IMG_0116-1024x848.jpeg 1024w, https://evelyneguzy.be/WordPress3/wp-content/uploads/2022/12/IMG_0116-300x248.jpeg 300w, https://evelyneguzy.be/WordPress3/wp-content/uploads/2022/12/IMG_0116-768x636.jpeg 768w, https://evelyneguzy.be/WordPress3/wp-content/uploads/2022/12/IMG_0116-1536x1272.jpeg 1536w, https://evelyneguzy.be/WordPress3/wp-content/uploads/2022/12/IMG_0116-2048x1696.jpeg 2048w, https://evelyneguzy.be/WordPress3/wp-content/uploads/2022/12/IMG_0116-362x300.jpeg 362w" sizes="auto, (max-width: 1024px) 100vw, 1024px" /></a></figure>



<h2 class="wp-block-heading"><em>« Je ne suis pas le Petit Prince », éditions Les Oiseaux de nuit, Théâtre, 2022</em></h2>



<p>Recueil &#8211; Festival (Volume 4) , avec les contributions de Anne Sylvain, Evelyne Guzy, David Dumont, Marina Yerlès et Déborah Danblon.</p>



<h2 class="wp-block-heading">Le début de « Je ne suis pas le Petit Prince »</h2>



<p>La salle de classe est propre et bien rangée, ici.&nbsp;</p>



<p>Chez moi, nous allions à l’école dans un container aménagé, tous les âges mélangés. La maîtresse portait un boubou couleur soleil et ses cheveux aux mille tresses illuminaient la leçon de calcul mental.&nbsp;</p>



<p>Parfois, je rêvais dans mon coin, en paix, si loin du quotidien, j’oubliais la faim. Mais, le plus souvent, la soif de savoir me tirait de ma torpeur, surtout lors du cours de géographie. Sur la grande carte affichée tant bien que mal aux parois de métal, je m’imaginais, tout petit, et ce vaste monde autour de moi, quelles promesses m’offrait-il&nbsp;?</p>



<p>Je ne suis pas le Petit Prince, mais, comme lui, je viens d’Ailleurs.</p>



<p>«&nbsp;De quelle planète es-tu, m’aurait-il demandé&nbsp;?</p>



<p>&#8211; Je viens de la planète Lumière. Là où le soleil me caresse toute la journée. Là où la terre, sèche et craquelée, me refuse ses fruits. Là où la guerre échauffe les esprits et tue les corps. Je viens de cette planète chérie, mais j’ai dû la quitter. Et maintenant je suis ici.&nbsp;»</p>



<p>Ici, en classe, avec toi, Maîtresse, qui raconte l’histoire de ce petit blanc bouclé. Il ne me ressemble pas, c’est sûr. Sauf qu’il aime le désert d’Afrique, comme moi. Sauf que, comme moi, il fréquente les serpents et cherche la vérité dans les étoiles. Le Petit Prince, ce n’est pas moi, mais il me parle pourtant, à travers toi. D’un monde de voyage et de tristesse. Celui de ma «&nbsp;petite vie mélancolique&nbsp;». D’un univers de nostalgie. Celui du manque que je ressens lorsque je pense à Maman et au pays de Lumière.&nbsp;</p>



<h1 class="wp-block-heading">Texte également paru dans <strong><em>Hommage au Petit Prince, 80 ans</em>, <em>80 talents,</em></strong> Les Editions Rencontre des auteurs francophones, 2023.</h1>



<figure class="wp-block-image size-large is-style-default"><a href="https://evelyneguzy.be/WordPress3/wp-content/uploads/2023/09/110d30_77e548f71196427bbf4092e6cffb7c9emv2.jpg.webp"><img loading="lazy" decoding="async" width="787" height="1024" src="https://evelyneguzy.be/WordPress3/wp-content/uploads/2023/09/110d30_77e548f71196427bbf4092e6cffb7c9emv2.jpg-787x1024.webp" alt="" class="wp-image-1851" srcset="https://evelyneguzy.be/WordPress3/wp-content/uploads/2023/09/110d30_77e548f71196427bbf4092e6cffb7c9emv2.jpg-787x1024.webp 787w, https://evelyneguzy.be/WordPress3/wp-content/uploads/2023/09/110d30_77e548f71196427bbf4092e6cffb7c9emv2.jpg-230x300.webp 230w, https://evelyneguzy.be/WordPress3/wp-content/uploads/2023/09/110d30_77e548f71196427bbf4092e6cffb7c9emv2.jpg-768x1000.webp 768w, https://evelyneguzy.be/WordPress3/wp-content/uploads/2023/09/110d30_77e548f71196427bbf4092e6cffb7c9emv2.jpg.webp 988w" sizes="auto, (max-width: 787px) 100vw, 787px" /></a></figure>

<p>« Je ne suis pas le Petit Prince », éditions Les Oiseaux de nuit, Théâtre, 2022 Recueil &#8211; Festival (Volume 4) , avec les contributions de Anne Sylvain, Evelyne Guzy, David Dumont, Marina Yerlès et Déborah Danblon. Le début de « Je ne &hellip; <a href="https://evelyneguzy.be/WordPress3/?page_id=1771">Continuer la lecture <span class="meta-nav">&rarr;</span></a></p>
