{"id":1810,"date":"2023-09-14T16:34:26","date_gmt":"2023-09-14T14:34:26","guid":{"rendered":"https:\/\/evelyneguzy.be\/WordPress3\/?page_id=1810"},"modified":"2023-09-14T16:36:38","modified_gmt":"2023-09-14T14:36:38","slug":"le-magnolia-en-pleurs","status":"publish","type":"page","link":"https:\/\/evelyneguzy.be\/WordPress3\/?page_id=1810","title":{"rendered":"Le Magnolia en pleurs"},"content":{"rendered":"\n<div class=\"wp-block-media-text is-stacked-on-mobile is-vertically-aligned-top is-style-default\"><figure class=\"wp-block-media-text__media\"><img loading=\"lazy\" decoding=\"async\" width=\"768\" height=\"1024\" src=\"https:\/\/evelyneguzy.be\/WordPress3\/wp-content\/uploads\/2023\/09\/IMG_0404-768x1024.jpeg\" alt=\"\" class=\"wp-image-1811 size-full\" srcset=\"https:\/\/evelyneguzy.be\/WordPress3\/wp-content\/uploads\/2023\/09\/IMG_0404-768x1024.jpeg 768w, https:\/\/evelyneguzy.be\/WordPress3\/wp-content\/uploads\/2023\/09\/IMG_0404-225x300.jpeg 225w, https:\/\/evelyneguzy.be\/WordPress3\/wp-content\/uploads\/2023\/09\/IMG_0404-1152x1536.jpeg 1152w, https:\/\/evelyneguzy.be\/WordPress3\/wp-content\/uploads\/2023\/09\/IMG_0404-1536x2048.jpeg 1536w, https:\/\/evelyneguzy.be\/WordPress3\/wp-content\/uploads\/2023\/09\/IMG_0404-scaled.jpeg 1920w\" sizes=\"auto, (max-width: 768px) 100vw, 768px\" \/><\/figure><div class=\"wp-block-media-text__content\">\n<p><\/p>\n<\/div><\/div>\n\n\n\n<p>Non, tu ne verras pas<\/p>\n\n\n\n<p>le magnolia en fleurs<\/p>\n\n\n\n<p>ni la pierre ni les pleurs<\/p>\n\n\n\n<p>Non, tu ne verras pas<\/p>\n\n\n\n<p>le magnolia en fleurs&nbsp;<\/p>\n\n\n\n<p>ni mes rides ni mes peurs<\/p>\n\n\n\n<p>Qu\u2019il t\u2019aurait \u00e9t\u00e9 doux<\/p>\n\n\n\n<p>de voir encore grandir<\/p>\n\n\n\n<p>nos enfants, mon amour<\/p>\n\n\n\n<p>Qu\u2019il m\u2019a \u00e9t\u00e9 pr\u00e9cieux&nbsp;<\/p>\n\n\n\n<p>pos\u00e9 sur moi, sur eux<\/p>\n\n\n\n<p>ton regard lumineux&nbsp;<\/p>\n\n\n\n<p>Non, tu ne verras pas<\/p>\n\n\n\n<p>le magnolia en pleurs<\/p>\n\n\n\n<p>ni mes peines ni mes joies<\/p>\n\n\n\n<p>Non, tu ne verras pas<\/p>\n\n\n\n<p>Tu ne parleras pas<\/p>\n\n\n\n<p>En moi, tu brilleras<\/p>\n","protected":false},"excerpt":{"rendered":"<p>Non, tu ne verras pas le magnolia en fleurs ni la pierre ni les pleurs Non, tu ne verras pas le magnolia en fleurs&nbsp; ni mes rides ni mes peurs Qu\u2019il t\u2019aurait \u00e9t\u00e9 doux de voir encore grandir nos enfants, &hellip; <a href=\"https:\/\/evelyneguzy.be\/WordPress3\/?page_id=1810\">Continuer la lecture <span class=\"meta-nav\">&rarr;<\/span><\/a><\/p>\n","protected":false},"author":1,"featured_media":0,"parent":1124,"menu_order":13,"comment_status":"closed","ping_status":"closed","template":"","meta":{"footnotes":""},"class_list":["post-1810","page","type-page","status-publish","hentry"],"_links":{"self":[{"href":"https:\/\/evelyneguzy.be\/WordPress3\/index.php?rest_route=\/wp\/v2\/pages\/1810","targetHints":{"allow":["GET"]}}],"collection":[{"href":"https:\/\/evelyneguzy.be\/WordPress3\/index.php?rest_route=\/wp\/v2\/pages"}],"about":[{"href":"https:\/\/evelyneguzy.be\/WordPress3\/index.php?rest_route=\/wp\/v2\/types\/page"}],"author":[{"embeddable":true,"href":"https:\/\/evelyneguzy.be\/WordPress3\/index.php?rest_route=\/wp\/v2\/users\/1"}],"replies":[{"embeddable":true,"href":"https:\/\/evelyneguzy.be\/WordPress3\/index.php?rest_route=%2Fwp%2Fv2%2Fcomments&post=1810"}],"version-history":[{"count":3,"href":"https:\/\/evelyneguzy.be\/WordPress3\/index.php?rest_route=\/wp\/v2\/pages\/1810\/revisions"}],"predecessor-version":[{"id":1814,"href":"https:\/\/evelyneguzy.be\/WordPress3\/index.php?rest_route=\/wp\/v2\/pages\/1810\/revisions\/1814"}],"up":[{"embeddable":true,"href":"https:\/\/evelyneguzy.be\/WordPress3\/index.php?rest_route=\/wp\/v2\/pages\/1124"}],"wp:attachment":[{"href":"https:\/\/evelyneguzy.be\/WordPress3\/index.php?rest_route=%2Fwp%2Fv2%2Fmedia&parent=1810"}],"curies":[{"name":"wp","href":"https:\/\/api.w.org\/{rel}","templated":true}]}}

<div class="wp-block-media-text is-stacked-on-mobile is-vertically-aligned-top is-style-default"><figure class="wp-block-media-text__media"><img loading="lazy" decoding="async" width="768" height="1024" src="https://evelyneguzy.be/WordPress3/wp-content/uploads/2023/09/IMG_0404-768x1024.jpeg" alt="" class="wp-image-1811 size-full" srcset="https://evelyneguzy.be/WordPress3/wp-content/uploads/2023/09/IMG_0404-768x1024.jpeg 768w, https://evelyneguzy.be/WordPress3/wp-content/uploads/2023/09/IMG_0404-225x300.jpeg 225w, https://evelyneguzy.be/WordPress3/wp-content/uploads/2023/09/IMG_0404-1152x1536.jpeg 1152w, https://evelyneguzy.be/WordPress3/wp-content/uploads/2023/09/IMG_0404-1536x2048.jpeg 1536w, https://evelyneguzy.be/WordPress3/wp-content/uploads/2023/09/IMG_0404-scaled.jpeg 1920w" sizes="auto, (max-width: 768px) 100vw, 768px" /></figure><div class="wp-block-media-text__content">
<p></p>
</div></div>



<p>Non, tu ne verras pas</p>



<p>le magnolia en fleurs</p>



<p>ni la pierre ni les pleurs</p>



<p>Non, tu ne verras pas</p>



<p>le magnolia en fleurs&nbsp;</p>



<p>ni mes rides ni mes peurs</p>



<p>Qu’il t’aurait été doux</p>



<p>de voir encore grandir</p>



<p>nos enfants, mon amour</p>



<p>Qu’il m’a été précieux&nbsp;</p>



<p>posé sur moi, sur eux</p>



<p>ton regard lumineux&nbsp;</p>



<p>Non, tu ne verras pas</p>



<p>le magnolia en pleurs</p>



<p>ni mes peines ni mes joies</p>



<p>Non, tu ne verras pas</p>



<p>Tu ne parleras pas</p>



<p>En moi, tu brilleras</p>

<p>Non, tu ne verras pas le magnolia en fleurs ni la pierre ni les pleurs Non, tu ne verras pas le magnolia en fleurs&nbsp; ni mes rides ni mes peurs Qu’il t’aurait été doux de voir encore grandir nos enfants, &hellip; <a href="https://evelyneguzy.be/WordPress3/?page_id=1810">Continuer la lecture <span class="meta-nav">&rarr;</span></a></p>
