{"id":2004,"date":"2024-06-15T18:47:54","date_gmt":"2024-06-15T16:47:54","guid":{"rendered":"https:\/\/evelyneguzy.be\/WordPress3\/?page_id=2004"},"modified":"2024-06-15T18:50:36","modified_gmt":"2024-06-15T16:50:36","slug":"discours-yom-hashoah-2024","status":"publish","type":"page","link":"https:\/\/evelyneguzy.be\/WordPress3\/?page_id=2004","title":{"rendered":"Discours Yom Hashoah 2024"},"content":{"rendered":"\n<p>Discours introductif \u00e0 la c\u00e9r\u00e9monie annuelle de comm\u00e9moration du g\u00e9nocide des Juifs au M\u00e9morial aux Martyrs juifs \u00e0 Anderlecht prononc\u00e9 par Evelyne Guzy.<\/p>\n\n\n\n<figure class=\"wp-block-image size-large is-style-default\"><a href=\"https:\/\/evelyneguzy.be\/WordPress3\/wp-content\/uploads\/2024\/06\/IMG_1945.jpg\"><img loading=\"lazy\" decoding=\"async\" width=\"1024\" height=\"1024\" src=\"https:\/\/evelyneguzy.be\/WordPress3\/wp-content\/uploads\/2024\/06\/IMG_1945-1024x1024.jpg\" alt=\"\" class=\"wp-image-2005\" srcset=\"https:\/\/evelyneguzy.be\/WordPress3\/wp-content\/uploads\/2024\/06\/IMG_1945-1024x1024.jpg 1024w, https:\/\/evelyneguzy.be\/WordPress3\/wp-content\/uploads\/2024\/06\/IMG_1945-300x300.jpg 300w, https:\/\/evelyneguzy.be\/WordPress3\/wp-content\/uploads\/2024\/06\/IMG_1945-150x150.jpg 150w, https:\/\/evelyneguzy.be\/WordPress3\/wp-content\/uploads\/2024\/06\/IMG_1945-768x768.jpg 768w, https:\/\/evelyneguzy.be\/WordPress3\/wp-content\/uploads\/2024\/06\/IMG_1945.jpg 1080w\" sizes=\"auto, (max-width: 1024px) 100vw, 1024px\" \/><\/a><\/figure>\n\n\n\n<p><\/p>\n\n\n\n<p>M. le Premier ministre,&nbsp;Vos Excellences, Mmes et M. en vos titres et qualit\u00e9s, Et vous tous, mes s\u0153urs et mes fr\u00e8res humains, car c\u2019est bien notre commune humanit\u00e9 qui nous r\u00e9unit ici, tous dans le recueillement face \u00e0 l\u2019horreur v\u00e9cue il y a 81 ans.<\/p>\n\n\n\n<p>Au nom du Comit\u00e9 de Yom Hashoah, qui f\u00e9d\u00e8re plusieurs associations juives, je vous souhaite la bienvenue \u00e0 cette comm\u00e9moration.&nbsp;<\/p>\n\n\n\n<p>Depuis hier, dimanche, \u00e0 12 h 15, et jusqu\u2019\u00e0 maintenant,&nbsp;29 874&nbsp;noms de d\u00e9port\u00e9s \u2013 partis de Malines ou de Drancy \u2013&nbsp;&nbsp;et de r\u00e9sistants assassin\u00e9s qui r\u00e9sidaient en Belgique ont \u00e9t\u00e9 lus, individuellement, et retransmis sur Radio Juda\u00efca. Tous, \u00e9taient destin\u00e9s \u00e0 la mort, parce que Juifs. Nous, enfants de survivants, repr\u00e9sentons, par notre existence m\u00eame, une victoire sur la barbarie. La vie nous a \u00e9t\u00e9 donn\u00e9e en cadeau, le d\u00e9sir de raconter l\u2019histoire des n\u00f4tres nous anime. Afin d\u2019\u00e9viter, encore et toujours le retour de la B\u00eate immonde, et de la combattre, chaque fois qu\u2019elle rena\u00eet de ses cendres. Notre mission n\u2019est pas termin\u00e9e.<\/p>\n\n\n\n<p>Nous sommes tous porteurs d\u2019histoires, de celles des n\u00f4tres que nous n\u2019avons pas connus, et chacune d\u2019elles \u00e9claire notre conscience, appelle notre vigilance. L\u2019une de ces histoires me hante depuis des ann\u00e9es. C\u2019est celle de Dora, la ni\u00e8ce de mon grand-p\u00e8re, Roger-David Katz, qui fut r\u00e9sistant pendant la Seconde Guerre mondiale.&nbsp;<\/p>\n\n\n\n<p>Cette histoire m\u2019a \u00e9t\u00e9 racont\u00e9e par ma m\u00e8re\u2009; son r\u00e9cit se limitait \u00e0 quelques phrases, qui revenaient comme un mantra&nbsp;: \u00ab\u2009Bon-papa a roul\u00e9 \u00e0 v\u00e9lo de Bruxelles \u00e0 Anvers pour pr\u00e9venir sa s\u0153ur Mala, il lui a dit de ne pas ob\u00e9ir aux Allemands, de se cacher, que c\u2019\u00e9tait dangereux pour les enfants. Quatre fois, il a fait l\u2019aller-retour.\u2009\u00bb Ils sont morts, toute la famille \u00e0 Auschwitz, sans doute gaz\u00e9s d\u00e8s leur arriv\u00e9e. La petite Dora avait alors treize ans, et son fr\u00e8re Harry deux de plus. D\u2019elle, il ne reste rien, pas m\u00eame une photo.&nbsp;<\/p>\n\n\n\n<p>J\u2019aimerais essayer de me figurer son existence paisible dans la maison d\u2019un diamantaire et de son \u00e9pouse, les repas de shabbat, la famille r\u00e9unie, le bonheur simple d\u2019une enfance nantie. Et puis la situation qui se d\u00e9grade, l\u2019arriv\u00e9e des Allemands. Graduellement, la mise en place par l\u2019occupant de mesures qui alt\u00e8rent le quotidien.<\/p>\n\n\n\n<p>Les parents chuchotent\u2009; on comprend bien que rien ne va.<\/p>\n\n\n\n<p>L\u2019isolement p\u00e8se\u2009; avec le couvre-feu, na\u00eet le sentiment d\u2019\u00eatre sans cesse \u00e9pi\u00e9, traqu\u00e9.<\/p>\n\n\n\n<p>Les biens des Juifs sont confisqu\u00e9s, la pauvret\u00e9 s\u2019installe\u2009; c\u2019est le r\u00e8gne de la d\u00e9brouille pour manger \u00e0 sa faim.<\/p>\n\n\n\n<p>La peur \u00e9tend ses tentacules, plus encore parmi les Juifs d\u2019Anvers, car ils ont v\u00e9cu un pogrom, le seul d\u2019Europe de l\u2019Ouest, mise \u00e0 part la Nuit de cristal\u2009; l\u2019ennemi est parfois le voisin.<\/p>\n\n\n\n<p>Il y a aussi cette \u00e9toile jaune, distribu\u00e9e par les autorit\u00e9s communales, et que la maman de Dora coud silencieusement sur son manteau\u2009; soyons fiers d\u2019\u00eatre Juifs, lui dit-elle.<\/p>\n\n\n\n<p>Dans la cuisine, le soir, papa et maman se questionnent&nbsp;: vont-ils, comme certains de leurs proches, recevoir des convocations pour le travail obligatoire en Allemagne\u2009? et est-ce bien de travail qu\u2019il s\u2019agit\u2009? des enfants, des vieillards sont convoqu\u00e9s aussi. Et nombre de voisins refusent de r\u00e9pondre aux injonctions de l\u2019ennemi, entrent dans la clandestinit\u00e9. Lorsqu\u2019ils prennent possession du document tant craint, les Goldstein ob\u00e9issent. M\u00eame si, face \u00e0 l\u2019insoumission des Juifs, une premi\u00e8re rafle a eu lieu \u00e0 Anvers dans la nuit du 15 au 16&nbsp;ao\u00fbt&nbsp;1942, avec la collaboration de la police communale\u2009; des cris s\u2019\u00e9levaient des maisons, certains ont re\u00e7u des coups, d\u2019autres ont \u00e9t\u00e9 humili\u00e9s devant leurs enfants, pr\u00e8s de mille Juifs ont \u00e9t\u00e9 arr\u00eat\u00e9s. Mala et Leysor ne veulent pas imposer de telles sc\u00e8nes \u00e0 Harry et Dora&nbsp;: Puisqu\u2019il faut y aller, allons-y de notre plein gr\u00e9, sans violence\u2009; le plus important n\u2019est-il pas de rester ensemble\u2009? Le 27&nbsp;ao\u00fbt&nbsp;42, exactement la veille de la deuxi\u00e8me rafle d\u2019Anvers, la famille Goldstein s\u2019inscrit, volontairement, \u00e0 la caserne Dossin.<\/p>\n\n\n\n<p>Sinistre caserne Dossin de Malines, o\u00f9 r\u00e8gne la terreur sem\u00e9e par de cruels gardiens\u2009; comment \u00e9viter les coups, sinon en rasant les murs\u2009?<\/p>\n\n\n\n<p>Dora dort \u00e0 m\u00eame le sol, la famille confin\u00e9e dans une pi\u00e8ce surpeupl\u00e9e\u2009; les \u00e9manations d\u2019urine \u2013 son urine, celle de ses voisins \u2013 se m\u00ealent \u00e0 celle d\u2019une trop rare nourriture\u2009; quand on a faim, pas de chichis.<\/p>\n\n\n\n<p>Deux jours d\u2019un purgatoire qui n\u2019est rien \u00e0 c\u00f4t\u00e9 du sort qui attend les Goldstein.&nbsp;\u00c0 Dossin, ils ont re\u00e7u les num\u00e9ros&nbsp;990, 991, 992 et 993 sur la liste du convoi&nbsp;VI. Ce train a quitt\u00e9 Malines le 29&nbsp;ao\u00fbt&nbsp;1942 et est arriv\u00e9 \u00e0 Auschwitz-Birkenau le 31&nbsp;ao\u00fbt.\u2009Ils \u00e9taient mille \u00e0 entreprendre le voyage\u2009; eux, parmi les derniers inscrits afin de respecter le quota fix\u00e9 par l\u2019industrie de l\u2019extermination\u2009; Harry et Dora, deux des 176&nbsp;enfants qui n\u2019ont pas atteint seize ans.<\/p>\n\n\n\n<p>Funeste wagon, o\u00f9 \u00e9taient entass\u00e9s Dora et les siens, \u00e0 c\u00f4t\u00e9 \u2013 pour ne pas dire sur \u2013 d\u2019autres d\u00e9port\u00e9s et de leurs maigres effets\u2009; comme des animaux dans un train de marchandises, promiscuit\u00e9, odeurs \u00e9pouvantables, sentiment d\u2019\u00eatre abandonn\u00e9e du monde entier, m\u00eame si papa et maman sont l\u00e0, Dora, tour \u00e0 tour dans leurs bras.<\/p>\n\n\n\n<p>Mala et Leysor, dans toute leur impuissance face \u00e0 l\u2019holocauste qui les attend\u2009; Harry et Dora, immol\u00e9s sur l\u2019autel d\u2019une vision d\u00e9voy\u00e9e de l\u2019identit\u00e9 allemande, qui transforma des hommes en bourreaux m\u00e9thodiques.<\/p>\n\n\n\n<p>Sur les vingt-cinq mille personnes d\u00e9port\u00e9es de Malines entre le 4&nbsp;ao\u00fbt&nbsp;42 et le 31&nbsp;juillet&nbsp;44, seules mille deux cents cinquante ont surv\u00e9cu. Dora, Harry, Mala et Leyzor ne furent pas de celles-l\u00e0.<\/p>\n\n\n\n<p>Un m\u00e9morial comme celui-ci offre une s\u00e9pulture \u00e0 Dora et aux siens, ainsi qu\u2019aux 30.000 autres victimes qui vivaient en Belgique. Que leur histoire parle \u00e0 nos \u00e2mes, ainsi qu\u2019aux prochaines g\u00e9n\u00e9rations et \u00e0 l\u2019humanit\u00e9 enti\u00e8re.&nbsp;<\/p>\n\n\n\n<p>Avant de passer la parole \u00e0 M. Fabrice Cumps, bourgmestre d\u2019Anderlecht, la commune qui abrite ce m\u00e9morial, je voudrais attirer votre attention sur les chaises vides qui ornent notre parterre. Des chaises jaunes, pour symboliser les otages encore retenus \u00e0 Gaza. Nous attendons leur retour. Et nous avons une pens\u00e9e \u00e9mue pour toutes les victimes civiles de la trag\u00e9die qui se d\u00e9roule, en ce moment, au Proche Orient.&nbsp;<\/p>\n\n\n\n<p><\/p>\n\n\n\n<p>6 mai 2024<\/p>\n\n\n\n<figure class=\"wp-block-gallery has-nested-images columns-default is-cropped wp-block-gallery-1 is-layout-flex wp-block-gallery-is-layout-flex\"><\/figure>\n\n\n\n<figure class=\"wp-block-image size-large is-style-default\"><a href=\"https:\/\/evelyneguzy.be\/WordPress3\/wp-content\/uploads\/2024\/06\/IMG_3058-1.png\"><img loading=\"lazy\" decoding=\"async\" width=\"1024\" height=\"768\" src=\"https:\/\/evelyneguzy.be\/WordPress3\/wp-content\/uploads\/2024\/06\/IMG_3058-1-1024x768.png\" alt=\"\" class=\"wp-image-2012\" srcset=\"https:\/\/evelyneguzy.be\/WordPress3\/wp-content\/uploads\/2024\/06\/IMG_3058-1-1024x768.png 1024w, https:\/\/evelyneguzy.be\/WordPress3\/wp-content\/uploads\/2024\/06\/IMG_3058-1-300x225.png 300w, https:\/\/evelyneguzy.be\/WordPress3\/wp-content\/uploads\/2024\/06\/IMG_3058-1-768x576.png 768w, https:\/\/evelyneguzy.be\/WordPress3\/wp-content\/uploads\/2024\/06\/IMG_3058-1-1536x1152.png 1536w, https:\/\/evelyneguzy.be\/WordPress3\/wp-content\/uploads\/2024\/06\/IMG_3058-1-400x300.png 400w, https:\/\/evelyneguzy.be\/WordPress3\/wp-content\/uploads\/2024\/06\/IMG_3058-1.png 2048w\" sizes=\"auto, (max-width: 1024px) 100vw, 1024px\" \/><\/a><figcaption class=\"wp-element-caption\">Avec Adolphe Nysenholc, enfant cach\u00e9.<\/figcaption><\/figure>\n\n\n\n<figure class=\"wp-block-image size-large is-style-default\"><a href=\"https:\/\/evelyneguzy.be\/WordPress3\/wp-content\/uploads\/2024\/06\/IMG_3053-1.png\"><img loading=\"lazy\" decoding=\"async\" width=\"1024\" height=\"768\" src=\"https:\/\/evelyneguzy.be\/WordPress3\/wp-content\/uploads\/2024\/06\/IMG_3053-1-1024x768.png\" alt=\"\" class=\"wp-image-2013\" srcset=\"https:\/\/evelyneguzy.be\/WordPress3\/wp-content\/uploads\/2024\/06\/IMG_3053-1-1024x768.png 1024w, https:\/\/evelyneguzy.be\/WordPress3\/wp-content\/uploads\/2024\/06\/IMG_3053-1-300x225.png 300w, https:\/\/evelyneguzy.be\/WordPress3\/wp-content\/uploads\/2024\/06\/IMG_3053-1-768x576.png 768w, https:\/\/evelyneguzy.be\/WordPress3\/wp-content\/uploads\/2024\/06\/IMG_3053-1-1536x1152.png 1536w, https:\/\/evelyneguzy.be\/WordPress3\/wp-content\/uploads\/2024\/06\/IMG_3053-1-400x300.png 400w, https:\/\/evelyneguzy.be\/WordPress3\/wp-content\/uploads\/2024\/06\/IMG_3053-1.png 2048w\" sizes=\"auto, (max-width: 1024px) 100vw, 1024px\" \/><\/a><\/figure>\n","protected":false},"excerpt":{"rendered":"<p>Discours introductif \u00e0 la c\u00e9r\u00e9monie annuelle de comm\u00e9moration du g\u00e9nocide des Juifs au M\u00e9morial aux Martyrs juifs \u00e0 Anderlecht prononc\u00e9 par Evelyne Guzy. M. le Premier ministre,&nbsp;Vos Excellences, Mmes et M. en vos titres et qualit\u00e9s, Et vous tous, mes &hellip; <a href=\"https:\/\/evelyneguzy.be\/WordPress3\/?page_id=2004\">Continuer la lecture <span class=\"meta-nav\">&rarr;<\/span><\/a><\/p>\n","protected":false},"author":1,"featured_media":0,"parent":1124,"menu_order":15,"comment_status":"closed","ping_status":"closed","template":"","meta":{"footnotes":""},"class_list":["post-2004","page","type-page","status-publish","hentry"],"_links":{"self":[{"href":"https:\/\/evelyneguzy.be\/WordPress3\/index.php?rest_route=\/wp\/v2\/pages\/2004","targetHints":{"allow":["GET"]}}],"collection":[{"href":"https:\/\/evelyneguzy.be\/WordPress3\/index.php?rest_route=\/wp\/v2\/pages"}],"about":[{"href":"https:\/\/evelyneguzy.be\/WordPress3\/index.php?rest_route=\/wp\/v2\/types\/page"}],"author":[{"embeddable":true,"href":"https:\/\/evelyneguzy.be\/WordPress3\/index.php?rest_route=\/wp\/v2\/users\/1"}],"replies":[{"embeddable":true,"href":"https:\/\/evelyneguzy.be\/WordPress3\/index.php?rest_route=%2Fwp%2Fv2%2Fcomments&post=2004"}],"version-history":[{"count":1,"href":"https:\/\/evelyneguzy.be\/WordPress3\/index.php?rest_route=\/wp\/v2\/pages\/2004\/revisions"}],"predecessor-version":[{"id":2014,"href":"https:\/\/evelyneguzy.be\/WordPress3\/index.php?rest_route=\/wp\/v2\/pages\/2004\/revisions\/2014"}],"up":[{"embeddable":true,"href":"https:\/\/evelyneguzy.be\/WordPress3\/index.php?rest_route=\/wp\/v2\/pages\/1124"}],"wp:attachment":[{"href":"https:\/\/evelyneguzy.be\/WordPress3\/index.php?rest_route=%2Fwp%2Fv2%2Fmedia&parent=2004"}],"curies":[{"name":"wp","href":"https:\/\/api.w.org\/{rel}","templated":true}]}}

<p>Discours introductif à la cérémonie annuelle de commémoration du génocide des Juifs au Mémorial aux Martyrs juifs à Anderlecht prononcé par Evelyne Guzy.</p>



<figure class="wp-block-image size-large is-style-default"><a href="https://evelyneguzy.be/WordPress3/wp-content/uploads/2024/06/IMG_1945.jpg"><img loading="lazy" decoding="async" width="1024" height="1024" src="https://evelyneguzy.be/WordPress3/wp-content/uploads/2024/06/IMG_1945-1024x1024.jpg" alt="" class="wp-image-2005" srcset="https://evelyneguzy.be/WordPress3/wp-content/uploads/2024/06/IMG_1945-1024x1024.jpg 1024w, https://evelyneguzy.be/WordPress3/wp-content/uploads/2024/06/IMG_1945-300x300.jpg 300w, https://evelyneguzy.be/WordPress3/wp-content/uploads/2024/06/IMG_1945-150x150.jpg 150w, https://evelyneguzy.be/WordPress3/wp-content/uploads/2024/06/IMG_1945-768x768.jpg 768w, https://evelyneguzy.be/WordPress3/wp-content/uploads/2024/06/IMG_1945.jpg 1080w" sizes="auto, (max-width: 1024px) 100vw, 1024px" /></a></figure>



<p></p>



<p>M. le Premier ministre,&nbsp;Vos Excellences, Mmes et M. en vos titres et qualités, Et vous tous, mes sœurs et mes frères humains, car c’est bien notre commune humanité qui nous réunit ici, tous dans le recueillement face à l’horreur vécue il y a 81 ans.</p>



<p>Au nom du Comité de Yom Hashoah, qui fédère plusieurs associations juives, je vous souhaite la bienvenue à cette commémoration.&nbsp;</p>



<p>Depuis hier, dimanche, à 12 h 15, et jusqu’à maintenant,&nbsp;29 874&nbsp;noms de déportés – partis de Malines ou de Drancy –&nbsp;&nbsp;et de résistants assassinés qui résidaient en Belgique ont été lus, individuellement, et retransmis sur Radio Judaïca. Tous, étaient destinés à la mort, parce que Juifs. Nous, enfants de survivants, représentons, par notre existence même, une victoire sur la barbarie. La vie nous a été donnée en cadeau, le désir de raconter l’histoire des nôtres nous anime. Afin d’éviter, encore et toujours le retour de la Bête immonde, et de la combattre, chaque fois qu’elle renaît de ses cendres. Notre mission n’est pas terminée.</p>



<p>Nous sommes tous porteurs d’histoires, de celles des nôtres que nous n’avons pas connus, et chacune d’elles éclaire notre conscience, appelle notre vigilance. L’une de ces histoires me hante depuis des années. C’est celle de Dora, la nièce de mon grand-père, Roger-David Katz, qui fut résistant pendant la Seconde Guerre mondiale.&nbsp;</p>



<p>Cette histoire m’a été racontée par ma mère ; son récit se limitait à quelques phrases, qui revenaient comme un mantra&nbsp;: « Bon-papa a roulé à vélo de Bruxelles à Anvers pour prévenir sa sœur Mala, il lui a dit de ne pas obéir aux Allemands, de se cacher, que c’était dangereux pour les enfants. Quatre fois, il a fait l’aller-retour. » Ils sont morts, toute la famille à Auschwitz, sans doute gazés dès leur arrivée. La petite Dora avait alors treize ans, et son frère Harry deux de plus. D’elle, il ne reste rien, pas même une photo.&nbsp;</p>



<p>J’aimerais essayer de me figurer son existence paisible dans la maison d’un diamantaire et de son épouse, les repas de shabbat, la famille réunie, le bonheur simple d’une enfance nantie. Et puis la situation qui se dégrade, l’arrivée des Allemands. Graduellement, la mise en place par l’occupant de mesures qui altèrent le quotidien.</p>



<p>Les parents chuchotent ; on comprend bien que rien ne va.</p>



<p>L’isolement pèse ; avec le couvre-feu, naît le sentiment d’être sans cesse épié, traqué.</p>



<p>Les biens des Juifs sont confisqués, la pauvreté s’installe ; c’est le règne de la débrouille pour manger à sa faim.</p>



<p>La peur étend ses tentacules, plus encore parmi les Juifs d’Anvers, car ils ont vécu un pogrom, le seul d’Europe de l’Ouest, mise à part la Nuit de cristal ; l’ennemi est parfois le voisin.</p>



<p>Il y a aussi cette étoile jaune, distribuée par les autorités communales, et que la maman de Dora coud silencieusement sur son manteau ; soyons fiers d’être Juifs, lui dit-elle.</p>



<p>Dans la cuisine, le soir, papa et maman se questionnent&nbsp;: vont-ils, comme certains de leurs proches, recevoir des convocations pour le travail obligatoire en Allemagne ? et est-ce bien de travail qu’il s’agit ? des enfants, des vieillards sont convoqués aussi. Et nombre de voisins refusent de répondre aux injonctions de l’ennemi, entrent dans la clandestinité. Lorsqu’ils prennent possession du document tant craint, les Goldstein obéissent. Même si, face à l’insoumission des Juifs, une première rafle a eu lieu à Anvers dans la nuit du 15 au 16&nbsp;août&nbsp;1942, avec la collaboration de la police communale ; des cris s’élevaient des maisons, certains ont reçu des coups, d’autres ont été humiliés devant leurs enfants, près de mille Juifs ont été arrêtés. Mala et Leysor ne veulent pas imposer de telles scènes à Harry et Dora&nbsp;: Puisqu’il faut y aller, allons-y de notre plein gré, sans violence ; le plus important n’est-il pas de rester ensemble ? Le 27&nbsp;août&nbsp;42, exactement la veille de la deuxième rafle d’Anvers, la famille Goldstein s’inscrit, volontairement, à la caserne Dossin.</p>



<p>Sinistre caserne Dossin de Malines, où règne la terreur semée par de cruels gardiens ; comment éviter les coups, sinon en rasant les murs ?</p>



<p>Dora dort à même le sol, la famille confinée dans une pièce surpeuplée ; les émanations d’urine – son urine, celle de ses voisins – se mêlent à celle d’une trop rare nourriture ; quand on a faim, pas de chichis.</p>



<p>Deux jours d’un purgatoire qui n’est rien à côté du sort qui attend les Goldstein.&nbsp;À Dossin, ils ont reçu les numéros&nbsp;990, 991, 992 et 993 sur la liste du convoi&nbsp;VI. Ce train a quitté Malines le 29&nbsp;août&nbsp;1942 et est arrivé à Auschwitz-Birkenau le 31&nbsp;août. Ils étaient mille à entreprendre le voyage ; eux, parmi les derniers inscrits afin de respecter le quota fixé par l’industrie de l’extermination ; Harry et Dora, deux des 176&nbsp;enfants qui n’ont pas atteint seize ans.</p>



<p>Funeste wagon, où étaient entassés Dora et les siens, à côté – pour ne pas dire sur – d’autres déportés et de leurs maigres effets ; comme des animaux dans un train de marchandises, promiscuité, odeurs épouvantables, sentiment d’être abandonnée du monde entier, même si papa et maman sont là, Dora, tour à tour dans leurs bras.</p>



<p>Mala et Leysor, dans toute leur impuissance face à l’holocauste qui les attend ; Harry et Dora, immolés sur l’autel d’une vision dévoyée de l’identité allemande, qui transforma des hommes en bourreaux méthodiques.</p>



<p>Sur les vingt-cinq mille personnes déportées de Malines entre le 4&nbsp;août&nbsp;42 et le 31&nbsp;juillet&nbsp;44, seules mille deux cents cinquante ont survécu. Dora, Harry, Mala et Leyzor ne furent pas de celles-là.</p>



<p>Un mémorial comme celui-ci offre une sépulture à Dora et aux siens, ainsi qu’aux 30.000 autres victimes qui vivaient en Belgique. Que leur histoire parle à nos âmes, ainsi qu’aux prochaines générations et à l’humanité entière.&nbsp;</p>



<p>Avant de passer la parole à M. Fabrice Cumps, bourgmestre d’Anderlecht, la commune qui abrite ce mémorial, je voudrais attirer votre attention sur les chaises vides qui ornent notre parterre. Des chaises jaunes, pour symboliser les otages encore retenus à Gaza. Nous attendons leur retour. Et nous avons une pensée émue pour toutes les victimes civiles de la tragédie qui se déroule, en ce moment, au Proche Orient.&nbsp;</p>



<p></p>



<p>6 mai 2024</p>



<figure class="wp-block-gallery has-nested-images columns-default is-cropped wp-block-gallery-1 is-layout-flex wp-block-gallery-is-layout-flex"></figure>



<figure class="wp-block-image size-large is-style-default"><a href="https://evelyneguzy.be/WordPress3/wp-content/uploads/2024/06/IMG_3058-1.png"><img loading="lazy" decoding="async" width="1024" height="768" src="https://evelyneguzy.be/WordPress3/wp-content/uploads/2024/06/IMG_3058-1-1024x768.png" alt="" class="wp-image-2012" srcset="https://evelyneguzy.be/WordPress3/wp-content/uploads/2024/06/IMG_3058-1-1024x768.png 1024w, https://evelyneguzy.be/WordPress3/wp-content/uploads/2024/06/IMG_3058-1-300x225.png 300w, https://evelyneguzy.be/WordPress3/wp-content/uploads/2024/06/IMG_3058-1-768x576.png 768w, https://evelyneguzy.be/WordPress3/wp-content/uploads/2024/06/IMG_3058-1-1536x1152.png 1536w, https://evelyneguzy.be/WordPress3/wp-content/uploads/2024/06/IMG_3058-1-400x300.png 400w, https://evelyneguzy.be/WordPress3/wp-content/uploads/2024/06/IMG_3058-1.png 2048w" sizes="auto, (max-width: 1024px) 100vw, 1024px" /></a><figcaption class="wp-element-caption">Avec Adolphe Nysenholc, enfant caché.</figcaption></figure>



<figure class="wp-block-image size-large is-style-default"><a href="https://evelyneguzy.be/WordPress3/wp-content/uploads/2024/06/IMG_3053-1.png"><img loading="lazy" decoding="async" width="1024" height="768" src="https://evelyneguzy.be/WordPress3/wp-content/uploads/2024/06/IMG_3053-1-1024x768.png" alt="" class="wp-image-2013" srcset="https://evelyneguzy.be/WordPress3/wp-content/uploads/2024/06/IMG_3053-1-1024x768.png 1024w, https://evelyneguzy.be/WordPress3/wp-content/uploads/2024/06/IMG_3053-1-300x225.png 300w, https://evelyneguzy.be/WordPress3/wp-content/uploads/2024/06/IMG_3053-1-768x576.png 768w, https://evelyneguzy.be/WordPress3/wp-content/uploads/2024/06/IMG_3053-1-1536x1152.png 1536w, https://evelyneguzy.be/WordPress3/wp-content/uploads/2024/06/IMG_3053-1-400x300.png 400w, https://evelyneguzy.be/WordPress3/wp-content/uploads/2024/06/IMG_3053-1.png 2048w" sizes="auto, (max-width: 1024px) 100vw, 1024px" /></a></figure>

<p>Discours introductif à la cérémonie annuelle de commémoration du génocide des Juifs au Mémorial aux Martyrs juifs à Anderlecht prononcé par Evelyne Guzy. M. le Premier ministre,&nbsp;Vos Excellences, Mmes et M. en vos titres et qualités, Et vous tous, mes &hellip; <a href="https://evelyneguzy.be/WordPress3/?page_id=2004">Continuer la lecture <span class="meta-nav">&rarr;</span></a></p>
