{"id":221,"date":"2011-11-28T13:49:54","date_gmt":"2011-11-28T12:49:54","guid":{"rendered":"http:\/\/evelyneguzy.be\/WordPress3\/?page_id=221"},"modified":"2023-09-14T21:53:37","modified_gmt":"2023-09-14T19:53:37","slug":"bruxelles-les-eaux","status":"publish","type":"page","link":"https:\/\/evelyneguzy.be\/WordPress3\/?page_id=221","title":{"rendered":"Bruxelles-les-Eaux"},"content":{"rendered":"\n<p><\/p>\n\n\n<p><a href=\"http:\/\/evelyneguzy.be\/WordPress3\/wp-content\/uploads\/2011\/11\/cover_Bxlseconte013_Guzy_2-e1322484063307.jpg\"><img loading=\"lazy\" decoding=\"async\" class=\"alignnone size-medium wp-image-222\" title=\"Couverture du bookleg d'Evelyne Guzy\" src=\"https:\/\/evelyneguzy.be\/WordPress3\/wp-content\/uploads\/2011\/11\/cover_Bxlseconte013_Guzy_2-e1322484138726-200x300.jpg\" alt=\"\" width=\"200\" height=\"300\" srcset=\"https:\/\/evelyneguzy.be\/WordPress3\/wp-content\/uploads\/2011\/11\/cover_Bxlseconte013_Guzy_2-e1322484138726-200x300.jpg 200w, https:\/\/evelyneguzy.be\/WordPress3\/wp-content\/uploads\/2011\/11\/cover_Bxlseconte013_Guzy_2-e1322484138726-685x1024.jpg 685w, https:\/\/evelyneguzy.be\/WordPress3\/wp-content\/uploads\/2011\/11\/cover_Bxlseconte013_Guzy_2-e1322484138726.jpg 964w\" sizes=\"auto, (max-width: 200px) 100vw, 200px\" \/><\/a><\/p>\n<p><strong><em>Maelstr\u00f6m R\u00e9Evolution, 2010<\/em><\/strong><\/p>\n<p>Les booklegs sont des livrets de performance po\u00e9tique, \u00e9dit\u00e9s par Maelstr\u00f6m R\u00e9Evolution. La collection\u00a0<em>Bruxelles se conte\u00a0<\/em>allie \u00e9criture et oralit\u00e9, tout en rendant hommage \u00e0 une ville, Bruxelles, par la voix de ses conteurs et auteurs qui en sont les \u00e2mes parlantes&#8230;<\/p>\n<p><strong><em>\n\n<\/em><\/strong><\/p>\n<p>Le bookleg\u00a0<em>Bruxelles-les-Eaux\u00a0<\/em>d\u2019Evelyne Guzy a fait l&rsquo;objet de lectures en public,\u00a0\u00e0 la boutique 414 Maelstr\u00f6m et chez Filigranes, en compagnie d&rsquo;autres auteurs de la collection.<\/p>\n<p><strong><em><\/em><\/strong><\/p>\n<p><strong>R\u00e9sum\u00e9<\/strong><\/p>\n<p>Une\u00a0personne ordinaire se fait peu \u00e0 peu invisible dans sa ville. Destin commun \u00e0 de nombreux hommes de la rue, parfois d\u00e9nomm\u00e9s clochards&#8230; Une fable contemporaine avec en toile de fond l&rsquo;univers reconnaissable de la ville de Bruxelles et son vaste Bois de la Cambre&#8230;<\/p>\n<p>\u00ab\u00a0<em>Un joli talent de conteuse. Un texte original, surprenant, d\u00e9routant\u2026 et joliment trouss\u00e9 !<\/em>\u00a0\u00bb (Bernard Delcord sur les sites Homelit, Lire est un plaisir,\u00a0Radio Nostalgie).<\/p>\n<p><strong>Extrait<\/strong><\/p>\n<p>Je suis n\u00e9 sous le signe du poisson. Sans doute n\u2019est-ce pas un hasard. Toute ma vie fut aquatique. Je me revendique du peuple des eaux et je ne quitte jamais de plus d\u2019un kilom\u00e8tre mon lieu de r\u00e9sidence clandestin. Depuis des d\u00e9cennies, on l\u2019appelle le Chalet Robinson. Il vient de rena\u00eetre de ses cendres. R\u00e9el ou fantomatique, je ne l\u2019ai jamais abandonn\u00e9. Pour moi, Bruxelles est une ville d\u2019eau et le lac du Bois de la Cambre le liquide amniotique qui a berc\u00e9 mon enfance. Je n\u2019ai jamais os\u00e9 m\u2019en extraire.<\/p>\n<p>Lorsqu\u2019un type comme moi vous raconte sa vie, c\u2019est toujours la m\u00eame histoire. Famille noble ou roturi\u00e8re, origines communes ou cach\u00e9es, enfance noire ou idyllique, tout commence \u00e0 la naissance. Grave erreur ! Le plus d\u00e9terminant a certainement \u00e9t\u00e9 ces neufs mois \u2013 presque dix\u00a0! \u2013 pass\u00e9s dans le ventre de ma m\u00e8re. Ah, les doux glouglous de la poche des eaux, comment aurais-je pu m\u2019en passer ensuite\u00a0? Et la paisible circulation de tous les fluides maternels\u2026 Jamais je n\u2019ai retrouv\u00e9 cette sensation de pl\u00e9nitude, m\u00eame le sexe enfonc\u00e9 au sein d\u2019une femme, le corps comme liqu\u00e9fi\u00e9 par tant d\u2019humeurs m\u00e9lang\u00e9es. Aussi grand que soit mon talent d\u2019amant, aussi vorace que soient les ma\u00eetresses qui se sont succ\u00e9d\u00e9 sur mon matelas \u00e0 eau, aucune femme ne m\u2019aurait aspir\u00e9 tout entier. Plus jamais je n\u2019ai baign\u00e9 dans la douce pl\u00e9nitude des mers maternelles. Toute ma vie cependant, je les ai cherch\u00e9es en vain. En un seul lieu, je m\u2019en suis approch\u00e9. Pr\u00e8s d\u2019un chalet perdu puis retrouv\u00e9 au c\u0153ur d\u2019un lac artificiel, certes. Mais une fois notre corps extrait de celui de notre m\u00e8re, jamais plus nous ne sommes si pr\u00e8s de la vraie nature du grand tout, o\u00f9 toi est moi, l\u2019endroit l\u2019envers, l\u2019eau le feu et le mouvement la stabilit\u00e9.<\/p>\n<p>Comme toute destin\u00e9e, la mienne \u00e9tait toute trac\u00e9e. Bien avant ma naissance, ma m\u00e8re avait d\u00e9cid\u00e9 de me surnommer \u00ab\u00a0ma crevette\u00a0\u00bb. Il est vrai que l\u2019\u00e9tat de f\u0153tus est esth\u00e9tiquement peu avantageux, surtout au d\u00e9but, et que ma cervelle \u00e0 l\u2019\u00e9poque \u00e9tait aussi performante que celle d\u2019un crustac\u00e9. Mine de rien, cependant, ce petit sobriquet m\u2019a marqu\u00e9. J\u2019ai compris que ma maman m\u2019associait \u00e0 l\u2019aqueux, au glissant, au flottant. Une nouvelle vocation \u00e9tait n\u00e9e, mais comment l\u2019exprimer lorsqu\u2019on vit en ville et qu\u2019on d\u00e9teste voyager, surtout loin de sa g\u00e9nitrice\u00a0? J\u2019ai attendu plusieurs ann\u00e9es avant de trouver l\u2019amorce d\u2019une solution.<\/p>\n<p>Dans le ventre de Maman, j\u2019\u00e9tais loin de toutes ces r\u00e9flexions. Durant dix mois j\u2019ai nag\u00e9, pirouett\u00e9, toqu\u00e9, souris, aval\u00e9\u2026 et espionn\u00e9 le monde ext\u00e9rieur. Mon p\u00e8re essayait d\u00e9sesp\u00e9r\u00e9ment de m\u2019envoyer des coups de trique pour reconqu\u00e9rir ma m\u00e8re\u2026 mais rien \u00e0 faire, \u00e0 cette \u00e9poque pour elle j\u2019\u00e9tais le premier, sinon l\u2019unique, objet de son attention. Je baignais dans le bonheur. Un mois apr\u00e8s le terme cependant, effray\u00e9 par mon ardeur \u00e0 m\u2019accrocher \u00e0 la grotte ut\u00e9rine, le gyn\u00e9cologue a d\u00e9cid\u00e9 de percer la poche des eaux. Quel d\u00e9luge\u00a0! Tout mon monde d\u00e9truit. On m\u2019a m\u00eame enlev\u00e9 de l\u2019eau des poumons, puis, pour me consoler, on m\u2019a plong\u00e9 dans un bain chaud. Trop court, trop faux. Et pour couronner le tout, le visage hilare de mon p\u00e8re, ravi de me voir lib\u00e9rer le corps de sa femme. L\u2019hypocrite, il dit qu\u2019il m\u2019a aim\u00e9 tout de suite. Moi pas.<\/p>\n\n\n<figure class=\"wp-block-image size-large is-style-default\"><a href=\"https:\/\/evelyneguzy.be\/WordPress3\/wp-content\/uploads\/2011\/11\/AfficheBsC4.jpg\"><img loading=\"lazy\" decoding=\"async\" width=\"724\" height=\"1024\" src=\"https:\/\/evelyneguzy.be\/WordPress3\/wp-content\/uploads\/2011\/11\/AfficheBsC4-724x1024.jpg\" alt=\"\" class=\"wp-image-207\" srcset=\"https:\/\/evelyneguzy.be\/WordPress3\/wp-content\/uploads\/2011\/11\/AfficheBsC4-724x1024.jpg 724w, https:\/\/evelyneguzy.be\/WordPress3\/wp-content\/uploads\/2011\/11\/AfficheBsC4-212x300.jpg 212w, https:\/\/evelyneguzy.be\/WordPress3\/wp-content\/uploads\/2011\/11\/AfficheBsC4.jpg 1755w\" sizes=\"auto, (max-width: 724px) 100vw, 724px\" \/><\/a><\/figure>\n\n\n\n<figure class=\"wp-block-image size-large is-style-default\"><a href=\"https:\/\/evelyneguzy.be\/WordPress3\/wp-content\/uploads\/2023\/09\/soiree_litteraire_a3.pdf\"><img loading=\"lazy\" decoding=\"async\" width=\"1024\" height=\"724\" src=\"https:\/\/evelyneguzy.be\/WordPress3\/wp-content\/uploads\/2023\/09\/soiree_litteraire_a3-pdf-1024x724.jpg\" alt=\"\" class=\"wp-image-1830\"\/><\/a><\/figure>\n","protected":false},"excerpt":{"rendered":"<p>Maelstr\u00f6m R\u00e9Evolution, 2010 Les booklegs sont des livrets de performance po\u00e9tique, \u00e9dit\u00e9s par Maelstr\u00f6m R\u00e9Evolution. La collection\u00a0Bruxelles se conte\u00a0allie \u00e9criture et oralit\u00e9, tout en rendant hommage \u00e0 une ville, Bruxelles, par la voix de ses conteurs et auteurs qui en &hellip; <a href=\"https:\/\/evelyneguzy.be\/WordPress3\/?page_id=221\">Continuer la lecture <span class=\"meta-nav\">&rarr;<\/span><\/a><\/p>\n","protected":false},"author":1,"featured_media":0,"parent":169,"menu_order":2,"comment_status":"closed","ping_status":"closed","template":"","meta":{"footnotes":""},"class_list":["post-221","page","type-page","status-publish","hentry"],"_links":{"self":[{"href":"https:\/\/evelyneguzy.be\/WordPress3\/index.php?rest_route=\/wp\/v2\/pages\/221","targetHints":{"allow":["GET"]}}],"collection":[{"href":"https:\/\/evelyneguzy.be\/WordPress3\/index.php?rest_route=\/wp\/v2\/pages"}],"about":[{"href":"https:\/\/evelyneguzy.be\/WordPress3\/index.php?rest_route=\/wp\/v2\/types\/page"}],"author":[{"embeddable":true,"href":"https:\/\/evelyneguzy.be\/WordPress3\/index.php?rest_route=\/wp\/v2\/users\/1"}],"replies":[{"embeddable":true,"href":"https:\/\/evelyneguzy.be\/WordPress3\/index.php?rest_route=%2Fwp%2Fv2%2Fcomments&post=221"}],"version-history":[{"count":10,"href":"https:\/\/evelyneguzy.be\/WordPress3\/index.php?rest_route=\/wp\/v2\/pages\/221\/revisions"}],"predecessor-version":[{"id":1831,"href":"https:\/\/evelyneguzy.be\/WordPress3\/index.php?rest_route=\/wp\/v2\/pages\/221\/revisions\/1831"}],"up":[{"embeddable":true,"href":"https:\/\/evelyneguzy.be\/WordPress3\/index.php?rest_route=\/wp\/v2\/pages\/169"}],"wp:attachment":[{"href":"https:\/\/evelyneguzy.be\/WordPress3\/index.php?rest_route=%2Fwp%2Fv2%2Fmedia&parent=221"}],"curies":[{"name":"wp","href":"https:\/\/api.w.org\/{rel}","templated":true}]}}