{"id":239,"date":"2011-11-28T15:20:03","date_gmt":"2011-11-28T14:20:03","guid":{"rendered":"http:\/\/evelyneguzy.be\/WordPress3\/?page_id=239"},"modified":"2020-01-31T15:19:27","modified_gmt":"2020-01-31T14:19:27","slug":"ulb-une-fiction-vivante","status":"publish","type":"page","link":"https:\/\/evelyneguzy.be\/WordPress3\/?page_id=239","title":{"rendered":"ULB une fiction vivante"},"content":{"rendered":"<p><a href=\"http:\/\/evelyneguzy.be\/WordPress3\/wp-content\/uploads\/2011\/11\/ULB.jpg\"><img loading=\"lazy\" decoding=\"async\" class=\"alignnone size-medium wp-image-289\" title=\"Evelyne Guzy dans ULB une fiction vivante\" src=\"\/WordPress3\/wp-content\/uploads\/2011\/11\/ULB-181x300.jpg\" alt=\"\" width=\"181\" height=\"300\"\/><\/a><\/p>\n<p><strong><em>\u00ab&nbsp;Lettre d\u2019une libre-exaministe au fils de l\u2019Homme&nbsp;\u00bb, Bruxelles, \u00c9ditions Erc\u00e9e, 2010<\/em><\/strong><\/p>\n<p>Dans cet ouvrage \u00e9dit\u00e9 pour les 175 ans de l&rsquo;ULB, trente-cinq&nbsp;auteurs qui l&rsquo;ont fr\u00e9quent\u00e9e offrent une part de leur imaginaire.<\/p>\n<p><em>ULB une fiction vivante<\/em>, avec des textes de G\u00e9rard Adam, Frank Andriat, Anatole Atlas, Isabelle Bary, Alain Berenboom, V\u00e9ronique Bergen, Martine Cadi\u00e8re, Michel Claise, Jacques De Decker, Andr\u00e9 Doms, Alain Eraly, Nathalie Gassel, Christopher G\u00e9rard, Thomas Gunzig, Evelyne Guzy, Corrine Hoex, Claude Javeau, Serge Kribus, Fran\u00e7oise Lalande, St\u00e9phane Lambert, Pierre Mertens, Adolphe Nysenholc, Marian Pankawski, Jean-Claude Pirotte, Anne Richter, Philippe Roberts-Jones, Marc Rombaut, Marianne Sluszny, Daniel Soil, Jacques Sojcher, Alain van Crugten, Jean-Pierre Verheggen, Pascal Vrebos, Yves Wellens, Sandrine Willems.<\/p>\n<p><strong>Le d\u00e9but de la \u00ab\u00a0Lettre d&rsquo;une libre-exaministe au fils de l&rsquo;homme\u00a0\u00bb<\/strong><\/p>\n<p>Cher J\u00e9sus,<\/p>\n<p>Tu seras sans doute \u00e9tonn\u00e9 de recevoir cette lettre d\u2019une fille de l\u2019ULB\u2026 Qu\u2019attendre en effet de ce bastion du libre-examen, d\u2019o\u00f9 tu entends claironner \u00ab&nbsp;A bas la calotte&nbsp;\u00bb depuis 175 ans&nbsp;? De ton point de vue, pas grand-chose, j\u2019en conviens. Pourtant, tu continues de hanter, comme en creux, les couloirs de ma v\u00e9n\u00e9rable Alma Mater. Tant de fid\u00e9lit\u00e9 de ta part m\u00e9ritait bien un petit hommage de la mienne\u2026 Malgr\u00e9 nos diff\u00e9rends, j\u2019ai d\u00e9cid\u00e9 de te pardonner.<\/p>\n<p>Nous avons \u00e9t\u00e9 tr\u00e8s f\u00e2ch\u00e9s toi et moi, c\u2019est vrai, et pendant longtemps. Je l\u2019avoue, j\u2019ai sans doute \u00e9t\u00e9 injuste. Le fils est-il coupable du crime du p\u00e8re&nbsp;? Et le p\u00e8re, de celui du fils&nbsp;? Alors, de quel droit t\u2019ai-je reproch\u00e9 les infamies commises en ton nom&nbsp;? Oublions l\u2019Inquisition et tout le reste&nbsp;: aujourd\u2019hui j\u2019ai d\u00e9cid\u00e9 de te parler comme \u00e0 mon fr\u00e8re en humanit\u00e9\u2026<\/p>\n<p>Car de toutes ces ann\u00e9es \u00e0 l\u2019ULB, qu\u2019ai-je gard\u00e9&nbsp;? Un certain questionnement, je crois. Une volont\u00e9 de ne jamais cl\u00f4turer le d\u00e9bat, de me poser les questions autrement. Une propension \u00e0 remettre en cause les dogmes, \u00e0 renverser les pr\u00e9jug\u00e9s. Un espoir secret de changer la face du monde. Bref, un peu de toi, finalement\u2026 Avant de te retourner une fois de plus dans ta tombe, je t\u2019invite donc \u00e0 lire ma petite bafouille. Mais, s\u2019il te plait, n\u2019en parle ni \u00e0 Marie ni \u00e0 Madeleine.<\/p>\n<p>En v\u00e9rit\u00e9 je te le dis, J\u00e9sus, nous sommes issus de la m\u00eame matrice, toi et moi&nbsp;: celle du Grand Tout. En nous, s\u2019\u00e9panouissent les germes plant\u00e9s par nos parents et nos grands-parents (d\u2019une fa\u00e7on peut-\u00eatre un peu particuli\u00e8re dans ton cas, j\u2019en conviens). Que je le veuille ou non, tu es l\u00e0, comme une parcelle de l\u2019univers enfoui en moi, malgr\u00e9 moi. Mon \u00ab&nbsp;Je&nbsp;\u00bb est un \u00ab&nbsp;Nous&nbsp;\u00bb qui te doit beaucoup. Et, comme toi, je ne peux grandir et m\u2019\u00e9lever qu\u2019en acceptant la filiation dont je suis issue.<\/p>\n","protected":false},"excerpt":{"rendered":"<p>\u00ab&nbsp;Lettre d\u2019une libre-exaministe au fils de l\u2019Homme&nbsp;\u00bb, Bruxelles, \u00c9ditions Erc\u00e9e, 2010 Dans cet ouvrage \u00e9dit\u00e9 pour les 175 ans de l&rsquo;ULB, trente-cinq&nbsp;auteurs qui l&rsquo;ont fr\u00e9quent\u00e9e offrent une part de leur imaginaire. ULB une fiction vivante, avec des textes de G\u00e9rard &hellip; <a href=\"https:\/\/evelyneguzy.be\/WordPress3\/?page_id=239\">Continuer la lecture <span class=\"meta-nav\">&rarr;<\/span><\/a><\/p>\n","protected":false},"author":1,"featured_media":0,"parent":175,"menu_order":11,"comment_status":"closed","ping_status":"open","template":"","meta":{"footnotes":""},"class_list":["post-239","page","type-page","status-publish","hentry"],"_links":{"self":[{"href":"https:\/\/evelyneguzy.be\/WordPress3\/index.php?rest_route=\/wp\/v2\/pages\/239","targetHints":{"allow":["GET"]}}],"collection":[{"href":"https:\/\/evelyneguzy.be\/WordPress3\/index.php?rest_route=\/wp\/v2\/pages"}],"about":[{"href":"https:\/\/evelyneguzy.be\/WordPress3\/index.php?rest_route=\/wp\/v2\/types\/page"}],"author":[{"embeddable":true,"href":"https:\/\/evelyneguzy.be\/WordPress3\/index.php?rest_route=\/wp\/v2\/users\/1"}],"replies":[{"embeddable":true,"href":"https:\/\/evelyneguzy.be\/WordPress3\/index.php?rest_route=%2Fwp%2Fv2%2Fcomments&post=239"}],"version-history":[{"count":12,"href":"https:\/\/evelyneguzy.be\/WordPress3\/index.php?rest_route=\/wp\/v2\/pages\/239\/revisions"}],"predecessor-version":[{"id":1388,"href":"https:\/\/evelyneguzy.be\/WordPress3\/index.php?rest_route=\/wp\/v2\/pages\/239\/revisions\/1388"}],"up":[{"embeddable":true,"href":"https:\/\/evelyneguzy.be\/WordPress3\/index.php?rest_route=\/wp\/v2\/pages\/175"}],"wp:attachment":[{"href":"https:\/\/evelyneguzy.be\/WordPress3\/index.php?rest_route=%2Fwp%2Fv2%2Fmedia&parent=239"}],"curies":[{"name":"wp","href":"https:\/\/api.w.org\/{rel}","templated":true}]}}