{"id":33,"date":"2011-11-21T17:02:39","date_gmt":"2011-11-21T16:02:39","guid":{"rendered":"http:\/\/evelyneguzy.be\/WordPress3\/?page_id=33"},"modified":"2021-02-01T15:21:23","modified_gmt":"2021-02-01T14:21:23","slug":"roman","status":"publish","type":"page","link":"https:\/\/evelyneguzy.be\/WordPress3\/?page_id=33","title":{"rendered":"Romans"},"content":{"rendered":"<p><em><a href=\"http:\/\/evelyneguzy.be\/WordPress3\/wp-content\/uploads\/2011\/11\/foire-du-livre-2009.jpg\"><img loading=\"lazy\" decoding=\"async\" class=\"size-medium wp-image-71 alignleft\" title=\"foire du livre 2009\" src=\"https:\/\/evelyneguzy.be\/WordPress3\/wp-content\/uploads\/2011\/11\/foire-du-livre-2009-225x300.jpg\" alt=\"\" width=\"225\" height=\"300\" srcset=\"https:\/\/evelyneguzy.be\/WordPress3\/wp-content\/uploads\/2011\/11\/foire-du-livre-2009-225x300.jpg 225w, https:\/\/evelyneguzy.be\/WordPress3\/wp-content\/uploads\/2011\/11\/foire-du-livre-2009.jpg 453w\" sizes=\"auto, (max-width: 225px) 100vw, 225px\" \/><\/a><\/em><\/p>\n<p>Evelyne Guzy a publi\u00e9 trois romans, <em>Dans le sang<\/em>, une anticipation politique, <em>Le martyr de l&rsquo;Etoile<\/em>, un roman noir <i>et La Mal\u00e9diction des Mots<\/i>, \u00e0 la m\u00e9moire de ses grands-parents .<\/p>\n","protected":false},"excerpt":{"rendered":"<p>Evelyne Guzy a publi\u00e9 trois romans, Dans le sang, une anticipation politique, Le martyr de l&rsquo;Etoile, un roman noir et La Mal\u00e9diction des Mots, \u00e0 la m\u00e9moire de ses grands-parents .<\/p>\n","protected":false},"author":1,"featured_media":0,"parent":0,"menu_order":2,"comment_status":"closed","ping_status":"open","template":"","meta":{"footnotes":""},"class_list":["post-33","page","type-page","status-publish","hentry"],"_links":{"self":[{"href":"https:\/\/evelyneguzy.be\/WordPress3\/index.php?rest_route=\/wp\/v2\/pages\/33","targetHints":{"allow":["GET"]}}],"collection":[{"href":"https:\/\/evelyneguzy.be\/WordPress3\/index.php?rest_route=\/wp\/v2\/pages"}],"about":[{"href":"https:\/\/evelyneguzy.be\/WordPress3\/index.php?rest_route=\/wp\/v2\/types\/page"}],"author":[{"embeddable":true,"href":"https:\/\/evelyneguzy.be\/WordPress3\/index.php?rest_route=\/wp\/v2\/users\/1"}],"replies":[{"embeddable":true,"href":"https:\/\/evelyneguzy.be\/WordPress3\/index.php?rest_route=%2Fwp%2Fv2%2Fcomments&post=33"}],"version-history":[{"count":19,"href":"https:\/\/evelyneguzy.be\/WordPress3\/index.php?rest_route=\/wp\/v2\/pages\/33\/revisions"}],"predecessor-version":[{"id":1514,"href":"https:\/\/evelyneguzy.be\/WordPress3\/index.php?rest_route=\/wp\/v2\/pages\/33\/revisions\/1514"}],"wp:attachment":[{"href":"https:\/\/evelyneguzy.be\/WordPress3\/index.php?rest_route=%2Fwp%2Fv2%2Fmedia&parent=33"}],"curies":[{"name":"wp","href":"https:\/\/api.w.org\/{rel}","templated":true}]}}

<p><em><a href="http://evelyneguzy.be/WordPress3/wp-content/uploads/2011/11/foire-du-livre-2009.jpg"><img loading="lazy" decoding="async" class="size-medium wp-image-71 alignleft" title="foire du livre 2009" src="https://evelyneguzy.be/WordPress3/wp-content/uploads/2011/11/foire-du-livre-2009-225x300.jpg" alt="" width="225" height="300" srcset="https://evelyneguzy.be/WordPress3/wp-content/uploads/2011/11/foire-du-livre-2009-225x300.jpg 225w, https://evelyneguzy.be/WordPress3/wp-content/uploads/2011/11/foire-du-livre-2009.jpg 453w" sizes="auto, (max-width: 225px) 100vw, 225px" /></a></em></p>
<p>Evelyne Guzy a publié trois romans, <em>Dans le sang</em>, une anticipation politique, <em>Le martyr de l&rsquo;Etoile</em>, un roman noir <i>et La Malédiction des Mots</i>, à la mémoire de ses grands-parents .</p>

<p>Evelyne Guzy a publié trois romans, Dans le sang, une anticipation politique, Le martyr de l&rsquo;Etoile, un roman noir et La Malédiction des Mots, à la mémoire de ses grands-parents .</p>
