{"id":477,"date":"2012-07-05T03:36:15","date_gmt":"2012-07-05T01:36:15","guid":{"rendered":"http:\/\/evelyneguzy.be\/WordPress3\/?page_id=477"},"modified":"2013-02-21T18:52:36","modified_gmt":"2013-02-21T17:52:36","slug":"formations-en-rhetorique-et-argumentation","status":"publish","type":"page","link":"https:\/\/evelyneguzy.be\/WordPress3\/?page_id=477","title":{"rendered":"Communiquer"},"content":{"rendered":"<div id=\"attachment_483\" style=\"width: 310px\" class=\"wp-caption alignleft\"><a href=\"http:\/\/evelyneguzy.be\/WordPress3\/wp-content\/uploads\/2012\/07\/photo.jpg\"><img loading=\"lazy\" decoding=\"async\" aria-describedby=\"caption-attachment-483\" class=\" wp-image-483\" title=\"photo formations rh\u00e9torique et communication\" src=\"https:\/\/evelyneguzy.be\/WordPress3\/wp-content\/uploads\/2012\/07\/photo-300x199.jpg\" alt=\"\" width=\"300\" height=\"199\" srcset=\"https:\/\/evelyneguzy.be\/WordPress3\/wp-content\/uploads\/2012\/07\/photo-300x199.jpg 300w, https:\/\/evelyneguzy.be\/WordPress3\/wp-content\/uploads\/2012\/07\/photo-450x300.jpg 450w, https:\/\/evelyneguzy.be\/WordPress3\/wp-content\/uploads\/2012\/07\/photo.jpg 604w\" sizes=\"auto, (max-width: 300px) 100vw, 300px\" \/><\/a><p id=\"caption-attachment-483\" class=\"wp-caption-text\">(c) Fran\u00e7oise Devillers<\/p><\/div>\n<p><strong>S&rsquo;EXPRIMER<\/strong><\/p>\n<p>Lorsque\u00a0nous communiquons, tout importe : notre vocabulaire, mais aussi nos gestes, notre ton et notre expression. Un examen ou un concours \u00e0 pr\u00e9senter ? Une pr\u00e9sentation PowerPoint \u00e0 pr\u00e9parer ? Un discours important \u00e0 prononcer ? Evelyne Guzy vous aide non seulement \u00e0 r\u00e9diger votre texte, mais aussi \u00e0 le dire en captivant votre public.<\/p>\n<p><strong>ARGUMENTER<\/strong><\/p>\n<p>Depuis Aristote, la rh\u00e9torique est un outil de persuasion particuli\u00e8rement performant. Evelyne Guzy a mis au point un s\u00e9minaire qui en\u00a0utilise les\u00a0acquis et les met au service des participants. Il se d\u00e9cline \u00e9galement en coaching individuel. Des th\u00e8mes tels que la communication efficace, la mise au point de documents, la prise de contact ainsi que la parole en public sont abord\u00e9s.<\/p>\n<div id=\"attachment_631\" style=\"width: 310px\" class=\"wp-caption alignleft\"><a href=\"http:\/\/evelyneguzy.be\/WordPress3\/wp-content\/uploads\/2013\/01\/fr-IMG_0166.jpg\"><img loading=\"lazy\" decoding=\"async\" aria-describedby=\"caption-attachment-631\" class=\"size-medium wp-image-631\" title=\"fr IMG_0166\" src=\"https:\/\/evelyneguzy.be\/WordPress3\/wp-content\/uploads\/2013\/01\/fr-IMG_0166-300x198.jpg\" alt=\"\" width=\"300\" height=\"198\" srcset=\"https:\/\/evelyneguzy.be\/WordPress3\/wp-content\/uploads\/2013\/01\/fr-IMG_0166-300x198.jpg 300w, https:\/\/evelyneguzy.be\/WordPress3\/wp-content\/uploads\/2013\/01\/fr-IMG_0166-453x300.jpg 453w, https:\/\/evelyneguzy.be\/WordPress3\/wp-content\/uploads\/2013\/01\/fr-IMG_0166.jpg 604w\" sizes=\"auto, (max-width: 300px) 100vw, 300px\" \/><\/a><p id=\"caption-attachment-631\" class=\"wp-caption-text\">(c) Fran\u00e7oise Devillers<\/p><\/div>\n<p><strong>EVOLUER<\/strong><\/p>\n<p>Le d\u00e9sir de mieux communiquer va parfois plus loin encore : travailler en profondeur ses modes de communication, d\u00e9velopper son \u00e9coute, mieux d\u00e9fendre ses id\u00e9es, se sentir plus \u00e0 l&rsquo;aise&#8230; Un coaching personnalis\u00e9 aide \u00e0 mieux se positionner, \u00e0 \u00e9voluer vers une expression plus conforme \u00e0 ses aspirations.<\/p>\n","protected":false},"excerpt":{"rendered":"<p>S&rsquo;EXPRIMER Lorsque\u00a0nous communiquons, tout importe : notre vocabulaire, mais aussi nos gestes, notre ton et notre expression. Un examen ou un concours \u00e0 pr\u00e9senter ? Une pr\u00e9sentation PowerPoint \u00e0 pr\u00e9parer ? Un discours important \u00e0 prononcer ? Evelyne Guzy vous &hellip; <a href=\"https:\/\/evelyneguzy.be\/WordPress3\/?page_id=477\">Continuer la lecture <span class=\"meta-nav\">&rarr;<\/span><\/a><\/p>\n","protected":false},"author":1,"featured_media":0,"parent":200,"menu_order":5,"comment_status":"closed","ping_status":"open","template":"","meta":{"footnotes":""},"class_list":["post-477","page","type-page","status-publish","hentry"],"_links":{"self":[{"href":"https:\/\/evelyneguzy.be\/WordPress3\/index.php?rest_route=\/wp\/v2\/pages\/477","targetHints":{"allow":["GET"]}}],"collection":[{"href":"https:\/\/evelyneguzy.be\/WordPress3\/index.php?rest_route=\/wp\/v2\/pages"}],"about":[{"href":"https:\/\/evelyneguzy.be\/WordPress3\/index.php?rest_route=\/wp\/v2\/types\/page"}],"author":[{"embeddable":true,"href":"https:\/\/evelyneguzy.be\/WordPress3\/index.php?rest_route=\/wp\/v2\/users\/1"}],"replies":[{"embeddable":true,"href":"https:\/\/evelyneguzy.be\/WordPress3\/index.php?rest_route=%2Fwp%2Fv2%2Fcomments&post=477"}],"version-history":[{"count":15,"href":"https:\/\/evelyneguzy.be\/WordPress3\/index.php?rest_route=\/wp\/v2\/pages\/477\/revisions"}],"predecessor-version":[{"id":481,"href":"https:\/\/evelyneguzy.be\/WordPress3\/index.php?rest_route=\/wp\/v2\/pages\/477\/revisions\/481"}],"up":[{"embeddable":true,"href":"https:\/\/evelyneguzy.be\/WordPress3\/index.php?rest_route=\/wp\/v2\/pages\/200"}],"wp:attachment":[{"href":"https:\/\/evelyneguzy.be\/WordPress3\/index.php?rest_route=%2Fwp%2Fv2%2Fmedia&parent=477"}],"curies":[{"name":"wp","href":"https:\/\/api.w.org\/{rel}","templated":true}]}}

<div id="attachment_483" style="width: 310px" class="wp-caption alignleft"><a href="http://evelyneguzy.be/WordPress3/wp-content/uploads/2012/07/photo.jpg"><img loading="lazy" decoding="async" aria-describedby="caption-attachment-483" class=" wp-image-483" title="photo formations rhétorique et communication" src="https://evelyneguzy.be/WordPress3/wp-content/uploads/2012/07/photo-300x199.jpg" alt="" width="300" height="199" srcset="https://evelyneguzy.be/WordPress3/wp-content/uploads/2012/07/photo-300x199.jpg 300w, https://evelyneguzy.be/WordPress3/wp-content/uploads/2012/07/photo-450x300.jpg 450w, https://evelyneguzy.be/WordPress3/wp-content/uploads/2012/07/photo.jpg 604w" sizes="auto, (max-width: 300px) 100vw, 300px" /></a><p id="caption-attachment-483" class="wp-caption-text">(c) Françoise Devillers</p></div>
<p><strong>S&rsquo;EXPRIMER</strong></p>
<p>Lorsque nous communiquons, tout importe : notre vocabulaire, mais aussi nos gestes, notre ton et notre expression. Un examen ou un concours à présenter ? Une présentation PowerPoint à préparer ? Un discours important à prononcer ? Evelyne Guzy vous aide non seulement à rédiger votre texte, mais aussi à le dire en captivant votre public.</p>
<p><strong>ARGUMENTER</strong></p>
<p>Depuis Aristote, la rhétorique est un outil de persuasion particulièrement performant. Evelyne Guzy a mis au point un séminaire qui en utilise les acquis et les met au service des participants. Il se décline également en coaching individuel. Des thèmes tels que la communication efficace, la mise au point de documents, la prise de contact ainsi que la parole en public sont abordés.</p>
<div id="attachment_631" style="width: 310px" class="wp-caption alignleft"><a href="http://evelyneguzy.be/WordPress3/wp-content/uploads/2013/01/fr-IMG_0166.jpg"><img loading="lazy" decoding="async" aria-describedby="caption-attachment-631" class="size-medium wp-image-631" title="fr IMG_0166" src="https://evelyneguzy.be/WordPress3/wp-content/uploads/2013/01/fr-IMG_0166-300x198.jpg" alt="" width="300" height="198" srcset="https://evelyneguzy.be/WordPress3/wp-content/uploads/2013/01/fr-IMG_0166-300x198.jpg 300w, https://evelyneguzy.be/WordPress3/wp-content/uploads/2013/01/fr-IMG_0166-453x300.jpg 453w, https://evelyneguzy.be/WordPress3/wp-content/uploads/2013/01/fr-IMG_0166.jpg 604w" sizes="auto, (max-width: 300px) 100vw, 300px" /></a><p id="caption-attachment-631" class="wp-caption-text">(c) Françoise Devillers</p></div>
<p><strong>EVOLUER</strong></p>
<p>Le désir de mieux communiquer va parfois plus loin encore : travailler en profondeur ses modes de communication, développer son écoute, mieux défendre ses idées, se sentir plus à l&rsquo;aise&#8230; Un coaching personnalisé aide à mieux se positionner, à évoluer vers une expression plus conforme à ses aspirations.</p>

<p>S&rsquo;EXPRIMER Lorsque nous communiquons, tout importe : notre vocabulaire, mais aussi nos gestes, notre ton et notre expression. Un examen ou un concours à présenter ? Une présentation PowerPoint à préparer ? Un discours important à prononcer ? Evelyne Guzy vous &hellip; <a href="https://evelyneguzy.be/WordPress3/?page_id=477">Continuer la lecture <span class="meta-nav">&rarr;</span></a></p>
