{"id":550,"date":"2012-11-20T16:47:27","date_gmt":"2012-11-20T15:47:27","guid":{"rendered":"http:\/\/evelyneguzy.be\/WordPress3\/?page_id=550"},"modified":"2020-01-31T15:18:37","modified_gmt":"2020-01-31T14:18:37","slug":"victor-klemperer-repenser-le-langage-totalitaire","status":"publish","type":"page","link":"https:\/\/evelyneguzy.be\/WordPress3\/?page_id=550","title":{"rendered":"Victor Klemperer. Repenser le langage totalitaire"},"content":{"rendered":"<p><a href=\"http:\/\/evelyneguzy.be\/WordPress3\/wp-content\/uploads\/2012\/11\/6651-1506-Couverture.jpg\"><img loading=\"lazy\" decoding=\"async\" class=\"alignleft size-full wp-image-551\" title=\"6651-1506-Couverture\" src=\"\/WordPress3\/wp-content\/uploads\/2012\/11\/6651-1506-Couverture.jpg\" alt=\"\" width=\"180\" height=\"274\"\/><\/a><\/p>\n<p>&nbsp;<\/p>\n<p>&nbsp;<\/p>\n<p>&nbsp;<\/p>\n<p>&nbsp;<\/p>\n<p>&nbsp;<\/p>\n<p>&nbsp;<\/p>\n<p>&nbsp;<\/p>\n<p><strong><em>\u00ab\u00a0La langue du jihad \u00e0 la lumi\u00e8re de LTI. Une approche rh\u00e9torique\u00a0\u00bb,&nbsp;sous la direction de&nbsp;Laurence Aubry et B\u00e9atrice Turpin, Paris, Ed. du CNRS, coll. \u00ab\u00a0Linguistique\u00a0\u00bb, 2012.<\/em><\/strong><\/p>\n<p><strong>R\u00e9sum\u00e9 de l&rsquo;article<\/strong><\/p>\n<p>Sur la base de l&rsquo;analyse d\u2019\u00e9crits produits par une jihadiste francophone, Evelyne Guzy tente de d\u00e9gager s&rsquo;il existe une filiation entre le langage totalitaire tel que le d\u00e9crit Victor Klemperer et ces textes contemporains.&nbsp;Elle s&rsquo;attache plus particuli\u00e8rement \u00e0 examiner la requalification dont font l\u2019objet certains termes dans le cadre de ces discours radicaux.&nbsp;Dans la foul\u00e9e des travaux du Groupe de recherche et en rh\u00e9torique et en argumentation linguistique,&nbsp;elle tente \u00e9galement de d\u00e9terminer si ces productions discursives s\u2019inscrivent dans une topique contemporaine se fondant sur la D\u00e9claration universelle des Droits de l\u2019homme.<\/p>\n","protected":false},"excerpt":{"rendered":"<p>&nbsp; &nbsp; &nbsp; &nbsp; &nbsp; &nbsp; &nbsp; \u00ab\u00a0La langue du jihad \u00e0 la lumi\u00e8re de LTI. Une approche rh\u00e9torique\u00a0\u00bb,&nbsp;sous la direction de&nbsp;Laurence Aubry et B\u00e9atrice Turpin, Paris, Ed. du CNRS, coll. \u00ab\u00a0Linguistique\u00a0\u00bb, 2012. R\u00e9sum\u00e9 de l&rsquo;article Sur la base de &hellip; <a href=\"https:\/\/evelyneguzy.be\/WordPress3\/?page_id=550\">Continuer la lecture <span class=\"meta-nav\">&rarr;<\/span><\/a><\/p>\n","protected":false},"author":1,"featured_media":0,"parent":175,"menu_order":16,"comment_status":"closed","ping_status":"open","template":"","meta":{"footnotes":""},"class_list":["post-550","page","type-page","status-publish","hentry"],"_links":{"self":[{"href":"https:\/\/evelyneguzy.be\/WordPress3\/index.php?rest_route=\/wp\/v2\/pages\/550","targetHints":{"allow":["GET"]}}],"collection":[{"href":"https:\/\/evelyneguzy.be\/WordPress3\/index.php?rest_route=\/wp\/v2\/pages"}],"about":[{"href":"https:\/\/evelyneguzy.be\/WordPress3\/index.php?rest_route=\/wp\/v2\/types\/page"}],"author":[{"embeddable":true,"href":"https:\/\/evelyneguzy.be\/WordPress3\/index.php?rest_route=\/wp\/v2\/users\/1"}],"replies":[{"embeddable":true,"href":"https:\/\/evelyneguzy.be\/WordPress3\/index.php?rest_route=%2Fwp%2Fv2%2Fcomments&post=550"}],"version-history":[{"count":6,"href":"https:\/\/evelyneguzy.be\/WordPress3\/index.php?rest_route=\/wp\/v2\/pages\/550\/revisions"}],"predecessor-version":[{"id":1386,"href":"https:\/\/evelyneguzy.be\/WordPress3\/index.php?rest_route=\/wp\/v2\/pages\/550\/revisions\/1386"}],"up":[{"embeddable":true,"href":"https:\/\/evelyneguzy.be\/WordPress3\/index.php?rest_route=\/wp\/v2\/pages\/175"}],"wp:attachment":[{"href":"https:\/\/evelyneguzy.be\/WordPress3\/index.php?rest_route=%2Fwp%2Fv2%2Fmedia&parent=550"}],"curies":[{"name":"wp","href":"https:\/\/api.w.org\/{rel}","templated":true}]}}

<p><a href="http://evelyneguzy.be/WordPress3/wp-content/uploads/2012/11/6651-1506-Couverture.jpg"><img loading="lazy" decoding="async" class="alignleft size-full wp-image-551" title="6651-1506-Couverture" src="/WordPress3/wp-content/uploads/2012/11/6651-1506-Couverture.jpg" alt="" width="180" height="274"/></a></p>
<p>&nbsp;</p>
<p>&nbsp;</p>
<p>&nbsp;</p>
<p>&nbsp;</p>
<p>&nbsp;</p>
<p>&nbsp;</p>
<p>&nbsp;</p>
<p><strong><em>« La langue du jihad à la lumière de LTI. Une approche rhétorique »,&nbsp;sous la direction de&nbsp;Laurence Aubry et Béatrice Turpin, Paris, Ed. du CNRS, coll. « Linguistique », 2012.</em></strong></p>
<p><strong>Résumé de l&rsquo;article</strong></p>
<p>Sur la base de l&rsquo;analyse d’écrits produits par une jihadiste francophone, Evelyne Guzy tente de dégager s&rsquo;il existe une filiation entre le langage totalitaire tel que le décrit Victor Klemperer et ces textes contemporains.&nbsp;Elle s&rsquo;attache plus particulièrement à examiner la requalification dont font l’objet certains termes dans le cadre de ces discours radicaux.&nbsp;Dans la foulée des travaux du Groupe de recherche et en rhétorique et en argumentation linguistique,&nbsp;elle tente également de déterminer si ces productions discursives s’inscrivent dans une topique contemporaine se fondant sur la Déclaration universelle des Droits de l’homme.</p>

<p>&nbsp; &nbsp; &nbsp; &nbsp; &nbsp; &nbsp; &nbsp; « La langue du jihad à la lumière de LTI. Une approche rhétorique »,&nbsp;sous la direction de&nbsp;Laurence Aubry et Béatrice Turpin, Paris, Ed. du CNRS, coll. « Linguistique », 2012. Résumé de l&rsquo;article Sur la base de &hellip; <a href="https://evelyneguzy.be/WordPress3/?page_id=550">Continuer la lecture <span class="meta-nav">&rarr;</span></a></p>
