{"id":621,"date":"2013-01-13T18:06:24","date_gmt":"2013-01-13T17:06:24","guid":{"rendered":"http:\/\/evelyneguzy.be\/WordPress3\/?page_id=621"},"modified":"2026-02-18T16:01:57","modified_gmt":"2026-02-18T15:01:57","slug":"rediger","status":"publish","type":"page","link":"https:\/\/evelyneguzy.be\/WordPress3\/?page_id=621","title":{"rendered":"R\u00e9diger"},"content":{"rendered":"\n<p>Evelyne Guzy intervient aupr\u00e8s d&rsquo;un public vari\u00e9, dont elle respecte les sp\u00e9cificit\u00e9s : auteur, \u00e9diteur, institution ou entreprise, chacun b\u00e9n\u00e9ficie d&rsquo;une \u00e9coute attentive et de conseils \u00e9clair\u00e9s.<\/p>\n\n\n\n<h3 class=\"wp-block-heading\"><strong>AUTEUR EN HERBE<\/strong><\/h3>\n\n\n\n<div class=\"wp-block-media-text is-stacked-on-mobile\"><figure class=\"wp-block-media-text__media\"><img loading=\"lazy\" decoding=\"async\" width=\"300\" height=\"199\" src=\"https:\/\/evelyneguzy.be\/WordPress3\/wp-content\/uploads\/2011\/11\/coccinelle1_3-300x199.jpg\" alt=\"\" class=\"wp-image-276 size-full\" srcset=\"https:\/\/evelyneguzy.be\/WordPress3\/wp-content\/uploads\/2011\/11\/coccinelle1_3-300x199.jpg 300w, https:\/\/evelyneguzy.be\/WordPress3\/wp-content\/uploads\/2011\/11\/coccinelle1_3-451x300.jpg 451w, https:\/\/evelyneguzy.be\/WordPress3\/wp-content\/uploads\/2011\/11\/coccinelle1_3.jpg 1024w\" sizes=\"auto, (max-width: 300px) 100vw, 300px\" \/><\/figure><div class=\"wp-block-media-text__content\">\n<p>Les id\u00e9es, \u00e7a vient les id\u00e9es\u2026 mais comment les exprimer ? Certains auteurs ont besoin d\u2019un coup de main pour accoucher de leur oeuvre. Du coaching en \u00e9criture \u00e0 la prise en charge totale du projet sur base d\u2019interviews ou de documents existants, l\u2019intervention d\u2019Evelyne Guzy varie selon les besoins.<\/p>\n<\/div><\/div>\n\n\n\n<p><\/p>\n\n\n\n<div class=\"wp-block-media-text has-media-on-the-right is-stacked-on-mobile\" style=\"grid-template-columns:auto 35%\"><div class=\"wp-block-media-text__content\">\n<p><em>Evelyne Guzy a&nbsp;par exemple&nbsp;collabor\u00e9 \u00e0 l\u2019\u00e9criture du livre de Karine Lalieux<\/em> : Abus sexuels dans l\u2019Eglise. Paroles lib\u00e9r\u00e9es (<em>2012<\/em>).<\/p>\n<\/div><figure class=\"wp-block-media-text__media\"><img loading=\"lazy\" decoding=\"async\" width=\"211\" height=\"300\" src=\"https:\/\/evelyneguzy.be\/WordPress3\/wp-content\/uploads\/2011\/11\/cover-abus2-211x300.jpg\" alt=\"\" class=\"wp-image-469 size-full\" srcset=\"https:\/\/evelyneguzy.be\/WordPress3\/wp-content\/uploads\/2011\/11\/cover-abus2-211x300.jpg 211w, https:\/\/evelyneguzy.be\/WordPress3\/wp-content\/uploads\/2011\/11\/cover-abus2-721x1024.jpg 721w, https:\/\/evelyneguzy.be\/WordPress3\/wp-content\/uploads\/2011\/11\/cover-abus2.jpg 1205w\" sizes=\"auto, (max-width: 211px) 100vw, 211px\" \/><\/figure><\/div>\n\n\n\n<h3 class=\"wp-block-heading\"><strong>EDITEUR EN ENVOL<\/strong><\/h3>\n\n\n\n<div class=\"wp-block-media-text is-stacked-on-mobile\"><figure class=\"wp-block-media-text__media\"><img loading=\"lazy\" decoding=\"async\" width=\"300\" height=\"199\" src=\"https:\/\/evelyneguzy.be\/WordPress3\/wp-content\/uploads\/2011\/11\/libellule1_6-300x199.jpg\" alt=\"\" class=\"wp-image-278 size-full\" srcset=\"https:\/\/evelyneguzy.be\/WordPress3\/wp-content\/uploads\/2011\/11\/libellule1_6-300x199.jpg 300w, https:\/\/evelyneguzy.be\/WordPress3\/wp-content\/uploads\/2011\/11\/libellule1_6-451x300.jpg 451w, https:\/\/evelyneguzy.be\/WordPress3\/wp-content\/uploads\/2011\/11\/libellule1_6.jpg 1024w\" sizes=\"auto, (max-width: 300px) 100vw, 300px\" \/><\/figure><div class=\"wp-block-media-text__content\">\n<p>Evelyne Guzy collabore \u00e0 des projets \u00e9ditoriaux. Elle a notamment rejoint la structure des \u00e9ditions Luc Pire en 2011. Depuis la cr\u00e9ation de Edern Editions, en 2024, elle accompagne, comme \u00e9ditrice, des auteurs de fiction dans la finalisation de leur projet.<\/p>\n<\/div><\/div>\n\n\n\n<p>&nbsp;<em><strong>Pour les \u00e9ditions Luc Pire<\/strong>, elle a contribu\u00e9 \u00e0 la publication d\u2019ouvrages de Philippe Moureaux, Marc Hermant, C\u00e9line Fr\u00e9mault, Paul Magnette, Alain van den Abeele, Isabelle Bary, Charles Ledent, Christian De Bast, Louis Maraite, Xavier Deutsch, Philippe Raxhon\u2026<\/em><\/p>\n\n\n\n<div class=\"wp-block-media-text has-media-on-the-right is-stacked-on-mobile\" style=\"grid-template-columns:auto 31%\"><div class=\"wp-block-media-text__content\">\n<p>Elle a particip\u00e9 \u00e0 la conception de la collection Kiss &amp; Read des Romans de Gare co-\u00e9dit\u00e9s par Luc Pire et la SNCB Holding.<\/p>\n<\/div><figure class=\"wp-block-media-text__media\"><img loading=\"lazy\" decoding=\"async\" width=\"225\" height=\"300\" src=\"https:\/\/evelyneguzy.be\/WordPress3\/wp-content\/uploads\/2011\/11\/affiche-romans-de-gare-FR-web-225x300.jpg\" alt=\"\" class=\"wp-image-356 size-full\" srcset=\"https:\/\/evelyneguzy.be\/WordPress3\/wp-content\/uploads\/2011\/11\/affiche-romans-de-gare-FR-web-225x300.jpg 225w, https:\/\/evelyneguzy.be\/WordPress3\/wp-content\/uploads\/2011\/11\/affiche-romans-de-gare-FR-web.jpg 525w\" sizes=\"auto, (max-width: 225px) 100vw, 225px\" \/><\/figure><\/div>\n\n\n\n<p><em><strong>Pour Edern Editions,<\/strong> elle a accompagn\u00e9 l&rsquo;\u00e9criture des ouvrages de Ludovic Delory, Rapha\u00ebl Dahl, Johan Tojerow, Fabien Philippe Marie<\/em>, Johan Tojerow<em>, Fran\u00e7oise Duesberg, Alan Speller, Yannick Ziegler, Virginie Devillers, Vincent Engel&#8230;<\/em><\/p>\n\n\n\n<p><em><a href=\"https:\/\/www.ederneditions.com\/equipage\/evelyne-guzy\">Voir les livres dirig\u00e9s par \u00c9velyne Guzy comme Aile chez Edern Editions.<\/a><\/em><\/p>\n\n\n\n<div class=\"wp-block-group\"><div class=\"wp-block-group__inner-container is-layout-constrained wp-block-group-is-layout-constrained\"><\/div><\/div>\n\n\n\n<figure class=\"wp-block-gallery has-nested-images columns-default is-cropped wp-block-gallery-1 is-layout-flex wp-block-gallery-is-layout-flex\">\n<figure class=\"wp-block-image size-large\"><a href=\"https:\/\/evelyneguzy.be\/WordPress3\/wp-content\/uploads\/2025\/01\/DAHL-Ralph-Le-Secret-des-Heritiers-C1-3-scaled.jpg\"><img loading=\"lazy\" decoding=\"async\" width=\"683\" height=\"1024\" data-id=\"2129\" src=\"https:\/\/evelyneguzy.be\/WordPress3\/wp-content\/uploads\/2025\/01\/DAHL-Ralph-Le-Secret-des-Heritiers-C1-3-683x1024.jpg\" alt=\"\" class=\"wp-image-2129\" srcset=\"https:\/\/evelyneguzy.be\/WordPress3\/wp-content\/uploads\/2025\/01\/DAHL-Ralph-Le-Secret-des-Heritiers-C1-3-683x1024.jpg 683w, https:\/\/evelyneguzy.be\/WordPress3\/wp-content\/uploads\/2025\/01\/DAHL-Ralph-Le-Secret-des-Heritiers-C1-3-200x300.jpg 200w, https:\/\/evelyneguzy.be\/WordPress3\/wp-content\/uploads\/2025\/01\/DAHL-Ralph-Le-Secret-des-Heritiers-C1-3-768x1152.jpg 768w, https:\/\/evelyneguzy.be\/WordPress3\/wp-content\/uploads\/2025\/01\/DAHL-Ralph-Le-Secret-des-Heritiers-C1-3-1024x1536.jpg 1024w, https:\/\/evelyneguzy.be\/WordPress3\/wp-content\/uploads\/2025\/01\/DAHL-Ralph-Le-Secret-des-Heritiers-C1-3-1365x2048.jpg 1365w, https:\/\/evelyneguzy.be\/WordPress3\/wp-content\/uploads\/2025\/01\/DAHL-Ralph-Le-Secret-des-Heritiers-C1-3-scaled.jpg 1707w\" sizes=\"auto, (max-width: 683px) 100vw, 683px\" \/><\/a><\/figure>\n\n\n\n<figure class=\"wp-block-image size-large\"><a href=\"https:\/\/evelyneguzy.be\/WordPress3\/wp-content\/uploads\/2025\/01\/DELORY-Ludovic-Le-Village-des-impotents-C1-1-scaled.jpg\"><img loading=\"lazy\" decoding=\"async\" width=\"683\" height=\"1024\" data-id=\"2126\" src=\"https:\/\/evelyneguzy.be\/WordPress3\/wp-content\/uploads\/2025\/01\/DELORY-Ludovic-Le-Village-des-impotents-C1-1-683x1024.jpg\" alt=\"\" class=\"wp-image-2126\" srcset=\"https:\/\/evelyneguzy.be\/WordPress3\/wp-content\/uploads\/2025\/01\/DELORY-Ludovic-Le-Village-des-impotents-C1-1-683x1024.jpg 683w, https:\/\/evelyneguzy.be\/WordPress3\/wp-content\/uploads\/2025\/01\/DELORY-Ludovic-Le-Village-des-impotents-C1-1-200x300.jpg 200w, https:\/\/evelyneguzy.be\/WordPress3\/wp-content\/uploads\/2025\/01\/DELORY-Ludovic-Le-Village-des-impotents-C1-1-768x1152.jpg 768w, https:\/\/evelyneguzy.be\/WordPress3\/wp-content\/uploads\/2025\/01\/DELORY-Ludovic-Le-Village-des-impotents-C1-1-1024x1536.jpg 1024w, https:\/\/evelyneguzy.be\/WordPress3\/wp-content\/uploads\/2025\/01\/DELORY-Ludovic-Le-Village-des-impotents-C1-1-1365x2048.jpg 1365w, https:\/\/evelyneguzy.be\/WordPress3\/wp-content\/uploads\/2025\/01\/DELORY-Ludovic-Le-Village-des-impotents-C1-1-scaled.jpg 1707w\" sizes=\"auto, (max-width: 683px) 100vw, 683px\" \/><\/a><\/figure>\n\n\n\n<figure class=\"wp-block-image size-large\"><a href=\"https:\/\/evelyneguzy.be\/WordPress3\/wp-content\/uploads\/2025\/01\/FABIEN-Philippe-Marie-La-Boucle-noire-C1-2-scaled.jpg\"><img loading=\"lazy\" decoding=\"async\" width=\"683\" height=\"1024\" data-id=\"2130\" src=\"https:\/\/evelyneguzy.be\/WordPress3\/wp-content\/uploads\/2025\/01\/FABIEN-Philippe-Marie-La-Boucle-noire-C1-2-683x1024.jpg\" alt=\"\" class=\"wp-image-2130\" srcset=\"https:\/\/evelyneguzy.be\/WordPress3\/wp-content\/uploads\/2025\/01\/FABIEN-Philippe-Marie-La-Boucle-noire-C1-2-683x1024.jpg 683w, https:\/\/evelyneguzy.be\/WordPress3\/wp-content\/uploads\/2025\/01\/FABIEN-Philippe-Marie-La-Boucle-noire-C1-2-200x300.jpg 200w, https:\/\/evelyneguzy.be\/WordPress3\/wp-content\/uploads\/2025\/01\/FABIEN-Philippe-Marie-La-Boucle-noire-C1-2-768x1152.jpg 768w, https:\/\/evelyneguzy.be\/WordPress3\/wp-content\/uploads\/2025\/01\/FABIEN-Philippe-Marie-La-Boucle-noire-C1-2-1024x1536.jpg 1024w, https:\/\/evelyneguzy.be\/WordPress3\/wp-content\/uploads\/2025\/01\/FABIEN-Philippe-Marie-La-Boucle-noire-C1-2-1365x2048.jpg 1365w, https:\/\/evelyneguzy.be\/WordPress3\/wp-content\/uploads\/2025\/01\/FABIEN-Philippe-Marie-La-Boucle-noire-C1-2-scaled.jpg 1707w\" sizes=\"auto, (max-width: 683px) 100vw, 683px\" \/><\/a><\/figure>\n<\/figure>\n\n\n\n<figure class=\"wp-block-gallery has-nested-images columns-default is-cropped wp-block-gallery-2 is-layout-flex wp-block-gallery-is-layout-flex\"><\/figure>\n\n\n\n<div class=\"mceTemp\"><em><\/em><\/div>\n\n\n\n<div class=\"mceTemp\"><\/div>\n\n\n\n<div class=\"mceTemp\"><\/div>\n\n\n\n<div class=\"mceTemp\"><\/div>\n\n\n\n<div class=\"mceTemp\"><\/div>\n\n\n\n<div class=\"mceTemp\"><\/div>\n\n\n\n<h3 class=\"wp-block-heading\"><strong>INSTITUTION EN CONnexion<\/strong><\/h3>\n\n\n\n<div class=\"wp-block-media-text is-stacked-on-mobile\"><figure class=\"wp-block-media-text__media\"><img loading=\"lazy\" decoding=\"async\" width=\"300\" height=\"178\" src=\"https:\/\/evelyneguzy.be\/WordPress3\/wp-content\/uploads\/2011\/11\/4957153366_5e18a27605_z-e1322494540832-300x178.jpg\" alt=\"\" class=\"wp-image-282 size-full\" srcset=\"https:\/\/evelyneguzy.be\/WordPress3\/wp-content\/uploads\/2011\/11\/4957153366_5e18a27605_z-e1322494540832-300x178.jpg 300w, https:\/\/evelyneguzy.be\/WordPress3\/wp-content\/uploads\/2011\/11\/4957153366_5e18a27605_z-e1322494540832.jpg 640w\" sizes=\"auto, (max-width: 300px) 100vw, 300px\" \/><\/figure><div class=\"wp-block-media-text__content\">\n<p>Sp\u00e9cialiste de la vulgarisation, Evelyne Guzy a d\u00e9j\u00e0 trait\u00e9 des th\u00e8mes tels que l\u2019\u00e9galit\u00e9 hommes-femmes, l\u2019\u00e9cole, les sectes, l\u2019am\u00e9nagement du territoire, le logement ou l\u2019internet.<\/p>\n\n\n\n<p><\/p>\n<\/div><\/div>\n\n\n\n<p><em>Elle est notamment intervenue aupr\u00e8s d\u2019institutions comme l\u2019Union europ\u00e9enne, la R\u00e9gion wallonne, la R\u00e9gion de Bruxelles-Capitale, la Communaut\u00e9 fran\u00e7aise, le Fonds du logement wallon, l\u2019Agence wallonne des t\u00e9l\u00e9communications et l\u2019Universit\u00e9 catholique de Louvain.<\/em><\/p>\n\n\n\n<h3 class=\"wp-block-heading\"><strong>ENTREPRISE EN LIEN<\/strong><\/h3>\n\n\n\n<div class=\"wp-block-media-text is-stacked-on-mobile\"><figure class=\"wp-block-media-text__media\"><img loading=\"lazy\" decoding=\"async\" width=\"300\" height=\"225\" src=\"https:\/\/evelyneguzy.be\/WordPress3\/wp-content\/uploads\/2011\/11\/4956540383_b9b68eb694_b-300x225.jpg\" alt=\"\" class=\"wp-image-284 size-full\" srcset=\"https:\/\/evelyneguzy.be\/WordPress3\/wp-content\/uploads\/2011\/11\/4956540383_b9b68eb694_b-300x225.jpg 300w, https:\/\/evelyneguzy.be\/WordPress3\/wp-content\/uploads\/2011\/11\/4956540383_b9b68eb694_b-400x300.jpg 400w, https:\/\/evelyneguzy.be\/WordPress3\/wp-content\/uploads\/2011\/11\/4956540383_b9b68eb694_b.jpg 1024w\" sizes=\"auto, (max-width: 300px) 100vw, 300px\" \/><\/figure><div class=\"wp-block-media-text__content\">\n<p>Evelyne Guzy a mis sa plume au service de diverses soci\u00e9t\u00e9s dans des secteurs vari\u00e9s : <em>Belgacom, Swiss Life, Coface, La Namur, L\u2019Atelier d\u2019Art Urbain, Buro Market et bien d\u2019autres.<\/em><\/p>\n<\/div><\/div>\n\n\n\n<p>&nbsp;<em>Des agences conseils telles que Mc Cann Erikson, Euro RSCG, Expressive, Pavy Conseil, l\u2019Orchestre, The Sales Factory et Transtec lui ont accord\u00e9 leur confiance.<\/em><\/p>\n","protected":false},"excerpt":{"rendered":"<p>Evelyne Guzy intervient aupr\u00e8s d&rsquo;un public vari\u00e9, dont elle respecte les sp\u00e9cificit\u00e9s : auteur, \u00e9diteur, institution ou entreprise, chacun b\u00e9n\u00e9ficie d&rsquo;une \u00e9coute attentive et de conseils \u00e9clair\u00e9s. AUTEUR EN HERBE Les id\u00e9es, \u00e7a vient les id\u00e9es\u2026 mais comment les exprimer &hellip; <a href=\"https:\/\/evelyneguzy.be\/WordPress3\/?page_id=621\">Continuer la lecture <span class=\"meta-nav\">&rarr;<\/span><\/a><\/p>\n","protected":false},"author":1,"featured_media":0,"parent":200,"menu_order":1,"comment_status":"closed","ping_status":"open","template":"","meta":{"footnotes":""},"class_list":["post-621","page","type-page","status-publish","hentry"],"_links":{"self":[{"href":"https:\/\/evelyneguzy.be\/WordPress3\/index.php?rest_route=\/wp\/v2\/pages\/621","targetHints":{"allow":["GET"]}}],"collection":[{"href":"https:\/\/evelyneguzy.be\/WordPress3\/index.php?rest_route=\/wp\/v2\/pages"}],"about":[{"href":"https:\/\/evelyneguzy.be\/WordPress3\/index.php?rest_route=\/wp\/v2\/types\/page"}],"author":[{"embeddable":true,"href":"https:\/\/evelyneguzy.be\/WordPress3\/index.php?rest_route=\/wp\/v2\/users\/1"}],"replies":[{"embeddable":true,"href":"https:\/\/evelyneguzy.be\/WordPress3\/index.php?rest_route=%2Fwp%2Fv2%2Fcomments&post=621"}],"version-history":[{"count":23,"href":"https:\/\/evelyneguzy.be\/WordPress3\/index.php?rest_route=\/wp\/v2\/pages\/621\/revisions"}],"predecessor-version":[{"id":2344,"href":"https:\/\/evelyneguzy.be\/WordPress3\/index.php?rest_route=\/wp\/v2\/pages\/621\/revisions\/2344"}],"up":[{"embeddable":true,"href":"https:\/\/evelyneguzy.be\/WordPress3\/index.php?rest_route=\/wp\/v2\/pages\/200"}],"wp:attachment":[{"href":"https:\/\/evelyneguzy.be\/WordPress3\/index.php?rest_route=%2Fwp%2Fv2%2Fmedia&parent=621"}],"curies":[{"name":"wp","href":"https:\/\/api.w.org\/{rel}","templated":true}]}}