{"id":809,"date":"2014-03-30T11:36:24","date_gmt":"2014-03-30T09:36:24","guid":{"rendered":"http:\/\/evelyneguzy.be\/WordPress3\/?page_id=809"},"modified":"2014-03-30T11:47:01","modified_gmt":"2014-03-30T09:47:01","slug":"kate-milie-noire-jonction","status":"publish","type":"page","link":"https:\/\/evelyneguzy.be\/WordPress3\/?page_id=809","title":{"rendered":"Kate Milie, Noire Jonction"},"content":{"rendered":"<h1>Le 3\/2\/14 :\u00a0<strong>Kate Milie,\u00a0<em>Noire Jonction<\/em><\/strong>, 180\u00b0 Editions. Polar<\/h1>\n<p><strong><img decoding=\"async\" class=\"alignleft\" title=\"cover Noire Jonction Kate Milie\" src=\"http:\/\/marcfvb.files.wordpress.com\/2013\/08\/noire-jonction.jpg\" alt=\"\" width=\"250\" \/><\/strong><\/p>\n<p><strong>180\u00b0 \u00e9ditions<\/strong>\u00a0est une petite maison d\u2019\u00e9dition bruxelloise, dont le catalogue est constitu\u00e9 de beaux-livres. Elle a aussi d\u00e9velopp\u00e9 une collection litt\u00e9raire ax\u00e9e sur notre patrimoine, o\u00f9 on trouve deux des livres de Kate Milie. \u00ab\u00a0<strong>Kate Milie<\/strong>\u00ab\u00a0, c\u2019est un pseudo, on ne sait rien d\u2019elle mais on la voit \u00e0 des rencontres. Elle aime faire partager sa passion de Bruxelles\u2026 En fait, Kate Milie est un personnage, que l\u2019on retrouve dans ses polars. Que du plaisir !<em>\u00a0Noire Jonction<\/em>\u00a0est son 3e roman. Un autre livre a eu son petit succ\u00e8s :\u00a0<em>L\u2019Assassin aime l\u2019Art d\u00e9co,<\/em>\u00a0o\u00f9 on apprend \u00e0 mieux conna\u00eetre la Basilique de Koekelberg, le palais des Beaux-Arts et bien d\u2019autres lieux Art D\u00e9co dans Bruxelles.<\/p>\n<p><em><strong>Noire Jonction<\/strong>\u00a0<\/em>\u00e9voque la\u00a0jonction Nord-Midi. Pour son 60e anniversaire, toutes sortes de festivit\u00e9s sont pr\u00e9vues. Un collectif recrute une jeune guide, Marie, ainsi qu\u2019un \u00e9crivain c\u00e9l\u00e8bre, afin d\u2019assurer l\u2019animation de l\u2019\u00e9v\u00e9nement. Il y aura des visites, des ateliers d\u2019\u00e9criture et m\u00eame un feu d\u2019artifice. Mais divers \u00e9v\u00e9nements inqui\u00e9tants viennent plomber l\u2019atmosph\u00e8re, dans une gradation morbide\u00a0: des poup\u00e9es sanguinolentes jonchent les voies ferr\u00e9es, puis deux femmes sont assassin\u00e9es. Marie, la jeune guide, m\u00e8ne l\u2019enqu\u00eate, alors qu\u2019un autre personnage hante les pages de cette<em>\u00a0Noire Jonction<\/em>\u00a0: Tony, un clochard aux inqui\u00e9tantes obsessions\u2026 Les aventures de Marie et de son collectif d\u2019artistes nous baladent dans le Bruxelles des gares et celui des Marolles. On passe des maisons closes de la rue d\u2019Aerschot au luxe raffin\u00e9 de l\u2019h\u00f4tel M\u00e9ridien ou du M\u00e9tropole. On y apprend par exemple que, si la jonction Nord-Midi a \u00e9t\u00e9 inaugur\u00e9e en 1952, ses premiers plans remontent \u00e0 1840, la Belgique \u00e9tait \u00e0 peine n\u00e9e. Et aussi que le premier train qui roula sur le continent europ\u00e9en partit de Bruxelles pour Malines en 1935. On d\u00e9couvre \u00e9galement qu\u2019il y a eu plusieurs gares du Midi, et bien d\u2019autres choses encore. Au-del\u00e0 de l\u2019enqu\u00eate, c\u2019est de l\u2019histoire d\u2019une ville, la n\u00f4tre, qu\u2019il s\u2019agit, et de la cicatrice qui la d\u00e9figure, celle de la jonction Nord-Midi, symbole le plus tangible de nos bouleversements urbanistiques\u2026 mais aussi de notre aspiration \u00e0 la modernit\u00e9\u00a0: \u00e0 Bruxelles, ce n\u2019est pas un cours d\u2019eau, comme dans bien des grandes villes, qui structure l\u2019espace, mais des rails de m\u00e9tal.<\/p>\n<p>Toutes ces consid\u00e9rations pourraient vous faire penser qu\u2019il s\u2019agit l\u00e0 d\u2019un ouvrage \u00e9difiant, didactique, masqu\u00e9 sous des dehors plaisants. Loin de l\u00e0\u00a0! Noire Jonction, c\u2019est surtout une\u00a0<strong>lecture plaisir.\u00a0<\/strong>Alors pourquoi ? Eh bien, d\u2019abord, il y a le style, imag\u00e9, contemporain, accessible sans pour autant \u00eatre b\u00e2cl\u00e9. Puis les personnages, attachants et cr\u00e9dibles, loin du noir et blanc parfois caricatural de certains personnages de polar. Et l\u2019originalit\u00e9 aussi. Le livre commence d\u2019ailleurs en fanfare : le lecteur se met \u00e0 reluquer, comme s\u2019il y \u00e9tait, les \u00ab\u00a0filles\u00a0\u00bb de la rue d\u2019Aerschot via Google street\u2026 Il y voit la statue d\u2019un ange f\u00e9minin\u2026 pr\u00e9sence incongrue, presque ironique, dans un tel quartier. La narration est rapide et efficace, on ne s\u2019ennuie pas un instant. Elle multiplie les approches et nous tient toujours en \u00e9veil : les narrateurs changent, on lit des dialogues, des \u00e9changes de mails\u2026 Et la fin est tout simplement g\u00e9niale\u00a0! Je ne vous en r\u00e9v\u00e9lerai rien\u2026<\/p>\n<p><strong>La semaine prochaine<\/strong>, si je re\u00e7ois le livre \u00e0 temps de l\u2019\u00e9diteur, je vous parlerai de l\u2019ouvrage de\u00a0<strong>Bernard Dan,<em>\u00a0Le Gar\u00e7on du Rwanda<\/em>,\u00a0<\/strong>paru aux \u00e9ditons de L\u2019Aube. Et si vous avez envie d\u2019en savoir plus sur le livre et l\u2019auteur avant cela, plusieurs\u00a0<strong>pr\u00e9sentations<\/strong>sont pr\u00e9vues, o\u00f9 nous pourrons peut-\u00eatre nous rencontrer : avec Albert Mingelgr\u00fcn, \u00e0 la Librairie La Licorne, le 4 f\u00e9vrier 2014 \u00e0 18 h 30, chauss\u00e9e d\u2019Alsemberg 656, 1180 Bruxelles; \u00a0avec Pascal Laurent \u00e0 la Librairie Filigranes, le 11 f\u00e9vrier 2014 \u00e0 18 h 00, avenue des Arts 39-40, 1040 Bruxelles; avec Jacques De Decker \u00e0 la Biblioth\u00e8que des Riches-Claires, le 14 mars 2014 \u00e0 12h30, rue des Riches Claires 24, 1000 Bruxelles.<\/p>\n<p>Et je voudrais terminer cette petite chronique en r\u00e9percutant\u00a0<strong>une id\u00e9e<\/strong>, lanc\u00e9e par Jean-Claude van Troyen dans<em>\u00a0Le Soir<\/em>\u00a0de ce week-end. Et si on num\u00e9risait la litt\u00e9rature belge et on la mettait gratuitement en ligne en Belgique\u00a0? Cela peut para\u00eetre irr\u00e9aliste, mais le travail a commenc\u00e9, para\u00eet-il. Et si les Norv\u00e9giens l\u2019ont fait, pourquoi pas nous\u00a0? Vous pouvez d\u00e9j\u00e0 trouver 345 livres sur le site des Archives et mus\u00e9e de la litt\u00e9rature\u00a0:\u00a0<strong>aml-cfwb\/numerisation.<\/strong><\/p>\n<div><\/div>\n","protected":false},"excerpt":{"rendered":"<p>Le 3\/2\/14 :\u00a0Kate Milie,\u00a0Noire Jonction, 180\u00b0 Editions. Polar 180\u00b0 \u00e9ditions\u00a0est une petite maison d\u2019\u00e9dition bruxelloise, dont le catalogue est constitu\u00e9 de beaux-livres. Elle a aussi d\u00e9velopp\u00e9 une collection litt\u00e9raire ax\u00e9e sur notre patrimoine, o\u00f9 on trouve deux des livres de &hellip; <a href=\"https:\/\/evelyneguzy.be\/WordPress3\/?page_id=809\">Continuer la lecture <span class=\"meta-nav\">&rarr;<\/span><\/a><\/p>\n","protected":false},"author":1,"featured_media":0,"parent":796,"menu_order":1,"comment_status":"closed","ping_status":"open","template":"","meta":{"footnotes":""},"class_list":["post-809","page","type-page","status-publish","hentry"],"_links":{"self":[{"href":"https:\/\/evelyneguzy.be\/WordPress3\/index.php?rest_route=\/wp\/v2\/pages\/809","targetHints":{"allow":["GET"]}}],"collection":[{"href":"https:\/\/evelyneguzy.be\/WordPress3\/index.php?rest_route=\/wp\/v2\/pages"}],"about":[{"href":"https:\/\/evelyneguzy.be\/WordPress3\/index.php?rest_route=\/wp\/v2\/types\/page"}],"author":[{"embeddable":true,"href":"https:\/\/evelyneguzy.be\/WordPress3\/index.php?rest_route=\/wp\/v2\/users\/1"}],"replies":[{"embeddable":true,"href":"https:\/\/evelyneguzy.be\/WordPress3\/index.php?rest_route=%2Fwp%2Fv2%2Fcomments&post=809"}],"version-history":[{"count":4,"href":"https:\/\/evelyneguzy.be\/WordPress3\/index.php?rest_route=\/wp\/v2\/pages\/809\/revisions"}],"predecessor-version":[{"id":821,"href":"https:\/\/evelyneguzy.be\/WordPress3\/index.php?rest_route=\/wp\/v2\/pages\/809\/revisions\/821"}],"up":[{"embeddable":true,"href":"https:\/\/evelyneguzy.be\/WordPress3\/index.php?rest_route=\/wp\/v2\/pages\/796"}],"wp:attachment":[{"href":"https:\/\/evelyneguzy.be\/WordPress3\/index.php?rest_route=%2Fwp%2Fv2%2Fmedia&parent=809"}],"curies":[{"name":"wp","href":"https:\/\/api.w.org\/{rel}","templated":true}]}}

<h1>Le 3/2/14 : <strong>Kate Milie, <em>Noire Jonction</em></strong>, 180° Editions. Polar</h1>
<p><strong><img decoding="async" class="alignleft" title="cover Noire Jonction Kate Milie" src="http://marcfvb.files.wordpress.com/2013/08/noire-jonction.jpg" alt="" width="250" /></strong></p>
<p><strong>180° éditions</strong> est une petite maison d’édition bruxelloise, dont le catalogue est constitué de beaux-livres. Elle a aussi développé une collection littéraire axée sur notre patrimoine, où on trouve deux des livres de Kate Milie. « <strong>Kate Milie</strong>« , c’est un pseudo, on ne sait rien d’elle mais on la voit à des rencontres. Elle aime faire partager sa passion de Bruxelles… En fait, Kate Milie est un personnage, que l’on retrouve dans ses polars. Que du plaisir !<em> Noire Jonction</em> est son 3e roman. Un autre livre a eu son petit succès : <em>L’Assassin aime l’Art déco,</em> où on apprend à mieux connaître la Basilique de Koekelberg, le palais des Beaux-Arts et bien d’autres lieux Art Déco dans Bruxelles.</p>
<p><em><strong>Noire Jonction</strong> </em>évoque la jonction Nord-Midi. Pour son 60e anniversaire, toutes sortes de festivités sont prévues. Un collectif recrute une jeune guide, Marie, ainsi qu’un écrivain célèbre, afin d’assurer l’animation de l’événement. Il y aura des visites, des ateliers d’écriture et même un feu d’artifice. Mais divers événements inquiétants viennent plomber l’atmosphère, dans une gradation morbide : des poupées sanguinolentes jonchent les voies ferrées, puis deux femmes sont assassinées. Marie, la jeune guide, mène l’enquête, alors qu’un autre personnage hante les pages de cette<em> Noire Jonction</em> : Tony, un clochard aux inquiétantes obsessions… Les aventures de Marie et de son collectif d’artistes nous baladent dans le Bruxelles des gares et celui des Marolles. On passe des maisons closes de la rue d’Aerschot au luxe raffiné de l’hôtel Méridien ou du Métropole. On y apprend par exemple que, si la jonction Nord-Midi a été inaugurée en 1952, ses premiers plans remontent à 1840, la Belgique était à peine née. Et aussi que le premier train qui roula sur le continent européen partit de Bruxelles pour Malines en 1935. On découvre également qu’il y a eu plusieurs gares du Midi, et bien d’autres choses encore. Au-delà de l’enquête, c’est de l’histoire d’une ville, la nôtre, qu’il s’agit, et de la cicatrice qui la défigure, celle de la jonction Nord-Midi, symbole le plus tangible de nos bouleversements urbanistiques… mais aussi de notre aspiration à la modernité : à Bruxelles, ce n’est pas un cours d’eau, comme dans bien des grandes villes, qui structure l’espace, mais des rails de métal.</p>
<p>Toutes ces considérations pourraient vous faire penser qu’il s’agit là d’un ouvrage édifiant, didactique, masqué sous des dehors plaisants. Loin de là ! Noire Jonction, c’est surtout une <strong>lecture plaisir. </strong>Alors pourquoi ? Eh bien, d’abord, il y a le style, imagé, contemporain, accessible sans pour autant être bâclé. Puis les personnages, attachants et crédibles, loin du noir et blanc parfois caricatural de certains personnages de polar. Et l’originalité aussi. Le livre commence d’ailleurs en fanfare : le lecteur se met à reluquer, comme s’il y était, les « filles » de la rue d’Aerschot via Google street… Il y voit la statue d’un ange féminin… présence incongrue, presque ironique, dans un tel quartier. La narration est rapide et efficace, on ne s’ennuie pas un instant. Elle multiplie les approches et nous tient toujours en éveil : les narrateurs changent, on lit des dialogues, des échanges de mails… Et la fin est tout simplement géniale ! Je ne vous en révélerai rien…</p>
<p><strong>La semaine prochaine</strong>, si je reçois le livre à temps de l’éditeur, je vous parlerai de l’ouvrage de <strong>Bernard Dan,<em> Le Garçon du Rwanda</em>, </strong>paru aux éditons de L’Aube. Et si vous avez envie d’en savoir plus sur le livre et l’auteur avant cela, plusieurs <strong>présentations</strong>sont prévues, où nous pourrons peut-être nous rencontrer : avec Albert Mingelgrün, à la Librairie La Licorne, le 4 février 2014 à 18 h 30, chaussée d’Alsemberg 656, 1180 Bruxelles;  avec Pascal Laurent à la Librairie Filigranes, le 11 février 2014 à 18 h 00, avenue des Arts 39-40, 1040 Bruxelles; avec Jacques De Decker à la Bibliothèque des Riches-Claires, le 14 mars 2014 à 12h30, rue des Riches Claires 24, 1000 Bruxelles.</p>
<p>Et je voudrais terminer cette petite chronique en répercutant <strong>une idée</strong>, lancée par Jean-Claude van Troyen dans<em> Le Soir</em> de ce week-end. Et si on numérisait la littérature belge et on la mettait gratuitement en ligne en Belgique ? Cela peut paraître irréaliste, mais le travail a commencé, paraît-il. Et si les Norvégiens l’ont fait, pourquoi pas nous ? Vous pouvez déjà trouver 345 livres sur le site des Archives et musée de la littérature : <strong>aml-cfwb/numerisation.</strong></p>
<div></div>

<p>Le 3/2/14 : Kate Milie, Noire Jonction, 180° Editions. Polar 180° éditions est une petite maison d’édition bruxelloise, dont le catalogue est constitué de beaux-livres. Elle a aussi développé une collection littéraire axée sur notre patrimoine, où on trouve deux des livres de &hellip; <a href="https://evelyneguzy.be/WordPress3/?page_id=809">Continuer la lecture <span class="meta-nav">&rarr;</span></a></p>
