{"id":827,"date":"2014-03-30T11:55:48","date_gmt":"2014-03-30T09:55:48","guid":{"rendered":"http:\/\/evelyneguzy.be\/WordPress3\/?page_id=827"},"modified":"2014-03-30T11:56:42","modified_gmt":"2014-03-30T09:56:42","slug":"nadine-monfils-meme-goes-to-hollywood-bruxelles-lhistoire-et-histoires","status":"publish","type":"page","link":"https:\/\/evelyneguzy.be\/WordPress3\/?page_id=827","title":{"rendered":"Nadine Monfils, M\u00e9m\u00e9 goes to Hollywood &#038; Bruxelles, l&rsquo;Histoire et histoires"},"content":{"rendered":"<h1><strong>Le 10\/3\/14\u00a0: Nadine Monfils,\u00a0<em>M\u00e9m\u00e9 goes to Hollywood<\/em>, Belfond. Inclassable<\/strong><\/h1>\n<p><img decoding=\"async\" class=\"alignleft\" title=\"Cover Nadine Monfils M\u00e9m\u00e9 goes to Hollywood\" src=\"http:\/\/img.over-blog-kiwi.com\/0\/55\/10\/91\/20140301\/ob_71620d_meme-goes-to-hollywood.JPG\" alt=\"\" width=\"250\" \/>Disons-le d\u2019embl\u00e9e\u00a0:\u00a0<em>M\u00e9m\u00e9 goes to Hollywood<\/em>\u00a0est un livre destin\u00e9 \u00e0 la d\u00e9tente, il se lit comme on entonne une chanson grivoise, avec ce petit go\u00fbt d\u2019interdit qui en fait toute la saveur.<\/p>\n<p><strong><em>M\u00e9m\u00e9 goes to Hollywood<\/em><\/strong>\u00a0nous relate les aventures de M\u00e9m\u00e9 Cornemuse, une tueuse en s\u00e9rie d\u00e9voreuse d\u2019hommes. Invit\u00e9e \u00e0 l\u2019\u00e9mission\u00a0<em>Adoptez-moi<\/em>, destin\u00e9e \u00e0 faire recueillir une personne seule par de bonnes \u00e2mes, elle jette son d\u00e9volu sur une famille \u00ab\u00a0pleine aux as\u00a0\u00bb. Elle trouve refuge \u00e0 N\u00e9chin, nouvelle patrie de G\u00e9rard Depardiou, chez les<em>p\u00e9teux<\/em>\u00a0du coin. Son but ultime\u00a0: se rendre \u00e0 Hollywood et y rencontrer son idole\u00a0: Jean-Claude Van Damme. Et pour cela, elle est pr\u00eate \u00e0 tout. Une fois le coffre-fort de monsieur d\u00e9lest\u00e9 de son argent, elle se tire avec la camionnette qu\u2019elle transforme en\u00a0<em>fritkot<\/em>, afin de financer son \u00e9pop\u00e9e. Et nous voil\u00e0 partis sur une route, balis\u00e9e de cadavres\u2026 exquis\u00a0!<\/p>\n<p><strong>Nadine Monfils<\/strong>\u00a0est un auteur \u00e0 succ\u00e8s qui ne se prend pas au s\u00e9rieux. Elle vit \u00e0 Montmartre mais revendique ses origines belges. Elle s\u2019investit d\u2019ailleurs tout particuli\u00e8rement dans la promotion de notre bien-parler\u00a0: des mots courants tels que \u00ab\u00a0<em>crolle<\/em>\u00a0\u00bb, \u00ab\u00a0<em>chicon<\/em>\u00a0\u00bb, \u00ab\u00a0<em>tichke<\/em>\u00a0\u00bb, \u00ab\u00a0<em>slache<\/em>\u00a0\u00bb ou \u00ab\u00a0<em>GSM<\/em>\u00a0\u00bb se trouvent traduits en notes de bas de page de ce\u00a0<em>M\u00e9m\u00e9 goes to Hollywood<\/em>. Et, si vous appr\u00e9ciez l\u2019auteur, sachez qu\u2019elle n\u2019est pas avare de sa plume\u00a0: elle a publi\u00e9 une grosse trentaine d\u2019ouvrages, dont des polars d\u00e9jant\u00e9s \u00e0 l\u2019humour grivois et des livres \u00e9rotiques. A ne pas mettre entre les mains de vos innocents enfants, donc, \u00e0 moins que vous ne vouliez leur d\u00e9voiler des consid\u00e9rations hautement philosophiques du genre (je cite)\u00a0: \u00ab\u00a0Toute la v\u00e9rit\u00e9 se trouve dans le cale\u00e7on. Le reste, c\u2019est que du vent.\u00a0\u00bb<\/p>\n<p>Pour satisfaire vos petits, je vous ai donc d\u00e9nich\u00e9 un autre ouvrage\u2026<\/p>\n<p><strong><em><img loading=\"lazy\" decoding=\"async\" class=\"alignleft\" title=\"Cover Bruxelles l'Histoire en histoires\" src=\"http:\/\/rudivervoort.be\/MP\/wp-content\/uploads\/2014\/02\/LHistoire-en-histoires1-640x300.jpg\" alt=\"\" width=\"384\" height=\"180\" \/>Bruxelles, L\u2019Histoire en histoires<\/em><\/strong>, publi\u00e9 par la R\u00e9gion de Bruxelles-Capitale, est destin\u00e9, selon l\u2019\u00e9diteur, aux enfants \u00ab\u00a0de 10 \u00e0 110 ans\u00a0\u00bb. C\u2019est un joli petit livre richement illustr\u00e9, et pas gnangnan pour un sou. Des origines de Bruxelles, il y a presque mille ans, \u00e0 aujourd\u2019hui, le lecteur fera la connaissance de nos grands personnages comme de nos plus beaux b\u00e2timents. Il trouvera aussi des suggestions de ballades. Une ligne du temps agr\u00e9mente le livre. En vente, pour pas cher, dans toutes les bonnes librairies, comme on dit.<\/p>\n<p>La semaine prochaine, nous parlerons du\u00a0<strong><em>Voyage Corsaire<\/em>\u00a0de Giuseppe Santoloquido<\/strong>, sorti dans une nouvelle maison belge, Ker \u00e9ditions.<\/p>\n","protected":false},"excerpt":{"rendered":"<p>Le 10\/3\/14\u00a0: Nadine Monfils,\u00a0M\u00e9m\u00e9 goes to Hollywood, Belfond. Inclassable Disons-le d\u2019embl\u00e9e\u00a0:\u00a0M\u00e9m\u00e9 goes to Hollywood\u00a0est un livre destin\u00e9 \u00e0 la d\u00e9tente, il se lit comme on entonne une chanson grivoise, avec ce petit go\u00fbt d\u2019interdit qui en fait toute la saveur. &hellip; <a href=\"https:\/\/evelyneguzy.be\/WordPress3\/?page_id=827\">Continuer la lecture <span class=\"meta-nav\">&rarr;<\/span><\/a><\/p>\n","protected":false},"author":1,"featured_media":0,"parent":796,"menu_order":5,"comment_status":"closed","ping_status":"open","template":"","meta":{"footnotes":""},"class_list":["post-827","page","type-page","status-publish","hentry"],"_links":{"self":[{"href":"https:\/\/evelyneguzy.be\/WordPress3\/index.php?rest_route=\/wp\/v2\/pages\/827","targetHints":{"allow":["GET"]}}],"collection":[{"href":"https:\/\/evelyneguzy.be\/WordPress3\/index.php?rest_route=\/wp\/v2\/pages"}],"about":[{"href":"https:\/\/evelyneguzy.be\/WordPress3\/index.php?rest_route=\/wp\/v2\/types\/page"}],"author":[{"embeddable":true,"href":"https:\/\/evelyneguzy.be\/WordPress3\/index.php?rest_route=\/wp\/v2\/users\/1"}],"replies":[{"embeddable":true,"href":"https:\/\/evelyneguzy.be\/WordPress3\/index.php?rest_route=%2Fwp%2Fv2%2Fcomments&post=827"}],"version-history":[{"count":2,"href":"https:\/\/evelyneguzy.be\/WordPress3\/index.php?rest_route=\/wp\/v2\/pages\/827\/revisions"}],"predecessor-version":[{"id":829,"href":"https:\/\/evelyneguzy.be\/WordPress3\/index.php?rest_route=\/wp\/v2\/pages\/827\/revisions\/829"}],"up":[{"embeddable":true,"href":"https:\/\/evelyneguzy.be\/WordPress3\/index.php?rest_route=\/wp\/v2\/pages\/796"}],"wp:attachment":[{"href":"https:\/\/evelyneguzy.be\/WordPress3\/index.php?rest_route=%2Fwp%2Fv2%2Fmedia&parent=827"}],"curies":[{"name":"wp","href":"https:\/\/api.w.org\/{rel}","templated":true}]}}