{"id":874,"date":"2014-03-31T09:34:42","date_gmt":"2014-03-31T07:34:42","guid":{"rendered":"http:\/\/evelyneguzy.be\/WordPress3\/?page_id=874"},"modified":"2014-03-31T18:20:13","modified_gmt":"2014-03-31T16:20:13","slug":"anne-versailles-viola","status":"publish","type":"page","link":"https:\/\/evelyneguzy.be\/WordPress3\/?page_id=874","title":{"rendered":"Anne Versailles, Viola"},"content":{"rendered":"<p><strong>Le 31\/3\/2014\u00a0: Anne Versailles, <em>Viola<\/em>, L\u2019Arbre \u00e0 paroles. R\u00e9cit<\/strong><\/p>\n<p><strong><img decoding=\"async\" class=\"alignleft\" title=\"Anne Versailles viola\" src=\"http:\/\/3.bp.blogspot.com\/-zwnkNbQ7Hoo\/UwHLFFj9TpI\/AAAAAAAABPY\/5rcQZ9X6_M4\/s1600\/Anne+Versailles.jpg\" alt=\"\" width=\"250\" \/>Anne Versailles<\/strong> vit \u00e0 Bruxelles. C\u2019est une artiste multiple, principalement auteur et vid\u00e9aste. C\u2019est aussi une grande marcheuse, et ses pas semblent donner le rythme \u00e0 son \u0153uvre, celui d\u2019un cheminement initiatique.<\/p>\n<p><strong><em>Viola<\/em><\/strong> nous parle d\u2019une femme, chez elle comme en terre inconnue. Elle trouve une lettre. Un mot, un seul mot, un ordre, la fait fuir, loin. Dans une auberge, pr\u00e8s d\u2019une fontaine, elle renonce \u00e0 r\u00e9pondre \u00e0 l\u2019appel. Cela lui est interdit. Pourquoi\u00a0? Et qui est l\u2019auteur des lignes qui la jettent hors d\u2019elle\u00a0? Chaque parole, chaque acte de la narratrice nous est myst\u00e9rieux, et pourtant nous nous sentons proches de son d\u00e9sarroi, de sa perte de rep\u00e8res. Car, sous ses pas qui tournent fou, sous ses pieds qui peuvent marcher, se cache un terrible secret de famille qu\u2019il lui faudra d\u00e9terrer. Pour se retrouver, enfin, et vivre libre. Avec <em>Viola<\/em>, Anne Versailles nous livre un texte po\u00e9tique, dense et perturbant.<\/p>\n<p><em>Viola<\/em> est publi\u00e9 par\u00a0<strong>L\u2019Arbre \u00e0 paroles<\/strong>. C\u2019est le p\u00f4le \u00e9dition de la Maison de la po\u00e9sie d&rsquo;Amay. Elle publie une vingtaine d&rsquo;ouvrages par an, tant d\u2019auteurs belges qu\u2019\u00e9trangers, et se distingue, au niveau international, dans l\u2019\u00e9dition po\u00e9tique. L\u2019Arbre \u00e0 paroles emprunte son nom au vieil arbre \u00e0 palabres africain, \u00e0 l&rsquo;abri duquel chacun raconte ses histoires, r\u00e8gle ses conflits et prend des d\u00e9cisions importantes pour son avenir ou celui de sa communaut\u00e9. La collection <em>If,<\/em>\u00a0qui fait para\u00eetre <em>Viola<\/em>, est dirig\u00e9e par Antoine Wauters, que nous avons d\u00e9j\u00e0 lu dans le cadre de cette chronique. Quant \u00e0 la Maison de la po\u00e9sie d\u2019Amay, elle est men\u00e9e par un personnage central de la vie po\u00e9tique bruxelloise, David Giannoni, dont nous reparlerons au mois de mai\u2026 Cette jeune institution fr\u00e9quent\u00e9e par notre avant-garde po\u00e9tique f\u00eate cette ann\u00e9e ses 50 ans.<\/p>\n<p>Cette semaine, un projet novateur a retenu mon attention. Il s\u2019agit de <strong>Karoo<\/strong>, mis sur pied par l\u2019asbl Indications, qui\u00a0 a un objectif\u00a0: d\u00e9velopper l\u2019esprit critique par la pratique des diff\u00e9rentes disciplines artistiques et du journalisme culturel. Karoo est une plateforme internet qui porte un regard singulier sur la culture. Elle est con\u00e7ue \u00a0par un collectif de r\u00e9dacteurs, amateurs et professionnels. J\u2019y ai par exemple lu un tr\u00e8s bon article sur <em>La rel\u00e8ve de l\u2019\u00e9dition<\/em>, qui pr\u00e9sente des projets innovants men\u00e9s par des <em>start-ups<\/em> encore en voie d\u2019incubation. (<strong>http:\/\/karoo.me<\/strong>.)<\/p>\n<p>Et, pendant que je l\u00e8ve le pied, Marc Hermant vous pr\u00e9sentera les \u00e9ditions Luc Pire et offrira sa lecture de <strong><em>Expo 58<\/em>, de Jonathan Coe<\/strong>,\u00a0paru chez Gallimard. Quant \u00e0 moi, apr\u00e8s les vacances, je vous ferai d\u00e9couvrir <strong>Alain van Crugten <\/strong>(<strong><em>En \u00e9trange province<\/em>, L&rsquo;Age d&rsquo;homme<\/strong>).<\/p>\n<p>&nbsp;<\/p>\n","protected":false},"excerpt":{"rendered":"<p>Le 31\/3\/2014\u00a0: Anne Versailles, Viola, L\u2019Arbre \u00e0 paroles. R\u00e9cit Anne Versailles vit \u00e0 Bruxelles. C\u2019est une artiste multiple, principalement auteur et vid\u00e9aste. C\u2019est aussi une grande marcheuse, et ses pas semblent donner le rythme \u00e0 son \u0153uvre, celui d\u2019un cheminement &hellip; <a href=\"https:\/\/evelyneguzy.be\/WordPress3\/?page_id=874\">Continuer la lecture <span class=\"meta-nav\">&rarr;<\/span><\/a><\/p>\n","protected":false},"author":1,"featured_media":0,"parent":796,"menu_order":8,"comment_status":"closed","ping_status":"open","template":"","meta":{"footnotes":""},"class_list":["post-874","page","type-page","status-publish","hentry"],"_links":{"self":[{"href":"https:\/\/evelyneguzy.be\/WordPress3\/index.php?rest_route=\/wp\/v2\/pages\/874","targetHints":{"allow":["GET"]}}],"collection":[{"href":"https:\/\/evelyneguzy.be\/WordPress3\/index.php?rest_route=\/wp\/v2\/pages"}],"about":[{"href":"https:\/\/evelyneguzy.be\/WordPress3\/index.php?rest_route=\/wp\/v2\/types\/page"}],"author":[{"embeddable":true,"href":"https:\/\/evelyneguzy.be\/WordPress3\/index.php?rest_route=\/wp\/v2\/users\/1"}],"replies":[{"embeddable":true,"href":"https:\/\/evelyneguzy.be\/WordPress3\/index.php?rest_route=%2Fwp%2Fv2%2Fcomments&post=874"}],"version-history":[{"count":6,"href":"https:\/\/evelyneguzy.be\/WordPress3\/index.php?rest_route=\/wp\/v2\/pages\/874\/revisions"}],"predecessor-version":[{"id":881,"href":"https:\/\/evelyneguzy.be\/WordPress3\/index.php?rest_route=\/wp\/v2\/pages\/874\/revisions\/881"}],"up":[{"embeddable":true,"href":"https:\/\/evelyneguzy.be\/WordPress3\/index.php?rest_route=\/wp\/v2\/pages\/796"}],"wp:attachment":[{"href":"https:\/\/evelyneguzy.be\/WordPress3\/index.php?rest_route=%2Fwp%2Fv2%2Fmedia&parent=874"}],"curies":[{"name":"wp","href":"https:\/\/api.w.org\/{rel}","templated":true}]}}