{"id":972,"date":"2014-09-01T15:29:18","date_gmt":"2014-09-01T13:29:18","guid":{"rendered":"http:\/\/evelyneguzy.be\/WordPress3\/?page_id=972"},"modified":"2014-09-01T16:32:16","modified_gmt":"2014-09-01T14:32:16","slug":"stephane-lambert-paris-necropole","status":"publish","type":"page","link":"https:\/\/evelyneguzy.be\/WordPress3\/?page_id=972","title":{"rendered":"St\u00e9phane Lambert, Paris n\u00e9cropole"},"content":{"rendered":"<p><strong>1\/9\/14 : St\u00e9phane Lambert, <em>Paris n\u00e9cropole<\/em>, L\u2019Age d\u2019homme (Contemporains). Roman<\/strong><\/p>\n<p><strong>St\u00e9phane Lambert <\/strong>est une figure importante de la litt\u00e9rature francophone contemporaine. A 39 ans, il est d\u00e9j\u00e0 l\u2019auteur d\u2019une bonne quinzaine d\u2019ouvrages\u00a0: des romans, des r\u00e9cits, des nouvelles, de la po\u00e9sie et des \u00e9crits sur l\u2019Art.<strong> <\/strong>Il est actuellement responsable de la programmation francophone \u00e0 Passa Porta, la maison internationale des litt\u00e9ratures \u00e0 Bruxelles.<\/p>\n<p><img decoding=\"async\" class=\"alignleft\" title=\"Lambert\" src=\"http:\/\/www.lagedhomme.com\/boutique\/images_produits\/paris_necropole.jpg\" alt=\"\" width=\"250\" \/>Son livre<strong><em> Paris n\u00e9cropole<\/em><\/strong> &#8211; Paris ville des morts &#8211; nous plonge dans les tourments de Nathaniel, un \u00e9crivain de 35 ans.<\/p>\n<p>Au sommet de la tour de l\u2019universit\u00e9 de Vilnius, deux hommes se fr\u00f4lent, sans oser se toucher. Une tension na\u00eet, qui habitera tout le r\u00e9cit. Car Nathaniel aime les hommes, et plus particuli\u00e8rement l\u2019un d\u2019eux, Jude, dont la vie s\u2019arr\u00eate en plein vol, lors d\u2019un accident d\u2019avion. Nathaniel d\u00e9cide donc de retourner dans la ville o\u00f9 vivait Jude, Paris. Fascin\u00e9 par les cimeti\u00e8res, il erre de tombes en mus\u00e9es, vouant aux morts \u2013 artistes peintres, po\u00e8tes ou \u00e9crivains \u2013 une adoration quasi mystique.<\/p>\n<p><em>\u00a0<\/em><em>Avec Paris n\u00e9cropole<\/em>, St\u00e9phane Lambert nous offre, dans un <strong>style \u00e9poustouflant<\/strong>, une exploration des sensations \u00e9rotiques et des id\u00e9es morbides, une m\u00e9ditation sur les effets de l\u2019esprit sur le corps. Angoisse, ennui, d\u00e9pression hantent Nathaniel. De longues phrases haletantes \u2013 qui atteignent parfois quatre pages\u00a0! \u2013, des r\u00e9p\u00e9titions obs\u00e9dantes, nous font p\u00e9n\u00e9trer les tourments d\u2019une \u00e2me \u00e0 l\u2019abandon, d\u2019un esprit qui tourne en rond, sans trouver d\u2019issue.<\/p>\n<p>Alors que les pulsions du d\u00e9sir entra\u00eenent Nathaniel vers la vie, sa fascination pour les tombes nourrit sa m\u00e9lancolie. Si elles ne sont jamais cit\u00e9es, les deux divinit\u00e9s grecques jumelles de l\u2019amour et de la mort, <em>\u00c9ros<\/em> et <em>Thanatos<\/em>, habitent en permanence l\u2019\u00e2me de Nathaniel (un nom qui signifie d\u2019ailleurs, en h\u00e9breu, don de Dieu).<\/p>\n<p>Les \u0153uvres d\u2019Art, souvent finement analys\u00e9es, tout comme les livres, tiennent aussi une place de choix dans ce roman, servant de miroir et d\u2019\u00e9cho aux sentiments contradictoires du h\u00e9ros\u00a0: Nathaniel tente p\u00e9niblement de s\u2019extraire du deuil\u2026 tout en s\u2019y plongeant, par moment, avec d\u00e9lice. Trouvera-t-il sa place dans le monde des vivants\u00a0?<\/p>\n<p>On ne peut terminer cette \u00e9mission sans parler de la rentr\u00e9e litt\u00e9raire, omnipr\u00e9sente sur les \u00e9tals de nos libraires. Certaines maisons d\u2019\u00e9dition belges jouent le jeu, comme les \u00e9ditions Luce Wilquin, et je vous parlerai un de ces jours du tr\u00e8s beau livre d\u2019Alain Lallemand, <em>Ma plus belle d\u00e9claration de guerre<\/em>. D\u2019autres pr\u00e9f\u00e8rent se tenir en retrait, de peur parfois de noyer leurs auteurs dans la profusion fran\u00e7aise. Nous les mettons fr\u00e9quemment \u00e0 l\u2019honneur.<\/p>\n<p>Des maisons d\u2019\u00e9dition fran\u00e7aises font aussi para\u00eetre des ouvrages d\u2019auteurs belges, parfois remarquables. Personnellement, je me r\u00e9jouis de lire <em>Troisi\u00e8mes noces<\/em> de Tom Lanoye &#8211; un de nos grands \u00e9crivains flamands &#8211; en traduction aux \u00c9ditions de la Diff\u00e9rence, Caroline De Mulder &#8211; dont j\u2019appr\u00e9cie particuli\u00e8rement la plume rythm\u00e9e &#8211; et son <em>Bye Bye Elvis <\/em>paru chez Actes Sud et le premier roman d\u2019Edwige Jeanmart, <em>Blan\u00e8s<\/em>, \u00e9dit\u00e9 chez Gallimard. On en reparlera\u2026<\/p>\n<p>Mais avant cela, la semaine prochaine, nous aborderons deux ouvrages jumeaux, qui vous offriront une relaxation bien m\u00e9rit\u00e9e apr\u00e8s la rentr\u00e9e. Celui de <strong>V\u00e9ronique Biefnot, <em>L\u00e0 o\u00f9 la lumi\u00e8re se pose<\/em><\/strong>, publi\u00e9 chez<strong> H\u00e9lo\u00efse d\u2019Ormesson <\/strong>et celui de<strong> Francis Dannemark, <em>Aux anges<\/em><\/strong>, paru chez <strong>Robert Laffont<\/strong>. Ces livres pr\u00e9sentent une grande originalit\u00e9\u00a0: vous retrouverez des personnages de l\u2019un dans l\u2019autre\u00a0!<\/p>\n<p>Ecouter la chronique :\u00a0<a href=\"http:\/\/evelyneguzy.be\/WordPress3\/wp-content\/uploads\/2014\/09\/Melting-Pot-010914.mp3\">Melting Pot 010914<\/a><\/p>\n","protected":false},"excerpt":{"rendered":"<p>1\/9\/14 : St\u00e9phane Lambert, Paris n\u00e9cropole, L\u2019Age d\u2019homme (Contemporains). Roman St\u00e9phane Lambert est une figure importante de la litt\u00e9rature francophone contemporaine. A 39 ans, il est d\u00e9j\u00e0 l\u2019auteur d\u2019une bonne quinzaine d\u2019ouvrages\u00a0: des romans, des r\u00e9cits, des nouvelles, de la &hellip; <a href=\"https:\/\/evelyneguzy.be\/WordPress3\/?page_id=972\">Continuer la lecture <span class=\"meta-nav\">&rarr;<\/span><\/a><\/p>\n","protected":false},"author":1,"featured_media":0,"parent":796,"menu_order":17,"comment_status":"closed","ping_status":"open","template":"","meta":{"footnotes":""},"class_list":["post-972","page","type-page","status-publish","hentry"],"_links":{"self":[{"href":"https:\/\/evelyneguzy.be\/WordPress3\/index.php?rest_route=\/wp\/v2\/pages\/972","targetHints":{"allow":["GET"]}}],"collection":[{"href":"https:\/\/evelyneguzy.be\/WordPress3\/index.php?rest_route=\/wp\/v2\/pages"}],"about":[{"href":"https:\/\/evelyneguzy.be\/WordPress3\/index.php?rest_route=\/wp\/v2\/types\/page"}],"author":[{"embeddable":true,"href":"https:\/\/evelyneguzy.be\/WordPress3\/index.php?rest_route=\/wp\/v2\/users\/1"}],"replies":[{"embeddable":true,"href":"https:\/\/evelyneguzy.be\/WordPress3\/index.php?rest_route=%2Fwp%2Fv2%2Fcomments&post=972"}],"version-history":[{"count":3,"href":"https:\/\/evelyneguzy.be\/WordPress3\/index.php?rest_route=\/wp\/v2\/pages\/972\/revisions"}],"predecessor-version":[{"id":974,"href":"https:\/\/evelyneguzy.be\/WordPress3\/index.php?rest_route=\/wp\/v2\/pages\/972\/revisions\/974"}],"up":[{"embeddable":true,"href":"https:\/\/evelyneguzy.be\/WordPress3\/index.php?rest_route=\/wp\/v2\/pages\/796"}],"wp:attachment":[{"href":"https:\/\/evelyneguzy.be\/WordPress3\/index.php?rest_route=%2Fwp%2Fv2%2Fmedia&parent=972"}],"curies":[{"name":"wp","href":"https:\/\/api.w.org\/{rel}","templated":true}]}}