{"id":981,"date":"2014-09-08T18:26:16","date_gmt":"2014-09-08T16:26:16","guid":{"rendered":"http:\/\/evelyneguzy.be\/WordPress3\/?page_id=981"},"modified":"2014-09-08T18:28:58","modified_gmt":"2014-09-08T16:28:58","slug":"veronique-biefnot-la-ou-la-lumiere-se-pose-francis-dannemark-aux-anges","status":"publish","type":"page","link":"https:\/\/evelyneguzy.be\/WordPress3\/?page_id=981","title":{"rendered":"V\u00e9ronique Biefnot, L\u00e0 o\u00f9 la lumi\u00e8re se pose &#038; Francis Dannemark, Aux Anges"},"content":{"rendered":"<p><strong><a href=\"http:\/\/evelyneguzy.be\/WordPress3\/wp-content\/uploads\/2014\/09\/IMG_0460.jpg\"><img decoding=\"async\" class=\" wp-image-983 alignleft\" title=\"V\u00e9ronique Biefnot, Francis Dannemark, Evelyne Guzy\" src=\"https:\/\/evelyneguzy.be\/WordPress3\/wp-content\/uploads\/2014\/09\/IMG_0460-e1410192537468-300x169.jpg\" alt=\"\" width=\"250\" srcset=\"https:\/\/evelyneguzy.be\/WordPress3\/wp-content\/uploads\/2014\/09\/IMG_0460-e1410192537468-300x169.jpg 300w, https:\/\/evelyneguzy.be\/WordPress3\/wp-content\/uploads\/2014\/09\/IMG_0460-e1410192537468-1024x577.jpg 1024w, https:\/\/evelyneguzy.be\/WordPress3\/wp-content\/uploads\/2014\/09\/IMG_0460-e1410192537468.jpg 1925w\" sizes=\"(max-width: 300px) 100vw, 300px\" \/><\/a>8\/9\/14 \u00a0<\/strong>&#8211;\u00a0<span style=\"color: #000000;\">Aujourd\u2019hui nous allons parler de <\/span>deux livres jumeaux<span style=\"color: #000000;\">, \u00e9crits par des auteurs diff\u00e9rents, mais dont les personnages voyagent d\u2019une histoire \u00e0 l\u2019autre. Une id\u00e9e originale, semble-t-il in\u00e9dite en litt\u00e9rature. Ces ouvrages sont pourtant tr\u00e8s dissemblables. Avec <\/span><em style=\"font-weight: bold;\">L\u00e0 o\u00f9 la lumi\u00e8re se pose<\/em><span style=\"color: #000000;\">, <strong>V\u00e9ronique Biefnot<\/strong> boucle une trilogie autour de son h\u00e9ro\u00efne Na\u00eblle, aux prises avec un pass\u00e9 tr\u00e8s sombre dont, gr\u00e2ce \u00e0 l\u2019amour, elle tente petit \u00e0 petit de s\u2019extraire. Dans <\/span><em style=\"font-weight: bold;\">Aux Anges<\/em><span style=\"color: #000000;\">, <strong>Francis Dannemark<\/strong> aborde les aventures de ses h\u00e9ros masculins d\u2019une plume l\u00e9g\u00e8re. L\u2019un comme l\u2019autre, cependant, cherchent pour leurs personnages la voie de l\u2019authenticit\u00e9 qui m\u00e8ne \u00e0 l\u2019\u00e9panouissement&#8230;<\/span><\/p>\n<h1><strong><img loading=\"lazy\" decoding=\"async\" class=\"alignleft\" title=\"Biefnot\" src=\"http:\/\/www.editions-heloisedormesson.com\/wp-content\/uploads\/2014\/04\/eho_biefnot3c.jpg\" alt=\"\" width=\"250\" height=\"365\" \/>V\u00e9ronique Biefnot,\u00a0<em>L\u00e0 o\u00f9 la lumi\u00e8re se pose<\/em>, H\u00e9lo\u00efse d\u2019Ormesson. Roman<\/strong><\/h1>\n<p>Si le nom de<strong> V\u00e9ronique Biefnot<\/strong> ne vous est pas inconnu, c\u2019est qu\u2019elle a d\u00e9j\u00e0 derri\u00e8re elle une belle carri\u00e8re de com\u00e9dienne et de pr\u00e9sentatrice \u00e0 la t\u00e9l\u00e9vision. Artiste polymorphe, elle s\u2019est \u00e9galement illustr\u00e9e comme peintre et metteur-en-sc\u00e8ne. En tant qu\u2019auteur, on lui doit les deux premiers volets de la trilogie que cl\u00f4t <em>L\u00e0 o\u00f9 la lumi\u00e8re se pose<\/em>, <em>Comme des larmes sous la pluie<\/em> et <em>Les Murmures de la terre<\/em>. Ces livres peuvent se lire s\u00e9par\u00e9ment, ce qui lui a demand\u00e9 un travail consid\u00e9rable. Les deux premiers sont disponibles en poche.<\/p>\n<p><strong><em>L\u00e0 o\u00f9 la lumi\u00e8re se pose<\/em><\/strong> se passe tout pr\u00e8s de chez nous, \u00e0 Bruxelles et dans le Brabant wallon. Le livre nous plonge dans l\u2019histoire de Na\u00eblle, une h\u00e9ro\u00efne myst\u00e9rieuse \u00e0 la recherche d\u2019elle-m\u00eame tout comme de sa s\u0153ur, qu\u2019elle a perdue de vue depuis qu\u2019enfant elle a fui la secte o\u00f9 elle a \u00e9t\u00e9 \u00e9lev\u00e9e. Na\u00eblle est dot\u00e9e de pouvoirs quasi-surnaturels\u00a0: en elle vit un autre qu\u2019elle doit sans cesse se concilier. Dans une s\u00e9rie de chapitres denses, presque nerveux, V\u00e9ronique Biefnot d\u00e9ploie une \u00e9criture d\u00e9licate, par moments po\u00e9tique. Tout en explorant le th\u00e8me de la fascination de l\u2019autre, de l\u2019emprise, elle ouvre aussi la voie de l\u2019espoir\u00a0: nous avons tous droit \u00e0 une r\u00e9demption.<\/p>\n<p><strong><img decoding=\"async\" class=\"alignleft\" title=\"Dannemark\" src=\"http:\/\/extranet.editis.com\/it-yonixweb\/IMAGES\/RL\/P3\/9782221141397.jpg\" alt=\"\" width=\"250\" \/>Francis Dannemark,\u00a0<em>Aux anges<\/em>, Robert Laffont. Roman<\/strong><\/p>\n<p><strong><\/strong>Les personnages de <strong><em>Aux anges<\/em><\/strong> de Francis Dannemark ne vivent pas les m\u00eames affres que ceux de V\u00e9ronique Biefnot. Nos deux h\u00e9ros, n\u00e9s dans les ann\u00e9es 60 sont respectivement cadre dirigeant dans une soci\u00e9t\u00e9 et photographe branch\u00e9. Leur vie semble r\u00e9ussie, mais \u00e0 vrai dire, ils s\u2019ennuient. Leurs amours sont atteints par la lassitude, leur m\u00e9tier ne les passionne plus, mais oseront-ils le changement\u00a0? Alors qu\u2019ils ne se sont plus vus depuis des ann\u00e9es, ils se lancent dans un p\u00e9riple en voiture \u00e0 travers la France et ses villages champ\u00eatres. Des conversations intimes, des rencontres incongrues et des situations cocasses rythment leur voyage. Leur histoire pourrait nous arriver et, finalement, nous donne un \u00e9lan d\u2019optimisme.<\/p>\n<p><em>Aux anges <\/em>est le dernier d\u2019une trentaine d\u2019ouvrages qu\u2019a \u00e9crits <strong>Francis Dannemark<\/strong>, une figure marquante de nos lettres. Parmi eux, on compte surtout des fictions et de la po\u00e9sie. Francis Dannemark est aussi \u00e9diteur\u00a0: il a en effet cofond\u00e9 la collection <em>Escales des lettres<\/em> au sein de la maison d\u2019\u00e9dition fran\u00e7aise Le Castor astral. Nous parlerons bient\u00f4t d\u2019un des derniers livres qu\u2019il a \u00e9dit\u00e9s, <em>Feivel le Chinois<\/em>, \u00e9crit par Philippe Smolarski, un Bruxellois.<\/p>\n<p>Mais avant cela, la semaine prochaine, nous aborderons d\u2019un genre m\u00e9connu, le conte, o\u00f9 se sont illustr\u00e9s deux de nos auteurs\u00a0: <strong>Florence Richter<\/strong>\u00a0avec La D\u00e9esse et le Pingouin publi\u00e9 chez Avant-Propos et <strong>David Giannoni <\/strong>avec les Contes de Nod, \u00e9dit\u00e9s par Maelstr\u00f6m R\u00e9Evolution.<\/p>\n<p>Ecouter l&rsquo;interview de V\u00e9ronique Biefnot et Francis Dannemark :\u00a0<a href=\"http:\/\/evelyneguzy.be\/WordPress3\/wp-content\/uploads\/2014\/09\/Melting-Pot-080914.mp3\">Melting Pot 080914<\/a><\/p>\n","protected":false},"excerpt":{"rendered":"<p>8\/9\/14 \u00a0&#8211;\u00a0Aujourd\u2019hui nous allons parler de deux livres jumeaux, \u00e9crits par des auteurs diff\u00e9rents, mais dont les personnages voyagent d\u2019une histoire \u00e0 l\u2019autre. Une id\u00e9e originale, semble-t-il in\u00e9dite en litt\u00e9rature. Ces ouvrages sont pourtant tr\u00e8s dissemblables. Avec L\u00e0 o\u00f9 la &hellip; <a href=\"https:\/\/evelyneguzy.be\/WordPress3\/?page_id=981\">Continuer la lecture <span class=\"meta-nav\">&rarr;<\/span><\/a><\/p>\n","protected":false},"author":1,"featured_media":0,"parent":796,"menu_order":18,"comment_status":"closed","ping_status":"open","template":"","meta":{"footnotes":""},"class_list":["post-981","page","type-page","status-publish","hentry"],"_links":{"self":[{"href":"https:\/\/evelyneguzy.be\/WordPress3\/index.php?rest_route=\/wp\/v2\/pages\/981","targetHints":{"allow":["GET"]}}],"collection":[{"href":"https:\/\/evelyneguzy.be\/WordPress3\/index.php?rest_route=\/wp\/v2\/pages"}],"about":[{"href":"https:\/\/evelyneguzy.be\/WordPress3\/index.php?rest_route=\/wp\/v2\/types\/page"}],"author":[{"embeddable":true,"href":"https:\/\/evelyneguzy.be\/WordPress3\/index.php?rest_route=\/wp\/v2\/users\/1"}],"replies":[{"embeddable":true,"href":"https:\/\/evelyneguzy.be\/WordPress3\/index.php?rest_route=%2Fwp%2Fv2%2Fcomments&post=981"}],"version-history":[{"count":5,"href":"https:\/\/evelyneguzy.be\/WordPress3\/index.php?rest_route=\/wp\/v2\/pages\/981\/revisions"}],"predecessor-version":[{"id":987,"href":"https:\/\/evelyneguzy.be\/WordPress3\/index.php?rest_route=\/wp\/v2\/pages\/981\/revisions\/987"}],"up":[{"embeddable":true,"href":"https:\/\/evelyneguzy.be\/WordPress3\/index.php?rest_route=\/wp\/v2\/pages\/796"}],"wp:attachment":[{"href":"https:\/\/evelyneguzy.be\/WordPress3\/index.php?rest_route=%2Fwp%2Fv2%2Fmedia&parent=981"}],"curies":[{"name":"wp","href":"https:\/\/api.w.org\/{rel}","templated":true}]}}